NOAA-Style Climate Reports

Select a Year or Month report
2018: Jan Feb Mar Apr May Jun Jul Aug Sep Oct Nov Dec
2017: Jan Feb Mar Apr May Jun Jul Aug Sep Oct Nov Dec
2016: Jan Feb Mar Apr May Jun Jul Aug Sep Oct Nov Dec
2015: Jan Feb Mar Apr May Jun Jul Aug Sep Oct Nov Dec
2014: Jan Feb Mar Apr May Jun Jul Aug Sep Oct Nov Dec
2013: Jan Feb Mar Apr May Jun Jul Aug Sep Oct Nov Dec
2012: Jan Feb Mar Apr May Jun Jul Aug Sep Oct Nov Dec
2011: Jan Feb Mar Apr May Jun Jul Aug Sep Oct Nov Dec
2010: Jan Feb Mar Apr May Jun Jul Aug Sep Oct Nov Dec
2009: Jan Feb Mar Apr May Jun Jul Aug Sep Oct Nov Dec
2008: Jan Feb Mar Apr May Jun Jul Aug Sep Oct Nov Dec
2007: Jan Feb Mar Apr May Jun Jul Aug Sep Oct Nov Dec
2006: Jan Feb Mar Apr May Jun Jul Aug Sep Oct Nov Dec
2005: Jan Feb Mar Apr May Jun Jul Aug Sep Oct Nov Dec
2004: Jan Feb Mar Apr May Jun Jul Aug Sep Oct Nov Dec
2003: Jan Feb Mar Apr May Jun Jul Aug Sep Oct Nov Dec
2002: Jan Feb Mar Apr May Jun Jul Aug Sep Oct Nov Dec
2001: Jan Feb Mar Apr May Jun Jul Aug Sep Oct Nov Dec
2000: Jan Feb Mar Apr May Jun Jul Aug Sep Oct Nov Dec
1999: Jan Feb Mar Apr May Jun Jul Aug Sep Oct Nov Dec
1998: Jan Feb Mar Apr May Jun Jul Aug Sep Oct Nov Dec
1997: Jan Feb Mar Apr May Jun Jul Aug Sep Oct Nov Dec
1996: Jan Feb Mar Apr May Jun Jul Aug Sep Oct Nov Dec
1995: Jan Feb Mar Apr May Jun Jul Aug Sep Oct Nov Dec
1994: Jan Feb Mar Apr May Jun Jul Aug Sep Oct Nov Dec
1993: Jan Feb Mar Apr May Jun Jul Aug Sep Oct Nov Dec
1992: Jan Feb Mar Apr May Jun Jul Aug Sep Oct Nov Dec
1991: Jan Feb Mar Apr May Jun Jul Aug Sep Oct Nov Dec
1990: Jan Feb Mar Apr May Jun Jul Aug Sep Oct Nov Dec
1989: Jan Feb Mar Apr May Jun Jul Aug Sep Oct Nov Dec
1988: Jan Feb Mar Apr May Jun Jul Aug Sep Oct Nov Dec
1987: Jan Feb Mar Apr May Jun Jul Aug Sep Oct Nov Dec
1986: Jan Feb Mar Apr May Jun Jul Aug Sep Oct Nov Dec

Report for 2003 September
                  MONTHLY CLIMATOLOGICAL SUMMARY FOR 9/2003
                                        HEAT  COOL        
     MEAN                               DEG   DEG       WIND SPEED       DOM MEAN  MEAN
DAY  TEMP  HIGH   TIME     LOW   TIME   DAYS  DAYS RAIN AVG  HI  TIME    DIR BAROM HUM
---------------------------------------------------------------------------------------
1    62.7  78.1  4:53pm   53.1  5:53am   0.0  5.4  0.00   6  12  00:00   SSE  28.9 58.6
2    66.1  84.9  2:53pm   54.0  6:53am   0.0 10.5  0.25  17  33  00:00     S  29.1 56.0
3    58.5  66.9  4:53pm   55.0  5:53am   2.3  0.0  0.00   7  14  00:00    SW  29.0 70.6
4    62.8  80.1  2:53pm   50.0  5:53am   0.0  6.5  0.00   7  14  00:00   SSE  28.9 54.8
5    67.5  82.9  2:53pm   55.9  4:53am   0.0 10.2  0.00   8  15  00:00   SSW  28.8 44.8
6    64.2  73.0 12:53pm   61.0  2:53am   0.0  3.6  0.00   5   9  00:00   WSW  28.8 49.0
7    58.2  66.9  4:53pm   55.9  3:53am   2.4  0.0  0.29   6  12  00:00     W  28.9 71.9
8    64.6  80.1  4:53pm   50.0  5:53am   0.0  7.4  0.00  23  45  00:00   SSW  28.7 48.8
9    62.6  73.9 12:53pm   57.2  8:17am   0.0  3.3  0.00  17  32  00:00   SSW  28.7 47.9
10   59.5  73.0  2:53pm   46.0 11:53pm   0.0  1.3  0.00  16  30  00:00     S  28.7 42.4
11   51.2  64.9  5:53pm   43.0  2:53am   6.9  0.0  0.00   6  10  00:00   SSW  28.9 53.0
12   59.3  78.1  2:53pm   45.0 11:53pm   0.0  3.7  0.00  21  41  00:00   ENE  28.8 40.1
13   42.1  46.9  2:53pm   36.0 11:53pm  20.5  0.0  0.00   6  12  00:00    SE  29.2 68.8
14   48.2  70.0  3:53pm   34.0  2:53am   5.9  0.0  0.00   8  15  00:00   SSW  29.1 53.6
15     60  80.1  3:53pm   42.1  3:53am   0.0  5.1  0.00   6  10  00:00    SE  28.8 28.9
16   66.7  84.9  2:53pm   52.0  2:53am   0.0 10.8  0.00  14  28  00:00    SW  28.6 21.3
17   57.5  84.0  1:53pm   36.0 11:53pm   0.0  5.8  0.07  24  46  00:00   SSE  28.8 49.1
18   41.2  57.0  4:53pm   35.1  2:53am  15.9  0.0  0.00   6  12  00:00   ENE  29.3 63.6
19   52.3  71.1  3:53pm   35.1  5:53am   3.3  0.0  0.00   7  14  00:00   SSE  28.9 39.3
20   58.5  75.0  3:53pm   44.1  6:53am   0.0  1.8  0.00  18  35  00:00   SSW  28.8 30.4
21   56.4  73.4  4:08pm   42.1  5:53am   0.1  0.0  0.00  10  18  00:00   SSW  28.9 38.5
22   56.5  78.1  2:53pm   37.9  6:53am   0.0  2.3  0.00   8  15  00:00   SSE  28.9 43.0
23   63.5  84.9  2:53pm   46.0  5:53am   0.0  9.2  0.00   6  12  00:00   SSE  28.7 26.0
24   54.1  66.9  2:53pm   46.9 11:53pm   4.5  0.0  0.00   6  13  00:00   SSE  28.9 37.9
25   62.8  82.9  1:53pm   43.0  6:53am   0.0  7.9  0.00   8  15  00:00     S  28.7 27.5
26     61  77.0  3:53pm   48.0 11:53pm   0.0  4.0  0.00  12  22  00:00   ESE  28.7 30.0
27   52.3  70.0  3:53pm   37.9  4:53am   3.8  0.0  0.00   6  12  00:00    SE  29.0 45.9
28   51.6  69.1  4:53pm   36.0  5:53am   4.6  0.0  0.00   6  12  00:00     S  29.0 42.1
29   49.7  63.0  2:53pm   39.0  5:53am   8.6  0.0  0.00  10  20  00:00     W  28.9 50.5
30   42.5  50.0  4:53pm   37.0  5:53am  18.7  0.0  0.00  11  21  00:00   SSE  29.2 72.6