NOAA-Style Climate Reports

Select a Year or Month report
2018: Jan Feb Mar Apr May Jun Jul Aug Sep Oct Nov Dec
2017: Jan Feb Mar Apr May Jun Jul Aug Sep Oct Nov Dec
2016: Jan Feb Mar Apr May Jun Jul Aug Sep Oct Nov Dec
2015: Jan Feb Mar Apr May Jun Jul Aug Sep Oct Nov Dec
2014: Jan Feb Mar Apr May Jun Jul Aug Sep Oct Nov Dec
2013: Jan Feb Mar Apr May Jun Jul Aug Sep Oct Nov Dec
2012: Jan Feb Mar Apr May Jun Jul Aug Sep Oct Nov Dec
2011: Jan Feb Mar Apr May Jun Jul Aug Sep Oct Nov Dec
2010: Jan Feb Mar Apr May Jun Jul Aug Sep Oct Nov Dec
2009: Jan Feb Mar Apr May Jun Jul Aug Sep Oct Nov Dec
2008: Jan Feb Mar Apr May Jun Jul Aug Sep Oct Nov Dec
2007: Jan Feb Mar Apr May Jun Jul Aug Sep Oct Nov Dec
2006: Jan Feb Mar Apr May Jun Jul Aug Sep Oct Nov Dec
2005: Jan Feb Mar Apr May Jun Jul Aug Sep Oct Nov Dec
2004: Jan Feb Mar Apr May Jun Jul Aug Sep Oct Nov Dec
2003: Jan Feb Mar Apr May Jun Jul Aug Sep Oct Nov Dec
2002: Jan Feb Mar Apr May Jun Jul Aug Sep Oct Nov Dec
2001: Jan Feb Mar Apr May Jun Jul Aug Sep Oct Nov Dec
2000: Jan Feb Mar Apr May Jun Jul Aug Sep Oct Nov Dec
1999: Jan Feb Mar Apr May Jun Jul Aug Sep Oct Nov Dec
1998: Jan Feb Mar Apr May Jun Jul Aug Sep Oct Nov Dec
1997: Jan Feb Mar Apr May Jun Jul Aug Sep Oct Nov Dec
1996: Jan Feb Mar Apr May Jun Jul Aug Sep Oct Nov Dec
1995: Jan Feb Mar Apr May Jun Jul Aug Sep Oct Nov Dec
1994: Jan Feb Mar Apr May Jun Jul Aug Sep Oct Nov Dec
1993: Jan Feb Mar Apr May Jun Jul Aug Sep Oct Nov Dec
1992: Jan Feb Mar Apr May Jun Jul Aug Sep Oct Nov Dec
1991: Jan Feb Mar Apr May Jun Jul Aug Sep Oct Nov Dec
1990: Jan Feb Mar Apr May Jun Jul Aug Sep Oct Nov Dec
1989: Jan Feb Mar Apr May Jun Jul Aug Sep Oct Nov Dec
1988: Jan Feb Mar Apr May Jun Jul Aug Sep Oct Nov Dec
1987: Jan Feb Mar Apr May Jun Jul Aug Sep Oct Nov Dec
1986: Jan Feb Mar Apr May Jun Jul Aug Sep Oct Nov Dec

Report for 2003 October
                  MONTHLY CLIMATOLOGICAL SUMMARY FOR 10/2003
                                        HEAT  COOL        
     MEAN                               DEG   DEG       WIND SPEED       DOM MEAN  MEAN
DAY  TEMP  HIGH   TIME     LOW   TIME   DAYS  DAYS RAIN AVG  HI  TIME    DIR BAROM HUM
---------------------------------------------------------------------------------------
1    47.8  63.0  4:53pm   36.0  3:53am   9.6  0.0  0.00   6  12  00:00   WSW  29.1 66.0
2    55.4  71.1  1:53pm   48.0  1:53am   1.7  0.0  0.00   7  14  00:00     W  28.8 55.6
3    52.4  61.0  4:53pm   51.1 10:53pm   8.3  0.0  0.00   5   9  00:00   WSW  28.8 49.1
4    53.4  66.0  4:53pm   46.0 11:53pm   5.3  0.0  0.00   8  15  00:00   SSE  28.8 53.3
5    56.6  73.9  3:53pm   43.0  3:53am   0.0  0.3  0.00   5   9  00:00     S  28.8 44.2
6    58.3  73.9  3:53pm   48.9  7:53am   0.0  1.1  0.00   6  10  00:00   SSW  28.8 30.3
7    59.8  77.0  3:53pm   48.0  2:53am   0.0  3.4  0.00   7  14  00:00     S  28.6 31.2
8    60.3  78.1  1:53pm   48.9  4:53am   0.0  4.2  0.00   6  10  00:00   SSW  28.7 31.5
9    64.9  82.0  3:53pm   50.0  3:53am   0.0  8.5  0.00   8  15  00:00     S  28.6 26.1
10   65.1  80.1  2:53pm   52.0 11:53pm   0.0  7.6  0.00  18  36  00:00     S  28.5 28.9
11   46.2  57.9  3:53pm   36.0  6:53am  12.9  0.0  0.00   8  15  00:00    SE  28.9 48.3
12   56.9  78.1  3:53pm   41.0  3:53am   0.0  2.5  0.00  10  18  00:00     S  28.7 22.1
13   46.2  60.1  2:53pm   35.1 11:53pm  11.8  0.0  0.00  20  38  00:00     W  28.9 34.4
14   45.4  63.0  2:53pm   32.0  6:53am  10.8  0.0  0.00  10  18  00:00   SSE  28.9 31.2
15   51.9  69.1  2:53pm   41.0  2:53am   4.5  0.0  0.00   9  17  00:00    SE  28.8 19.2
16   53.3  72.0  1:53pm   44.1  7:53am   2.3  0.0  0.00  16  30  00:00    SE  28.9 25.3
17   59.4  80.1  2:53pm   41.0  2:53am   0.0  4.8  0.00   6  12  00:00     S  29.0 25.2
18   62.2  82.9  1:53pm   48.0 12:53am   0.0  7.6  0.00   7  13  00:00   SSW  29.0 19.8
19   62.3  84.0  3:53pm   46.0  1:53am   0.0  8.2  0.00   5   9  00:00   SSW  28.9 15.7
20   58.2  75.9  1:53pm   45.0  6:53am   0.0  2.1  0.00   7  13  00:00    SE  29.0 18.6
21   60.8  80.1 12:53pm   48.9  4:53am   0.0  5.5  0.00  10  20  00:00    SE  29.0 19.0
22   61.1  82.0  2:53pm   50.0  1:53am   0.0  6.6  0.00   5   9  00:00     S  28.9 20.6
23   60.6  82.0  1:53pm   46.0  4:53am   0.0  6.3  0.00   6  10  00:00   SSW  28.7 19.2
24     48  57.0  2:53pm   39.0 11:53pm  12.5  0.0  0.00   7  14  00:00     E  28.9 31.0
25   34.7  46.0  1:53pm   26.1 10:53pm  24.6  0.0  0.00  10  18  00:00   SSE  29.3 48.8
26   45.4  61.0  1:53pm   28.0 12:53am  11.8  0.0  0.00   7  14  00:00     W  29.1 27.4
27   55.8  68.0 12:53pm   44.1  1:53am   3.1  0.0  0.00  18  35  00:00     W  28.7 26.3
28   47.6  64.0 11:53pm   37.0  5:53am   9.2  0.0  0.00  17  32  00:00    SE  28.7 45.4
29   62.4  81.0 12:53pm   43.0 11:53pm   0.0  6.7  0.00  20  39  00:00     W  28.4 24.3
30   28.6  41.0 12:53am   26.1  9:53am  30.2  0.0  0.01   7  14  00:00    NE  29.1 90.0
31   25.5  28.9 11:53pm   24.1  6:53am  37.8  0.0  0.00   5   9  00:00   WSW  29.5 92.6