NOAA-Style Climate Reports

Select a Year or Month report
2018: Jan Feb Mar Apr May Jun Jul Aug Sep Oct Nov Dec
2017: Jan Feb Mar Apr May Jun Jul Aug Sep Oct Nov Dec
2016: Jan Feb Mar Apr May Jun Jul Aug Sep Oct Nov Dec
2015: Jan Feb Mar Apr May Jun Jul Aug Sep Oct Nov Dec
2014: Jan Feb Mar Apr May Jun Jul Aug Sep Oct Nov Dec
2013: Jan Feb Mar Apr May Jun Jul Aug Sep Oct Nov Dec
2012: Jan Feb Mar Apr May Jun Jul Aug Sep Oct Nov Dec
2011: Jan Feb Mar Apr May Jun Jul Aug Sep Oct Nov Dec
2010: Jan Feb Mar Apr May Jun Jul Aug Sep Oct Nov Dec
2009: Jan Feb Mar Apr May Jun Jul Aug Sep Oct Nov Dec
2008: Jan Feb Mar Apr May Jun Jul Aug Sep Oct Nov Dec
2007: Jan Feb Mar Apr May Jun Jul Aug Sep Oct Nov Dec
2006: Jan Feb Mar Apr May Jun Jul Aug Sep Oct Nov Dec
2005: Jan Feb Mar Apr May Jun Jul Aug Sep Oct Nov Dec
2004: Jan Feb Mar Apr May Jun Jul Aug Sep Oct Nov Dec
2003: Jan Feb Mar Apr May Jun Jul Aug Sep Oct Nov Dec
2002: Jan Feb Mar Apr May Jun Jul Aug Sep Oct Nov Dec
2001: Jan Feb Mar Apr May Jun Jul Aug Sep Oct Nov Dec
2000: Jan Feb Mar Apr May Jun Jul Aug Sep Oct Nov Dec
1999: Jan Feb Mar Apr May Jun Jul Aug Sep Oct Nov Dec
1998: Jan Feb Mar Apr May Jun Jul Aug Sep Oct Nov Dec
1997: Jan Feb Mar Apr May Jun Jul Aug Sep Oct Nov Dec
1996: Jan Feb Mar Apr May Jun Jul Aug Sep Oct Nov Dec
1995: Jan Feb Mar Apr May Jun Jul Aug Sep Oct Nov Dec
1994: Jan Feb Mar Apr May Jun Jul Aug Sep Oct Nov Dec
1993: Jan Feb Mar Apr May Jun Jul Aug Sep Oct Nov Dec
1992: Jan Feb Mar Apr May Jun Jul Aug Sep Oct Nov Dec
1991: Jan Feb Mar Apr May Jun Jul Aug Sep Oct Nov Dec
1990: Jan Feb Mar Apr May Jun Jul Aug Sep Oct Nov Dec
1989: Jan Feb Mar Apr May Jun Jul Aug Sep Oct Nov Dec
1988: Jan Feb Mar Apr May Jun Jul Aug Sep Oct Nov Dec
1987: Jan Feb Mar Apr May Jun Jul Aug Sep Oct Nov Dec
1986: Jan Feb Mar Apr May Jun Jul Aug Sep Oct Nov Dec

Report for 2003 November
                  MONTHLY CLIMATOLOGICAL SUMMARY FOR 11/2003
                                        HEAT  COOL        
     MEAN                               DEG   DEG       WIND SPEED       DOM MEAN  MEAN
DAY  TEMP  HIGH   TIME     LOW   TIME   DAYS  DAYS RAIN AVG  HI  TIME    DIR BAROM HUM
---------------------------------------------------------------------------------------
1    30.7  34.0 10:53pm   26.6  3:00am  32.6  0.0  0.13   4   7  00:00   NNW  29.3 89.3
2    34.5  37.9 11:53am   33.8 12:10am  28.8  0.0  0.07   4   7  00:00   ESE  29.1 91.1
3    34.9  37.9  9:53am   33.8  7:17am  28.6  0.0  0.01   7  14  00:00     S  29.0 94.1
4    34.5  48.0 12:53pm   27.0  6:53am  23.7  0.0  0.00  10  18  00:00    SE  29.0 63.8
5    28.8  35.1 12:53pm   26.1  2:53am  33.0  0.0  0.00   6  10  00:00   WSW  29.4 84.3
6    28.5  34.0 12:53pm   23.0  4:53am  33.7  0.0  0.00   5   9  00:00     S  29.4 81.0
7    35.2  46.9  2:53pm   30.0  3:53am  23.9  0.0  0.00   6  10  00:00   SSW  29.1 64.4
8    38.5  55.0  1:53pm   32.0  3:53am  18.2  0.0  0.00   6  12  00:00    SE  29.0 58.6
9    40.7  59.0  1:53pm   32.0  3:53am  15.1  0.0  0.00   6  10  00:00     S  28.9 53.0
10   45.7  60.1 11:53am   35.1  1:53am  12.1  0.0  0.00   8  15  00:00    SW  28.7 43.9
11 -433.3  59.0 12:53pm-9999.0  3:53am 252.2  0.0  0.00  18  36  00:00   WSW  28.6 31.8
12   35.6  46.4  3:53am   31.1  6:53am  24.0  0.0  0.00  13  25  00:00   SSW  29.0 45.4
13   42.3  54.0  4:53pm   33.1  1:53am  16.8  0.0  0.00  19  37  00:00   SSW  28.9 50.1
14   42.8  57.0  1:53pm   30.9 10:53pm  15.1  0.0  0.00  12  23  00:00   WSW  28.7 38.7
15     37  54.0  2:53pm   28.0  5:53am  19.5  0.0  0.00   6  10  00:00   SSW  28.6 40.8
16   36.8  53.1  2:53pm   25.0  5:53am  20.0  0.0  0.00   7  14  00:00   SSE  28.7 41.6
17   38.8  53.1 12:53pm   33.1  9:53pm  19.0  0.0  0.00  20  38  00:00   WNW  28.5 34.6
18 -439.1  54.0  2:53pm-9999.0 11:03am 257.6  0.0  0.00  14  28  00:00   WNW-449.0 27.0
19   49.9  68.0  1:53pm   32.0  2:53am   6.0  0.0  0.00   7  14  00:00   SSW  28.9 19.9
20   50.7  71.1  1:53pm   30.9 11:53pm   4.1  0.0  0.00  10  20  00:00    SE  28.5 17.2
21     28  39.9 12:53pm   21.2  3:42am  31.0  0.0  0.00   7  13  00:00   WSW  28.7 66.4
22   17.4  28.0  5:53am    3.0 11:53pm  42.3  0.0  0.00  14  29  00:00   SSW  28.9 77.7
23    9.9  21.0 12:53pm   -5.1  2:53am  49.5  0.0  0.00  12  22  00:00    SW  29.1 56.2
24   34.4  53.1  8:53pm    9.0  1:53am  21.2  0.0  0.00   6  12  00:00     S  28.7 37.4
25   32.7  48.0  1:53am   21.0 11:53pm  24.6  0.0  0.00  14  28  00:00   SSW  28.4 45.4
26     29  39.0 11:53am   19.0  4:53am  31.0  0.0  0.00  13  27  00:00   SSW  28.7 50.9
27   24.2  35.1 12:53pm   15.1  6:53am  35.3  0.0  0.00   9  16  00:00     W  29.2 43.5
28   35.3  53.1  1:53pm   16.0  5:53am  20.8  0.0  0.00   8  15  00:00     S  29.1 28.9
29   50.1  66.9  1:53pm   36.0  5:53am   6.5  0.0  0.00   6  12  00:00    SW  28.7 26.9
30   45.7  63.0 12:53pm   33.1 10:53pm  10.6  0.0  0.00  12  23  00:00   SSE  28.9 51.3