NOAA-Style Climate Reports

Select a Year or Month report
2018: Jan Feb Mar Apr May Jun Jul Aug Sep Oct Nov Dec
2017: Jan Feb Mar Apr May Jun Jul Aug Sep Oct Nov Dec
2016: Jan Feb Mar Apr May Jun Jul Aug Sep Oct Nov Dec
2015: Jan Feb Mar Apr May Jun Jul Aug Sep Oct Nov Dec
2014: Jan Feb Mar Apr May Jun Jul Aug Sep Oct Nov Dec
2013: Jan Feb Mar Apr May Jun Jul Aug Sep Oct Nov Dec
2012: Jan Feb Mar Apr May Jun Jul Aug Sep Oct Nov Dec
2011: Jan Feb Mar Apr May Jun Jul Aug Sep Oct Nov Dec
2010: Jan Feb Mar Apr May Jun Jul Aug Sep Oct Nov Dec
2009: Jan Feb Mar Apr May Jun Jul Aug Sep Oct Nov Dec
2008: Jan Feb Mar Apr May Jun Jul Aug Sep Oct Nov Dec
2007: Jan Feb Mar Apr May Jun Jul Aug Sep Oct Nov Dec
2006: Jan Feb Mar Apr May Jun Jul Aug Sep Oct Nov Dec
2005: Jan Feb Mar Apr May Jun Jul Aug Sep Oct Nov Dec
2004: Jan Feb Mar Apr May Jun Jul Aug Sep Oct Nov Dec
2003: Jan Feb Mar Apr May Jun Jul Aug Sep Oct Nov Dec
2002: Jan Feb Mar Apr May Jun Jul Aug Sep Oct Nov Dec
2001: Jan Feb Mar Apr May Jun Jul Aug Sep Oct Nov Dec
2000: Jan Feb Mar Apr May Jun Jul Aug Sep Oct Nov Dec
1999: Jan Feb Mar Apr May Jun Jul Aug Sep Oct Nov Dec
1998: Jan Feb Mar Apr May Jun Jul Aug Sep Oct Nov Dec
1997: Jan Feb Mar Apr May Jun Jul Aug Sep Oct Nov Dec
1996: Jan Feb Mar Apr May Jun Jul Aug Sep Oct Nov Dec
1995: Jan Feb Mar Apr May Jun Jul Aug Sep Oct Nov Dec
1994: Jan Feb Mar Apr May Jun Jul Aug Sep Oct Nov Dec
1993: Jan Feb Mar Apr May Jun Jul Aug Sep Oct Nov Dec
1992: Jan Feb Mar Apr May Jun Jul Aug Sep Oct Nov Dec
1991: Jan Feb Mar Apr May Jun Jul Aug Sep Oct Nov Dec
1990: Jan Feb Mar Apr May Jun Jul Aug Sep Oct Nov Dec
1989: Jan Feb Mar Apr May Jun Jul Aug Sep Oct Nov Dec
1988: Jan Feb Mar Apr May Jun Jul Aug Sep Oct Nov Dec
1987: Jan Feb Mar Apr May Jun Jul Aug Sep Oct Nov Dec
1986: Jan Feb Mar Apr May Jun Jul Aug Sep Oct Nov Dec

Report for 2003 December
                  MONTHLY CLIMATOLOGICAL SUMMARY FOR 12/2003
                                        HEAT  COOL        
     MEAN                               DEG   DEG       WIND SPEED       DOM MEAN  MEAN
DAY  TEMP  HIGH   TIME     LOW   TIME   DAYS  DAYS RAIN AVG  HI  TIME    DIR BAROM HUM
---------------------------------------------------------------------------------------
1    34.5  48.9  2:53pm   27.0  6:53am  23.3  0.0  0.00  18  36  00:00   SSW  29.1 61.0
2    43.2  57.9 10:53am   35.1 11:53pm  14.4  0.0  0.00  17  32  00:00    SW  28.9 30.0
3    37.1  55.9  1:53pm   27.0 11:53pm  18.5  0.0  0.00   7  14  00:00     S  28.9 38.0
4    27.5  34.0  8:53am   21.9  6:53am  34.2  0.0  0.00  14  27  00:00    NE  29.3 56.2
5    27.6  45.0  1:53pm   16.0  6:53am  28.7  0.0  0.00   6  12  00:00   SSE  29.2 44.4
6    43.8  62.6  1:09pm   28.9 12:53am  11.8  0.0  0.00   7  13  00:00   SSE  28.8 35.2
7    43.8  61.0  1:53pm   34.0  5:53am  12.6  0.0  0.00   7  14  00:00   SSE  28.5 36.4
8    28.9  37.9 12:53am   21.0 11:53pm  31.6  0.0  0.00  11  21  00:00     W  29.0 82.6
9    20.8  30.0  1:53pm   14.0 11:53pm  39.6  0.0  0.08   9  16  00:00    NW  29.2 76.3
10   18.6  36.0  1:53pm   10.0  1:53am  37.7  0.0  0.00   9  16  00:00     S  28.8 65.2
11   24.1  37.9 11:53am   12.9  1:53am  34.0  0.0  0.00   7  14  00:00    SW  28.7 58.1
12   21.4  35.1  1:53pm   10.9  4:53am  36.7  0.0  0.00   6  12  00:00   SSE  28.8 59.3
13   30.6  43.0  1:53pm   19.0 12:53am  28.2  0.0  0.00   6  12  00:00    SW  28.8 44.9
14     42  57.9 12:53pm   33.1  1:53am  15.0  0.0  0.00  14  27  00:00   SSW  28.4 38.8
15   25.7  37.0 12:53am   12.9 11:53pm  33.6  0.0  0.00  21  40  00:00    SE  28.9 65.2
16   25.7  42.1  1:53pm   12.0  1:53am  31.1  0.0  0.00   6  10  00:00    SW  29.1 40.4
17   37.1  51.1 10:53am   28.0 11:53pm  20.9  0.0  0.00  12  23  00:00   SSE  29.0 41.6
18   28.2  41.0  1:53pm   21.0  6:53am  30.4  0.0  0.00   7  13  00:00   SSE  29.3 54.0
19   37.4  57.0  1:53pm   23.0  3:53am  17.8  0.0  0.00   6  10  00:00   SSE  29.1 42.5
20   45.9  60.1  1:53pm   36.0 12:53am  12.0  0.0  0.00   9  16  00:00   SSW  28.7 32.2
21   38.8  51.1 10:53am   28.0  9:53pm  20.0  0.0  0.00   9  16  00:00     W  28.7 49.2
22   28.6  36.0 12:53pm   24.1  7:53pm  32.7  0.0  0.02   8  15  00:00   NNW  29.3 75.3
23   35.7  55.0  1:53pm   21.9  1:53am  19.6  0.0  0.00   5   9  00:00   SSW  28.9 39.0
24     35  55.0 12:53pm   21.9  6:53am  20.0  0.0  0.00   5   9  00:00    SW  28.7 41.1
25   35.6  51.1 12:53pm   30.0 12:53am  21.6  0.0  0.00  10  18  00:00   SSW  28.3 33.8
26   39.4  55.0 11:53am   27.0  7:53am  17.8  0.0  0.00  24  46  00:00    SW  28.4 39.0
27     27  35.1 11:53am   21.9  3:53am  33.9  0.0  0.00  18  35  00:00     W  28.5 30.2
28   22.4  32.0  1:53pm   16.0  2:53am  37.8  0.0  0.00  10  18  00:00     W  28.8 29.0
29   27.7  41.0  2:53pm   19.0  1:53am  30.6  0.0  0.00   9  17  00:00   SSW  28.7 31.6
30   40.7  57.0  1:53pm   28.9 11:53pm  16.1  0.0  0.00  16  31  00:00     S  28.6 36.3
31   38.9  55.9 12:53pm   28.0 12:53am  17.6  0.0  0.00  14  28  00:00   SSW  28.7 35.9