NOAA-Style Climate Reports

Select a Year or Month report
2018: Jan Feb Mar Apr May Jun Jul Aug Sep Oct Nov Dec
2017: Jan Feb Mar Apr May Jun Jul Aug Sep Oct Nov Dec
2016: Jan Feb Mar Apr May Jun Jul Aug Sep Oct Nov Dec
2015: Jan Feb Mar Apr May Jun Jul Aug Sep Oct Nov Dec
2014: Jan Feb Mar Apr May Jun Jul Aug Sep Oct Nov Dec
2013: Jan Feb Mar Apr May Jun Jul Aug Sep Oct Nov Dec
2012: Jan Feb Mar Apr May Jun Jul Aug Sep Oct Nov Dec
2011: Jan Feb Mar Apr May Jun Jul Aug Sep Oct Nov Dec
2010: Jan Feb Mar Apr May Jun Jul Aug Sep Oct Nov Dec
2009: Jan Feb Mar Apr May Jun Jul Aug Sep Oct Nov Dec
2008: Jan Feb Mar Apr May Jun Jul Aug Sep Oct Nov Dec
2007: Jan Feb Mar Apr May Jun Jul Aug Sep Oct Nov Dec
2006: Jan Feb Mar Apr May Jun Jul Aug Sep Oct Nov Dec
2005: Jan Feb Mar Apr May Jun Jul Aug Sep Oct Nov Dec
2004: Jan Feb Mar Apr May Jun Jul Aug Sep Oct Nov Dec
2003: Jan Feb Mar Apr May Jun Jul Aug Sep Oct Nov Dec
2002: Jan Feb Mar Apr May Jun Jul Aug Sep Oct Nov Dec
2001: Jan Feb Mar Apr May Jun Jul Aug Sep Oct Nov Dec
2000: Jan Feb Mar Apr May Jun Jul Aug Sep Oct Nov Dec
1999: Jan Feb Mar Apr May Jun Jul Aug Sep Oct Nov Dec
1998: Jan Feb Mar Apr May Jun Jul Aug Sep Oct Nov Dec
1997: Jan Feb Mar Apr May Jun Jul Aug Sep Oct Nov Dec
1996: Jan Feb Mar Apr May Jun Jul Aug Sep Oct Nov Dec
1995: Jan Feb Mar Apr May Jun Jul Aug Sep Oct Nov Dec
1994: Jan Feb Mar Apr May Jun Jul Aug Sep Oct Nov Dec
1993: Jan Feb Mar Apr May Jun Jul Aug Sep Oct Nov Dec
1992: Jan Feb Mar Apr May Jun Jul Aug Sep Oct Nov Dec
1991: Jan Feb Mar Apr May Jun Jul Aug Sep Oct Nov Dec
1990: Jan Feb Mar Apr May Jun Jul Aug Sep Oct Nov Dec
1989: Jan Feb Mar Apr May Jun Jul Aug Sep Oct Nov Dec
1988: Jan Feb Mar Apr May Jun Jul Aug Sep Oct Nov Dec
1987: Jan Feb Mar Apr May Jun Jul Aug Sep Oct Nov Dec
1986: Jan Feb Mar Apr May Jun Jul Aug Sep Oct Nov Dec

Report for 2004 January
                  MONTHLY CLIMATOLOGICAL SUMMARY FOR 1/2004
                                        HEAT  COOL        
     MEAN                               DEG   DEG       WIND SPEED       DOM MEAN  MEAN
DAY  TEMP  HIGH   TIME     LOW   TIME   DAYS  DAYS RAIN AVG  HI  TIME    DIR BAROM HUM
---------------------------------------------------------------------------------------
1    41.5  53.1  2:53pm   30.9  7:53am  17.7  0.0  0.00  15  29  00:00    SW  28.6 24.8
2    36.8  48.9 10:53am   27.0 11:53pm  22.1  0.0  0.00  11  21  00:00   SSE  28.7 45.7
3    23.7  27.0 12:53pm   21.2 10:32pm  39.6  0.0  0.00  14  28  00:00     S  29.2 80.5
4    18.6  27.0  1:53pm   10.0 11:53pm  42.2  0.0  0.01   7  13  00:00   WSW  29.2 73.1
5     5.7  21.0  9:53am   -2.9  8:53pm  51.6  0.0  0.00  10  20  00:00    SW  29.4 61.4
6    13.1  28.0 11:53am   -2.9  5:53am  44.4  0.0  0.00   9  17  00:00   SSE  29.2 56.0
7    33.1  50.0 12:53pm   16.0 12:53am  23.4  0.0  0.00   6  12  00:00     S  28.8 52.4
8    37.8  50.0  1:53pm   30.0 10:53pm  21.1  0.0  0.00   8  15  00:00    SW  29.0 36.6
9    36.7  51.1 12:53pm   28.0  2:53am  21.1  0.0  0.00   7  13  00:00     S  29.2 50.0
10   42.4  63.0  2:53pm   32.0  7:53am  12.3  0.0  0.00   7  14  00:00   SSE  29.0 36.6
11   40.8  60.1 12:53pm   28.9 11:53pm  14.5  0.0  0.00   7  13  00:00    SW  28.9 31.2
12   34.8  53.1  1:53pm   24.1  5:53am  21.0  0.0  0.00   6  10  00:00    SW  29.1 41.4
13   36.9  57.0  1:53pm   23.0  5:53am  18.0  0.0  0.00   5   9  00:00   SSW  29.1 31.2
14   38.6  57.9  1:53pm   27.0 12:53am  16.7  0.0  0.00   6  12  00:00     S  28.9 30.2
15   39.1  55.0  1:53pm   28.0  4:53am  17.9  0.0  0.00   5   9  00:00   WSW  28.7 34.7
16   35.9  44.1 10:53am   28.9  3:53am  25.0  0.0  0.00   9  17  00:00   WSW  28.7 47.3
17   31.7  43.0  1:53pm   25.0 10:53pm  27.6  0.0  0.00   6  10  00:00    NW  28.9 60.1
18   28.4  42.1  3:53pm   19.9  4:53am  29.7  0.0  0.00   5   8  00:00    SW  28.9 59.6
19   31.5  48.9  1:53pm   19.9  3:53am  24.8  0.0  0.00   7  13  00:00    SE  28.8 50.0
20   27.9  32.0 12:53am   24.8  9:02pm  35.0  0.0  0.19   5   9  00:00     E  29.5 87.2
21   26.6  42.1  2:53pm   16.0  5:53am  30.6  0.0  0.07   6  10  00:00     S  29.0 60.3
22   29.1  45.0  2:53pm   17.1  5:53am  27.9  0.0  0.00   7  13  00:00     S  29.1 49.0
23   41.9  60.1  2:53pm   26.1  4:53am  14.0  0.0  0.00   9  16  00:00   SSW  28.8 28.6
24   35.2  50.0  1:53pm   27.0  4:53am  22.4  0.0  0.00   5   9  00:00   SSW  28.5 40.5
25   26.4  42.1 11:53am   14.0 10:53pm  30.7  0.0  0.00  16  30  00:00     E  28.8 69.1
26   13.1  25.0  1:53pm    3.0  4:53am  45.9  0.0  0.01   6  10  00:00   SSW  28.9 56.5
27     25  39.0  2:53pm   10.0  5:53am  33.0  0.0  0.00   9  16  00:00     S  28.9 43.1
28   34.6  48.9  3:53pm   25.0  6:53am  23.2  0.0  0.00   7  13  00:00    SW  28.7 41.3
29   33.8  45.0  2:53pm   23.0  6:53am  25.6  0.0  0.00   6  12  00:00     S  28.7 50.0
30   37.9  54.0  2:53pm   28.9  6:53am  19.0  0.0  0.00   7  13  00:00    SW  28.6 48.8
31   27.6  39.0  1:53am   23.0  9:53pm  31.7  0.0  0.00   8  15  00:00    SE  28.7 75.1