NOAA-Style Climate Reports

Select a Year or Month report
2018: Jan Feb Mar Apr May Jun Jul Aug Sep Oct Nov Dec
2017: Jan Feb Mar Apr May Jun Jul Aug Sep Oct Nov Dec
2016: Jan Feb Mar Apr May Jun Jul Aug Sep Oct Nov Dec
2015: Jan Feb Mar Apr May Jun Jul Aug Sep Oct Nov Dec
2014: Jan Feb Mar Apr May Jun Jul Aug Sep Oct Nov Dec
2013: Jan Feb Mar Apr May Jun Jul Aug Sep Oct Nov Dec
2012: Jan Feb Mar Apr May Jun Jul Aug Sep Oct Nov Dec
2011: Jan Feb Mar Apr May Jun Jul Aug Sep Oct Nov Dec
2010: Jan Feb Mar Apr May Jun Jul Aug Sep Oct Nov Dec
2009: Jan Feb Mar Apr May Jun Jul Aug Sep Oct Nov Dec
2008: Jan Feb Mar Apr May Jun Jul Aug Sep Oct Nov Dec
2007: Jan Feb Mar Apr May Jun Jul Aug Sep Oct Nov Dec
2006: Jan Feb Mar Apr May Jun Jul Aug Sep Oct Nov Dec
2005: Jan Feb Mar Apr May Jun Jul Aug Sep Oct Nov Dec
2004: Jan Feb Mar Apr May Jun Jul Aug Sep Oct Nov Dec
2003: Jan Feb Mar Apr May Jun Jul Aug Sep Oct Nov Dec
2002: Jan Feb Mar Apr May Jun Jul Aug Sep Oct Nov Dec
2001: Jan Feb Mar Apr May Jun Jul Aug Sep Oct Nov Dec
2000: Jan Feb Mar Apr May Jun Jul Aug Sep Oct Nov Dec
1999: Jan Feb Mar Apr May Jun Jul Aug Sep Oct Nov Dec
1998: Jan Feb Mar Apr May Jun Jul Aug Sep Oct Nov Dec
1997: Jan Feb Mar Apr May Jun Jul Aug Sep Oct Nov Dec
1996: Jan Feb Mar Apr May Jun Jul Aug Sep Oct Nov Dec
1995: Jan Feb Mar Apr May Jun Jul Aug Sep Oct Nov Dec
1994: Jan Feb Mar Apr May Jun Jul Aug Sep Oct Nov Dec
1993: Jan Feb Mar Apr May Jun Jul Aug Sep Oct Nov Dec
1992: Jan Feb Mar Apr May Jun Jul Aug Sep Oct Nov Dec
1991: Jan Feb Mar Apr May Jun Jul Aug Sep Oct Nov Dec
1990: Jan Feb Mar Apr May Jun Jul Aug Sep Oct Nov Dec
1989: Jan Feb Mar Apr May Jun Jul Aug Sep Oct Nov Dec
1988: Jan Feb Mar Apr May Jun Jul Aug Sep Oct Nov Dec
1987: Jan Feb Mar Apr May Jun Jul Aug Sep Oct Nov Dec
1986: Jan Feb Mar Apr May Jun Jul Aug Sep Oct Nov Dec

Report for 2004 February
                  MONTHLY CLIMATOLOGICAL SUMMARY FOR 2/2004
                                        HEAT  COOL        
     MEAN                               DEG   DEG       WIND SPEED       DOM MEAN  MEAN
DAY  TEMP  HIGH   TIME     LOW   TIME   DAYS  DAYS RAIN AVG  HI  TIME    DIR BAROM HUM
---------------------------------------------------------------------------------------
1    20.5  28.0  1:53pm   16.0  3:53am  40.7  0.0  0.02   5   9  00:00    SW  28.8 70.8
2    22.9  32.0  1:53pm   14.0 12:53am  37.5  0.0  0.00   7  13  00:00     S  28.9 54.4
3    25.4  33.1  1:53pm   18.0  2:53am  35.7  0.0  0.02   6  12  00:00    SW  28.9 68.0
4    23.2  27.0 11:53am   19.9 10:53pm  39.9  0.0  0.13   7  13  00:00    NW  29.1 87.0
5    19.4  21.9 11:53am   14.0 11:53pm  44.3  0.0  0.07  13  24  00:00   NNW  29.4 84.9
6    19.1  32.0 11:53am   10.9 12:53am  39.4  0.0  0.01   7  14  00:00    SW  29.1 59.7
7    27.4  43.0 12:53pm   17.1  2:53am  29.8  0.0  0.00  16  30  00:00     S  28.9 46.0
8      24  35.1 11:53am   16.0 12:53am  35.4  0.0  0.00   9  17  00:00   SSE  28.8 62.4
9    22.3  33.1 12:53pm   14.0  4:53am  37.3  0.0  0.00   6  12  00:00    SE  29.1 49.8
10     26  39.9  1:53pm   15.1  5:53am  32.0  0.0  0.00   6  12  00:00   SSE  29.0 41.6
11   15.9  24.1 12:53am    1.9 11:53pm  45.0  0.0  0.19   9  16  00:00   ENE  29.5 77.3
12    7.5  21.0  3:53pm   -8.0  3:53am  50.7  0.0  0.00   6  12  00:00   SSE  29.3 58.2
13   22.9  39.9  3:53pm    5.0  6:53am  33.6  0.0  0.00   5  10  00:00   WNW  29.0 45.9
14   29.2  46.0  2:53pm   14.0  6:53am  27.4  0.0  0.00   6  10  00:00   SSE  28.9 46.7
15   31.4  45.0  2:53pm   23.0  2:53am  26.8  0.0  0.00   8  15  00:00   SSE  28.9 50.0
16   31.9  45.0  2:53pm   21.9  4:53am  26.5  0.0  0.00  14  27  00:00   WSW  29.1 46.7
17   40.2  57.0  2:53pm   26.1  4:53am  16.4  0.0  0.00   7  14  00:00    SE  29.1 46.4
18   50.6  66.0 12:53pm   39.9  3:53am   6.7  0.0  0.00  10  18  00:00   SSW  28.8 33.4
19   35.4  46.9  1:53am   28.9 11:53pm  23.8  0.0  0.47  14  27  00:00    SW  29.0 77.2
20     31  41.0  3:53pm   24.1  2:53am  29.0  0.0  0.11   6  12  00:00     S  28.9 64.2
21   35.7  48.9  2:53pm   30.0  1:53am  22.7  0.0  0.00   6  10  00:00   SSW  28.7 62.8
22   35.5  46.0 12:53pm   27.0  6:53am  24.2  0.0  0.00   7  14  00:00     S  28.7 66.4
23   34.5  44.1 11:53am   30.9  3:53am  25.7  0.0  0.00  13  24  00:00     S  28.8 69.3
24   34.9  45.0 12:53pm   30.0  3:53am  25.0  0.0  0.00  17  33  00:00   SSE  28.8 64.4
25   39.2  53.1  1:53pm   28.9  2:53am  18.8  0.0  0.00   9  16  00:00     S  28.8 52.1
26   45.8  64.9  2:53pm   30.9  5:53am   9.6  0.0  0.00  15  29  00:00   SSW  28.6 31.4
27     44  57.9 12:53pm   35.1  5:53am  14.0  0.0  0.00  18  35  00:00     S  28.5 37.2
28   33.4  42.1 11:53am   26.1  6:53am  27.2  0.0  0.09   7  14  00:00   WSW  28.8 77.0
29     29  33.1 10:53am   26.1  5:53am  33.9  0.0  0.42  10  20  00:00    NW  28.9 80.5