NOAA-Style Climate Reports

Select a Year or Month report
2018: Jan Feb Mar Apr May Jun Jul Aug Sep Oct Nov Dec
2017: Jan Feb Mar Apr May Jun Jul Aug Sep Oct Nov Dec
2016: Jan Feb Mar Apr May Jun Jul Aug Sep Oct Nov Dec
2015: Jan Feb Mar Apr May Jun Jul Aug Sep Oct Nov Dec
2014: Jan Feb Mar Apr May Jun Jul Aug Sep Oct Nov Dec
2013: Jan Feb Mar Apr May Jun Jul Aug Sep Oct Nov Dec
2012: Jan Feb Mar Apr May Jun Jul Aug Sep Oct Nov Dec
2011: Jan Feb Mar Apr May Jun Jul Aug Sep Oct Nov Dec
2010: Jan Feb Mar Apr May Jun Jul Aug Sep Oct Nov Dec
2009: Jan Feb Mar Apr May Jun Jul Aug Sep Oct Nov Dec
2008: Jan Feb Mar Apr May Jun Jul Aug Sep Oct Nov Dec
2007: Jan Feb Mar Apr May Jun Jul Aug Sep Oct Nov Dec
2006: Jan Feb Mar Apr May Jun Jul Aug Sep Oct Nov Dec
2005: Jan Feb Mar Apr May Jun Jul Aug Sep Oct Nov Dec
2004: Jan Feb Mar Apr May Jun Jul Aug Sep Oct Nov Dec
2003: Jan Feb Mar Apr May Jun Jul Aug Sep Oct Nov Dec
2002: Jan Feb Mar Apr May Jun Jul Aug Sep Oct Nov Dec
2001: Jan Feb Mar Apr May Jun Jul Aug Sep Oct Nov Dec
2000: Jan Feb Mar Apr May Jun Jul Aug Sep Oct Nov Dec
1999: Jan Feb Mar Apr May Jun Jul Aug Sep Oct Nov Dec
1998: Jan Feb Mar Apr May Jun Jul Aug Sep Oct Nov Dec
1997: Jan Feb Mar Apr May Jun Jul Aug Sep Oct Nov Dec
1996: Jan Feb Mar Apr May Jun Jul Aug Sep Oct Nov Dec
1995: Jan Feb Mar Apr May Jun Jul Aug Sep Oct Nov Dec
1994: Jan Feb Mar Apr May Jun Jul Aug Sep Oct Nov Dec
1993: Jan Feb Mar Apr May Jun Jul Aug Sep Oct Nov Dec
1992: Jan Feb Mar Apr May Jun Jul Aug Sep Oct Nov Dec
1991: Jan Feb Mar Apr May Jun Jul Aug Sep Oct Nov Dec
1990: Jan Feb Mar Apr May Jun Jul Aug Sep Oct Nov Dec
1989: Jan Feb Mar Apr May Jun Jul Aug Sep Oct Nov Dec
1988: Jan Feb Mar Apr May Jun Jul Aug Sep Oct Nov Dec
1987: Jan Feb Mar Apr May Jun Jul Aug Sep Oct Nov Dec
1986: Jan Feb Mar Apr May Jun Jul Aug Sep Oct Nov Dec

Report for 2004 March
                  MONTHLY CLIMATOLOGICAL SUMMARY FOR 3/2004
                                        HEAT  COOL        
     MEAN                               DEG   DEG       WIND SPEED       DOM MEAN  MEAN
DAY  TEMP  HIGH   TIME     LOW   TIME   DAYS  DAYS RAIN AVG  HI  TIME    DIR BAROM HUM
---------------------------------------------------------------------------------------
1    29.7  39.0 11:53am   24.1  5:53am  30.6  0.0  0.05   7  14  00:00   ESE  29.0 65.8
2      31  41.0 12:53pm   21.0  6:53am  29.0  0.0  0.01  13  27  00:00     S  28.8 67.1
3    34.2  48.0  1:53pm   23.0  4:53am  23.9  0.0  0.00  16  30  00:00   SSE  28.7 63.0
4    33.4  46.9 12:53pm   24.1  6:53am  24.8  0.0  0.09  12  23  00:00   ESE  28.7 76.0
5    28.5  37.9  3:53pm   26.1  2:53am  31.8  0.0  0.03   7  13  00:00    SE  29.0 72.0
6    41.2  55.9  1:53pm   28.9 11:53pm  16.4  0.0  0.00  18  36  00:00   SSW  28.8 37.4
7    41.8  61.0  2:53pm   27.0  3:53am  13.6  0.0  0.00  12  22  00:00   SSW  29.2 46.6
8    47.1  64.0  1:53pm   30.9  2:53am   9.4  0.0  0.00   8  15  00:00   ESE  29.1 39.4
9    48.3  68.0  2:53pm   33.1  2:53am   6.8  0.0  0.00   7  14  00:00     S  28.9 46.3
10   39.3  52.0  9:53am   30.0  7:53pm  19.3  0.0  0.00  13  24  00:00   ESE  29.0 53.6
11   38.9  55.0  2:53pm   28.0  1:53am  18.0  0.0  0.00  10  20  00:00   SSE  29.1 56.0
12   44.3  64.9  1:53pm   26.1  2:53am  10.4  0.0  0.00  10  18  00:00   SSE  28.8 46.3
13   43.8  61.0 11:53am   34.0 10:53pm  12.6  0.0  0.00  14  28  00:00   ESE  28.8 40.6
14   42.7  61.0  2:53pm   28.9  5:53am  13.1  0.0  0.00  18  36  00:00     S  28.9 42.1
15   41.1  50.0  4:53pm   35.1  7:53am  19.4  0.0  0.00  13  24  00:00    SW  28.9 42.4
16   47.1  60.1  2:53pm   34.0  2:53am  11.4  0.0  0.00  19  37  00:00   WNW  28.8 27.2
17   52.8  68.0  1:53pm   44.1  2:53am   4.6  0.0  0.00  17  32  00:00   WNW  28.6 25.4
18   49.4  64.9  1:53pm   36.0  4:53am   7.8  0.0  0.00   9  16  00:00     S  28.8 35.2
19   59.7  75.9  1:53pm   45.0 12:53am   0.0  2.8  0.00  10  18  00:00   WSW  28.7 20.0
20   46.2  61.0  2:53pm   37.0  6:53am  11.4  0.0  0.00  11  21  00:00   SSW  29.3 41.2
21   44.2  63.0  2:53pm   30.9  5:53am  11.4  0.0  0.00   5   9  00:00   WNW  29.1 42.6
22   53.6  75.9  1:53pm   35.1  2:53am   0.2  0.0  0.00   6  12  00:00   SSW  28.8 33.4
23   56.6  71.1  3:53pm   46.0 12:53am   1.1  0.0  0.00  15  29  00:00   SSW  28.7 33.2
24   55.6  70.0 12:53pm   46.9  2:53am   2.2  0.0  0.00  17  32  00:00   SSW  28.8 40.6
25   54.9  70.0 12:53pm   43.0  5:53am   2.5  0.0  0.00  10  18  00:00    SW  28.7 37.2
26   55.9  75.9 12:53pm   36.0  5:53am   0.0  0.9  0.00  16  32  00:00   SSW  28.5 31.7
27   41.1  57.9 12:53am   33.8  6:45am  15.5  0.0  0.07  14  28  00:00    SE  28.8 50.3
28   35.4  46.0 10:53am   30.0  9:53pm  24.3  0.0  0.08  14  28  00:00   WNW  29.2 57.8
29   44.6  62.1  1:53pm   28.0  3:53am  11.6  0.0  0.00  14  28  00:00   SSW  29.2 30.1
30   49.2  69.1  2:53pm   27.0  5:53am   5.8  0.0  0.00   9  16  00:00     S  29.0 26.6
31   55.6  73.9  1:53pm   37.0  4:53am   0.2  0.0  0.00  10  18  00:00   SSE  28.7 21.2