NOAA-Style Climate Reports

Select a Year or Month report
2018: Jan Feb Mar Apr May Jun Jul Aug Sep Oct Nov Dec
2017: Jan Feb Mar Apr May Jun Jul Aug Sep Oct Nov Dec
2016: Jan Feb Mar Apr May Jun Jul Aug Sep Oct Nov Dec
2015: Jan Feb Mar Apr May Jun Jul Aug Sep Oct Nov Dec
2014: Jan Feb Mar Apr May Jun Jul Aug Sep Oct Nov Dec
2013: Jan Feb Mar Apr May Jun Jul Aug Sep Oct Nov Dec
2012: Jan Feb Mar Apr May Jun Jul Aug Sep Oct Nov Dec
2011: Jan Feb Mar Apr May Jun Jul Aug Sep Oct Nov Dec
2010: Jan Feb Mar Apr May Jun Jul Aug Sep Oct Nov Dec
2009: Jan Feb Mar Apr May Jun Jul Aug Sep Oct Nov Dec
2008: Jan Feb Mar Apr May Jun Jul Aug Sep Oct Nov Dec
2007: Jan Feb Mar Apr May Jun Jul Aug Sep Oct Nov Dec
2006: Jan Feb Mar Apr May Jun Jul Aug Sep Oct Nov Dec
2005: Jan Feb Mar Apr May Jun Jul Aug Sep Oct Nov Dec
2004: Jan Feb Mar Apr May Jun Jul Aug Sep Oct Nov Dec
2003: Jan Feb Mar Apr May Jun Jul Aug Sep Oct Nov Dec
2002: Jan Feb Mar Apr May Jun Jul Aug Sep Oct Nov Dec
2001: Jan Feb Mar Apr May Jun Jul Aug Sep Oct Nov Dec
2000: Jan Feb Mar Apr May Jun Jul Aug Sep Oct Nov Dec
1999: Jan Feb Mar Apr May Jun Jul Aug Sep Oct Nov Dec
1998: Jan Feb Mar Apr May Jun Jul Aug Sep Oct Nov Dec
1997: Jan Feb Mar Apr May Jun Jul Aug Sep Oct Nov Dec
1996: Jan Feb Mar Apr May Jun Jul Aug Sep Oct Nov Dec
1995: Jan Feb Mar Apr May Jun Jul Aug Sep Oct Nov Dec
1994: Jan Feb Mar Apr May Jun Jul Aug Sep Oct Nov Dec
1993: Jan Feb Mar Apr May Jun Jul Aug Sep Oct Nov Dec
1992: Jan Feb Mar Apr May Jun Jul Aug Sep Oct Nov Dec
1991: Jan Feb Mar Apr May Jun Jul Aug Sep Oct Nov Dec
1990: Jan Feb Mar Apr May Jun Jul Aug Sep Oct Nov Dec
1989: Jan Feb Mar Apr May Jun Jul Aug Sep Oct Nov Dec
1988: Jan Feb Mar Apr May Jun Jul Aug Sep Oct Nov Dec
1987: Jan Feb Mar Apr May Jun Jul Aug Sep Oct Nov Dec
1986: Jan Feb Mar Apr May Jun Jul Aug Sep Oct Nov Dec

Report for 2004 April
                  MONTHLY CLIMATOLOGICAL SUMMARY FOR 4/2004
                                        HEAT  COOL        
     MEAN                               DEG   DEG       WIND SPEED       DOM MEAN  MEAN
DAY  TEMP  HIGH   TIME     LOW   TIME   DAYS  DAYS RAIN AVG  HI  TIME    DIR BAROM HUM
---------------------------------------------------------------------------------------
1    57.8  75.9 12:53pm   43.0  3:53am   0.0  1.9  0.00  14  27  00:00   SSE  28.6 23.4
2    44.9  57.0  2:53pm   39.0 10:53pm  14.0  0.0  0.77  17  32  00:00     W  29.2 67.1
3    36.6  44.1  9:53pm   33.1  2:53am  24.6  0.0  0.45   8  15  00:00   SSW  29.4 84.9
4    46.9  60.1  2:53pm   39.0  6:53am  11.5  0.0  0.00  10  20  00:00     S  28.8 62.8
5      50  63.0  2:53pm   42.1  6:53am   8.5  0.0  0.00  11  21  00:00   WSW  28.7 55.0
6    48.8  61.0  3:53pm   44.1  6:53am  10.1  0.0  0.00  10  18  00:00   WSW  28.8 59.5
7    45.5  57.9 11:53am   37.9  6:53am  13.3  0.0  0.55  13  27  00:00   SSW  29.0 73.3
8    46.2  57.0  1:53pm   42.1  5:53am  13.4  0.0  0.23  16  30  00:00     S  29.1 79.1
9    37.1  45.0 12:53am   30.2  8:35pm  23.9  0.0  0.32   8  15  00:00   WNW  29.3 92.1
10     30  34.0  2:53pm   28.0  6:53am  33.0  0.0  0.13   6  12  00:00   ESE  29.5 85.1
11   33.8  46.0  3:53pm   26.1  6:53am  25.1  0.0  0.00  23  45  00:00    SE  29.2 69.9
12   30.8  43.0  3:53pm   24.8  7:45am  28.1  0.0  0.10  12  23  00:00    SE  29.2 72.1
13   48.5  64.9  4:53pm   32.0  3:53am   8.3  0.0  0.00  13  25  00:00   SSW  28.9 42.8
14   54.2  69.1  3:53pm   42.1  3:53am   3.3  0.0  0.00  15  29  00:00    SW  28.6 30.5
15   56.1  69.1  3:53pm   45.0  5:53am   2.4  0.0  0.00  13  25  00:00   SSW  28.6 26.8
16   57.9  73.0  3:53pm   48.0  1:53am   0.0  0.5  0.00   9  17  00:00   SSW  28.6 22.0
17   58.6  78.1  2:53pm   41.0  6:53am   0.0  3.4  0.00  21  40  00:00     S  28.5 26.7
18   54.5  63.0 11:53am   42.1 10:53pm   6.2  0.0  0.00  18  36  00:00   WSW  28.5 22.9
19   49.5  64.0  2:53pm   37.9  5:53am   8.2  0.0  0.00  20  39  00:00     S  28.8 38.7
20   49.9  62.1  1:53pm   41.0  5:53am   9.0  0.0  0.00  15  29  00:00   WNW  28.5 27.4
21     39  53.1 10:53am   33.1  4:53pm  18.9  0.0  0.42  14  28  00:00     W  28.9 69.9
22     36  44.1  2:53pm   30.0 11:53pm  24.9  0.0  0.46  13  25  00:00     W  29.1 86.0
23     32  37.9  4:53pm   30.0 12:53am  30.0  0.0  0.47   8  15  00:00   WNW  29.4 89.3
24   42.1  59.0  5:53pm   30.0  4:53am  14.4  0.0  0.01  16  30  00:00     S  28.9 59.3
25   40.1  51.1  4:53pm   34.0  7:53am  19.4  0.0  0.13   6  12  00:00     W  29.3 76.8
26   48.3  63.0  4:53pm   34.0  4:53am   9.3  0.0  0.00  12  22  00:00     S  29.1 53.8
27   60.2  75.9  2:53pm   46.0  2:53am   0.0  3.1  0.00  14  28  00:00   WSW  28.8 25.2
28     58  73.0  1:53pm   44.1 11:53pm   0.0  0.5  0.00  18  36  00:00   WSW  28.4 27.9
29   34.3  42.8 12:43am   32.0  6:53am  26.4  0.0  0.05  10  18  00:00   ESE  29.3 86.5
30   30.4  33.8  2:27pm   30.0  1:53am  32.9  0.0  0.53   9  16  00:00   WNW  29.5 91.7