NOAA-Style Climate Reports

Select a Year or Month report
2018: Jan Feb Mar Apr May Jun Jul Aug Sep Oct Nov Dec
2017: Jan Feb Mar Apr May Jun Jul Aug Sep Oct Nov Dec
2016: Jan Feb Mar Apr May Jun Jul Aug Sep Oct Nov Dec
2015: Jan Feb Mar Apr May Jun Jul Aug Sep Oct Nov Dec
2014: Jan Feb Mar Apr May Jun Jul Aug Sep Oct Nov Dec
2013: Jan Feb Mar Apr May Jun Jul Aug Sep Oct Nov Dec
2012: Jan Feb Mar Apr May Jun Jul Aug Sep Oct Nov Dec
2011: Jan Feb Mar Apr May Jun Jul Aug Sep Oct Nov Dec
2010: Jan Feb Mar Apr May Jun Jul Aug Sep Oct Nov Dec
2009: Jan Feb Mar Apr May Jun Jul Aug Sep Oct Nov Dec
2008: Jan Feb Mar Apr May Jun Jul Aug Sep Oct Nov Dec
2007: Jan Feb Mar Apr May Jun Jul Aug Sep Oct Nov Dec
2006: Jan Feb Mar Apr May Jun Jul Aug Sep Oct Nov Dec
2005: Jan Feb Mar Apr May Jun Jul Aug Sep Oct Nov Dec
2004: Jan Feb Mar Apr May Jun Jul Aug Sep Oct Nov Dec
2003: Jan Feb Mar Apr May Jun Jul Aug Sep Oct Nov Dec
2002: Jan Feb Mar Apr May Jun Jul Aug Sep Oct Nov Dec
2001: Jan Feb Mar Apr May Jun Jul Aug Sep Oct Nov Dec
2000: Jan Feb Mar Apr May Jun Jul Aug Sep Oct Nov Dec
1999: Jan Feb Mar Apr May Jun Jul Aug Sep Oct Nov Dec
1998: Jan Feb Mar Apr May Jun Jul Aug Sep Oct Nov Dec
1997: Jan Feb Mar Apr May Jun Jul Aug Sep Oct Nov Dec
1996: Jan Feb Mar Apr May Jun Jul Aug Sep Oct Nov Dec
1995: Jan Feb Mar Apr May Jun Jul Aug Sep Oct Nov Dec
1994: Jan Feb Mar Apr May Jun Jul Aug Sep Oct Nov Dec
1993: Jan Feb Mar Apr May Jun Jul Aug Sep Oct Nov Dec
1992: Jan Feb Mar Apr May Jun Jul Aug Sep Oct Nov Dec
1991: Jan Feb Mar Apr May Jun Jul Aug Sep Oct Nov Dec
1990: Jan Feb Mar Apr May Jun Jul Aug Sep Oct Nov Dec
1989: Jan Feb Mar Apr May Jun Jul Aug Sep Oct Nov Dec
1988: Jan Feb Mar Apr May Jun Jul Aug Sep Oct Nov Dec
1987: Jan Feb Mar Apr May Jun Jul Aug Sep Oct Nov Dec
1986: Jan Feb Mar Apr May Jun Jul Aug Sep Oct Nov Dec

Report for 2004 May
                  MONTHLY CLIMATOLOGICAL SUMMARY FOR 5/2004
                                        HEAT  COOL        
     MEAN                               DEG   DEG       WIND SPEED       DOM MEAN  MEAN
DAY  TEMP  HIGH   TIME     LOW   TIME   DAYS  DAYS RAIN AVG  HI  TIME    DIR BAROM HUM
---------------------------------------------------------------------------------------
1    40.4  55.0  4:53pm   26.1  3:53am  17.3  0.0  0.14   5   9  00:00   SSW  29.1 58.8
2    50.8  66.0  3:53pm   35.1  4:53am   6.6  0.0  0.00   6  12  00:00     S  29.0 49.2
3    60.6  75.0  3:53pm   48.0  4:53am   0.0  2.8  0.00  16  31  00:00    SW  28.8 33.0
4      60  77.0  3:53pm   48.9  5:53am   0.0  3.5  0.00  14  28  00:00    SW  28.7 42.0
5    67.5  82.9  2:53pm   59.0 12:53am   0.0 10.2  0.00  13  25  00:00   WSW  28.6 26.1
6    66.4  82.9  3:53pm   55.0  6:53am   0.0  9.7  0.00   8  15  00:00   SSW  28.7 23.3
7    63.9  81.0  4:53pm   48.0  5:53am   0.0  7.5  0.00  10  18  00:00     S  28.7 35.1
8    63.4  78.1  1:53pm   51.1  5:53am   0.0  5.8  0.00   6  12  00:00   WSW  28.7 26.4
9    63.4  78.1 12:53pm   50.0  4:53am   0.0  5.8  0.00  21  43  00:00    SW  28.6 28.8
10   60.3  77.0  1:53pm   48.9  4:53am   0.0  3.7  0.00  20  38  00:00     S  28.5 45.5
11   64.6  82.0  1:53pm   46.9 11:53pm   0.0  8.3  0.00  18  35  00:00     S  28.3 30.5
12   40.4  53.6  9:53am   33.1  7:53pm  18.0  0.0  1.22  10  18  00:00   SSE  29.1 82.3
13   35.4  39.9 12:53pm   33.1  5:53am  27.3  0.0  0.33   7  13  00:00     E  29.3 92.3
14   46.5  60.1  1:53pm   34.0  3:53am  11.7  0.0  0.00  12  23  00:00   SSE  29.0 63.8
15   51.7  64.9  5:53pm   39.9  5:53am   6.7  0.0  0.00  15  29  00:00   SSE  28.8 57.1
16   57.3  77.0  4:53pm   43.0  3:53am   0.0  2.2  0.00   8  15  00:00     S  28.6 50.0
17   55.6  66.9 12:53pm   44.1  5:53am   3.7  0.0  0.00  10  20  00:00     S  28.7 62.3
18   59.6  75.9  2:53pm   52.0  4:53am   0.0  2.8  0.00  16  30  00:00    SW  28.9 69.0
19   63.7  82.9  3:53pm   51.1  5:53am   0.0  8.3  0.00  14  28  00:00   SSE  28.6 49.1
20   61.1  75.9  3:53pm   54.0 11:53pm   0.0  3.5  0.00  16  30  00:00    SW  28.7 55.0
21   63.6  81.0  1:53pm   48.0  5:53am   0.0  7.3  0.00  13  25  00:00     W  28.7 49.3
22   56.9  70.0  1:53pm   46.9 11:53pm   1.5  0.0  0.00  13  24  00:00   SSE  28.5 52.8
23     61  75.9  1:53pm   46.9  3:53am   0.0  3.5  0.00  17  33  00:00   SSE  28.5 31.8
24   54.4  71.1  3:53pm   46.0  4:53am   2.2  0.0  0.07  16  31  00:00     E  28.9 56.1
25   49.7  61.0 12:53pm   44.6  8:24am   9.6  0.0  0.00   9  17  00:00   NNW  28.9 72.3
26   59.2  77.0  3:53pm   41.0  5:53am   0.0  3.1  0.00  17  32  00:00   WSW  28.6 42.6
27   62.1  77.0  3:53pm   54.0  3:53am   0.0  4.6  0.00  12  23  00:00   SSW  28.6 34.2
28   66.3  82.0  1:53pm   51.1  1:53am   0.0  9.2  0.00  17  33  00:00   SSW  28.5 33.5
29   57.9  73.0 12:53pm   46.0 11:53pm   0.0  0.5  0.14  19  38  00:00    SE  28.6 56.9
30   49.8  62.1  4:53pm   41.0 11:53pm   9.0  0.0  0.00  18  35  00:00   WNW  28.6 33.0
31   55.9  73.0  3:53pm   39.0  5:53am   0.5  0.0  0.00  16  30  00:00     W  28.7 33.2