NOAA-Style Climate Reports

Select a Year or Month report
2018: Jan Feb Mar Apr May Jun Jul Aug Sep Oct Nov Dec
2017: Jan Feb Mar Apr May Jun Jul Aug Sep Oct Nov Dec
2016: Jan Feb Mar Apr May Jun Jul Aug Sep Oct Nov Dec
2015: Jan Feb Mar Apr May Jun Jul Aug Sep Oct Nov Dec
2014: Jan Feb Mar Apr May Jun Jul Aug Sep Oct Nov Dec
2013: Jan Feb Mar Apr May Jun Jul Aug Sep Oct Nov Dec
2012: Jan Feb Mar Apr May Jun Jul Aug Sep Oct Nov Dec
2011: Jan Feb Mar Apr May Jun Jul Aug Sep Oct Nov Dec
2010: Jan Feb Mar Apr May Jun Jul Aug Sep Oct Nov Dec
2009: Jan Feb Mar Apr May Jun Jul Aug Sep Oct Nov Dec
2008: Jan Feb Mar Apr May Jun Jul Aug Sep Oct Nov Dec
2007: Jan Feb Mar Apr May Jun Jul Aug Sep Oct Nov Dec
2006: Jan Feb Mar Apr May Jun Jul Aug Sep Oct Nov Dec
2005: Jan Feb Mar Apr May Jun Jul Aug Sep Oct Nov Dec
2004: Jan Feb Mar Apr May Jun Jul Aug Sep Oct Nov Dec
2003: Jan Feb Mar Apr May Jun Jul Aug Sep Oct Nov Dec
2002: Jan Feb Mar Apr May Jun Jul Aug Sep Oct Nov Dec
2001: Jan Feb Mar Apr May Jun Jul Aug Sep Oct Nov Dec
2000: Jan Feb Mar Apr May Jun Jul Aug Sep Oct Nov Dec
1999: Jan Feb Mar Apr May Jun Jul Aug Sep Oct Nov Dec
1998: Jan Feb Mar Apr May Jun Jul Aug Sep Oct Nov Dec
1997: Jan Feb Mar Apr May Jun Jul Aug Sep Oct Nov Dec
1996: Jan Feb Mar Apr May Jun Jul Aug Sep Oct Nov Dec
1995: Jan Feb Mar Apr May Jun Jul Aug Sep Oct Nov Dec
1994: Jan Feb Mar Apr May Jun Jul Aug Sep Oct Nov Dec
1993: Jan Feb Mar Apr May Jun Jul Aug Sep Oct Nov Dec
1992: Jan Feb Mar Apr May Jun Jul Aug Sep Oct Nov Dec
1991: Jan Feb Mar Apr May Jun Jul Aug Sep Oct Nov Dec
1990: Jan Feb Mar Apr May Jun Jul Aug Sep Oct Nov Dec
1989: Jan Feb Mar Apr May Jun Jul Aug Sep Oct Nov Dec
1988: Jan Feb Mar Apr May Jun Jul Aug Sep Oct Nov Dec
1987: Jan Feb Mar Apr May Jun Jul Aug Sep Oct Nov Dec
1986: Jan Feb Mar Apr May Jun Jul Aug Sep Oct Nov Dec

Report for 2004 June
                  MONTHLY CLIMATOLOGICAL SUMMARY FOR 6/2004
                                        HEAT  COOL        
     MEAN                               DEG   DEG       WIND SPEED       DOM MEAN  MEAN
DAY  TEMP  HIGH   TIME     LOW   TIME   DAYS  DAYS RAIN AVG  HI  TIME    DIR BAROM HUM
---------------------------------------------------------------------------------------
1    57.4  78.1  3:53pm   41.0  5:53am   0.0  2.8  0.00  10  18  00:00     S  28.7 41.0
2    57.9  75.9  3:53pm   48.0  4:53am   0.0  1.9  0.00  16  30  00:00   WSW  28.9 57.0
3    65.9  82.0 11:53am   54.0  5:53am   0.0  9.0  0.00  22  44  00:00   SSW  29.0 48.1
4    68.1  84.9 12:53pm   55.9  5:53am   0.0 11.5  0.00  10  18  00:00   SSW  28.8 38.3
5    67.2  82.0  4:53pm   55.9  5:53am   0.0  9.6  0.00  10  20  00:00   SSE  28.8 45.2
6      74  90.0 12:53pm   62.1  4:53am   0.0 17.0  0.00  17  33  00:00     S  28.5 37.4
7    79.6  95.0  5:53pm   69.1  4:53am   0.0 22.3  0.00  17  32  00:00   SSW  28.4 18.0
8    66.4  78.1  2:53pm   59.0  5:53am   0.0  7.3  0.00  15  29  00:00    SW  28.5 45.7
9    62.9  77.0 10:53am   55.0 11:53pm   0.0  5.0  0.00  14  27  00:00    SW  28.9 64.2
10     65  81.0  1:53pm   54.0  4:53am   0.0  8.0  0.00  16  31  00:00    SW  28.5 29.9
11   60.3  73.9  4:53pm   52.0  5:53am   0.0  2.1  0.00  11  21  00:00    SE  28.6 23.0
12   58.9  75.9  3:53pm   46.9  4:53am   0.0  2.4  0.00  14  28  00:00   SSW  28.8 34.4
13   65.8  88.0  4:53pm   46.0  2:53am   0.0 11.9  0.00  10  20  00:00   SSE  28.7 31.9
14   68.6  88.0  1:53pm   55.0  6:53am   0.0 13.3  0.00  14  27  00:00     S  28.8 33.3
15   67.2  82.0 12:53pm   57.0  4:53am   0.0  9.6  0.00  15  29  00:00   SSE  28.8 39.3
16   51.1  66.0 12:53am   48.2  6:18pm   6.4  0.0  0.56  11  21  00:00    SW  29.4 89.7
17   51.6  59.0  9:36am   48.0  5:53am   9.7  0.0  0.53  10  18  00:00     W  29.6 92.0
18   47.9  57.2 12:42pm   42.1 11:53pm  12.4  0.0  0.68  10  20  00:00   SSW  29.8 93.8
19   48.6  62.1  6:53pm   42.8 12:40am   9.6  0.0  0.03   8  15  00:00   WSW  29.4 88.8
20   58.7  72.0  2:53pm   53.6  2:09am   0.0  0.4  0.00  17  33  00:00   SSE  29.0 72.1
21   48.7  60.8 12:26am   44.1 10:53pm  10.2  0.0  1.45  12  23  00:00    SE  29.4 86.8
22   55.4  71.1  4:53pm   41.0  4:53am   1.7  0.0  0.00   8  15  00:00    SE  28.9 49.9
23   62.8  78.1  5:53pm   50.0  5:53am   0.0  5.5  0.00   9  16  00:00    SE  28.8 40.9
24   62.1  70.0  2:53pm   57.9 10:53pm   0.0  1.1  0.00   9  16  00:00   SSE  28.8 47.6
25   58.6  73.0  2:53pm   53.1  5:53am   0.0  0.8  0.09  12  23  00:00    SW  29.0 66.3
26   57.7  71.1 12:53pm   50.0  5:53am   0.6  0.0  0.01  10  18  00:00    SW  29.1 75.7
27   55.4  69.1 12:53pm   50.0  5:53am   2.7  0.0  0.15  14  27  00:00   SSW  29.2 78.2
28   56.2  70.0  2:53pm   48.0  4:53am   1.9  0.0  0.00   7  14  00:00   SSW  29.1 72.9
29   62.7  78.1  1:53pm   52.0  1:53am   0.0  5.4  0.39   9  16  00:00   SSW  29.1 59.5
30   57.3  68.0 10:53am   53.1  4:53am   2.3  0.0  0.17  16  30  00:00   SSW  29.0 78.8