NOAA-Style Climate Reports

Select a Year or Month report
2018: Jan Feb Mar Apr May Jun Jul Aug Sep Oct Nov Dec
2017: Jan Feb Mar Apr May Jun Jul Aug Sep Oct Nov Dec
2016: Jan Feb Mar Apr May Jun Jul Aug Sep Oct Nov Dec
2015: Jan Feb Mar Apr May Jun Jul Aug Sep Oct Nov Dec
2014: Jan Feb Mar Apr May Jun Jul Aug Sep Oct Nov Dec
2013: Jan Feb Mar Apr May Jun Jul Aug Sep Oct Nov Dec
2012: Jan Feb Mar Apr May Jun Jul Aug Sep Oct Nov Dec
2011: Jan Feb Mar Apr May Jun Jul Aug Sep Oct Nov Dec
2010: Jan Feb Mar Apr May Jun Jul Aug Sep Oct Nov Dec
2009: Jan Feb Mar Apr May Jun Jul Aug Sep Oct Nov Dec
2008: Jan Feb Mar Apr May Jun Jul Aug Sep Oct Nov Dec
2007: Jan Feb Mar Apr May Jun Jul Aug Sep Oct Nov Dec
2006: Jan Feb Mar Apr May Jun Jul Aug Sep Oct Nov Dec
2005: Jan Feb Mar Apr May Jun Jul Aug Sep Oct Nov Dec
2004: Jan Feb Mar Apr May Jun Jul Aug Sep Oct Nov Dec
2003: Jan Feb Mar Apr May Jun Jul Aug Sep Oct Nov Dec
2002: Jan Feb Mar Apr May Jun Jul Aug Sep Oct Nov Dec
2001: Jan Feb Mar Apr May Jun Jul Aug Sep Oct Nov Dec
2000: Jan Feb Mar Apr May Jun Jul Aug Sep Oct Nov Dec
1999: Jan Feb Mar Apr May Jun Jul Aug Sep Oct Nov Dec
1998: Jan Feb Mar Apr May Jun Jul Aug Sep Oct Nov Dec
1997: Jan Feb Mar Apr May Jun Jul Aug Sep Oct Nov Dec
1996: Jan Feb Mar Apr May Jun Jul Aug Sep Oct Nov Dec
1995: Jan Feb Mar Apr May Jun Jul Aug Sep Oct Nov Dec
1994: Jan Feb Mar Apr May Jun Jul Aug Sep Oct Nov Dec
1993: Jan Feb Mar Apr May Jun Jul Aug Sep Oct Nov Dec
1992: Jan Feb Mar Apr May Jun Jul Aug Sep Oct Nov Dec
1991: Jan Feb Mar Apr May Jun Jul Aug Sep Oct Nov Dec
1990: Jan Feb Mar Apr May Jun Jul Aug Sep Oct Nov Dec
1989: Jan Feb Mar Apr May Jun Jul Aug Sep Oct Nov Dec
1988: Jan Feb Mar Apr May Jun Jul Aug Sep Oct Nov Dec
1987: Jan Feb Mar Apr May Jun Jul Aug Sep Oct Nov Dec
1986: Jan Feb Mar Apr May Jun Jul Aug Sep Oct Nov Dec

Report for 2004 July
                  MONTHLY CLIMATOLOGICAL SUMMARY FOR 7/2004
                                        HEAT  COOL        
     MEAN                               DEG   DEG       WIND SPEED       DOM MEAN  MEAN
DAY  TEMP  HIGH   TIME     LOW   TIME   DAYS  DAYS RAIN AVG  HI  TIME    DIR BAROM HUM
---------------------------------------------------------------------------------------
1    61.7  75.9  5:53pm   52.0  1:53am   0.0  3.8  0.00   6  10  00:00   SSE  28.8 61.0
2    66.8  82.9 12:53pm   55.9  3:53am   0.0  9.9  0.00  16  30  00:00     S  28.7 48.4
3    67.5  84.9 12:53pm   52.0  4:53am   0.0 11.2  0.00   6  12  00:00    SE  28.7 40.0
4    64.8  82.0 11:53am   55.0  2:53am   0.0  8.4  0.00  11  21  00:00   SSW  28.6 38.6
5    65.3  82.0  1:53pm   55.0  1:53am   0.0  8.7  0.02  18  35  00:00     W  28.8 41.9
6    62.3  78.1  2:53pm   51.1  5:53am   0.0  5.2  0.00  10  20  00:00   ESE  28.9 55.2
7    71.4  90.0  4:53pm   52.0  5:53am   0.0 15.7  0.00  27  53  00:00     S  28.8 35.2
8    73.5  91.9  4:53pm   59.0  5:53am   0.0 17.7  0.00   7  14  00:00     S  28.5 28.6
9    69.7  89.1  1:53pm   59.0  2:53am   0.0 14.4  0.37  27  53  00:00   SSE  29.0 51.2
10   68.2  84.0  4:53pm   60.8 12:41am   0.0 11.1  0.06   9  16  00:00   SSW  28.9 52.6
11   74.8  91.0  3:53pm   59.0  5:53am   0.0 17.9  0.00   7  13  00:00   SSW  28.7 33.7
12   76.2  95.0  3:53pm   64.0  5:53am   0.0 20.6  0.00   6  10  00:00   SSE  28.7 28.8
13   78.4  96.8  3:13pm   64.0  3:53am   0.0 22.6  0.00  13  25  00:00   SSE  28.8 27.9
14   70.3  90.0  3:53pm   64.0  5:53am   0.0 15.2  0.00   9  16  00:00   WNW  28.9 54.5
15   71.4  90.0  1:53pm   64.0 10:53pm   0.0 15.7  0.00  13  25  00:00    NW  28.9 49.7
16   62.8  72.0  2:53pm   60.1 11:53pm   0.0  2.4  0.16  10  18  00:00   WSW  29.3 83.4
17   62.1  77.0 12:53pm   57.9  3:53am   0.0  4.6  0.10  11  21  00:00   SSW  29.3 83.8
18   67.6  87.1  3:53pm   55.9  4:53am   0.0 12.4  0.00   6  12  00:00   SSE  28.8 56.7
19   71.8  90.0  2:53pm   60.1  4:53am   0.0 15.9  0.00  14  28  00:00   WSW  28.9 47.3
20   71.5  88.0  1:53pm   64.9  3:53am   0.0 14.8  0.00  15  29  00:00     W  28.7 41.2
21   70.5  87.1 12:53pm   62.1  2:53am   0.0 13.8  0.00  19  37  00:00   WSW  28.8 38.2
22   61.2  79.0 12:53pm   57.0  9:53pm   0.0  5.1  0.07  13  25  00:00   SSW  29.3 69.5
23   57.5  68.0 12:53pm   54.0 10:53pm   2.2  0.0  0.22  15  29  00:00     S  29.4 81.7
24   51.8  55.9  2:53pm   50.0  3:53am  11.1  0.0  0.11   6  12  00:00   WSW  29.5 90.5
25   59.5  75.0  4:53pm   52.0  5:53am   0.0  2.3  0.00   9  16  00:00     S  29.3 67.7
26   65.8  84.9  1:53pm   53.1  5:53am   0.0 10.4  0.06  21  43  00:00   SSW  28.9 46.0
27   64.7  75.9  3:53pm   53.1  5:53am   0.0  5.3  0.00  12  23  00:00   SSW  28.8 45.3
28   60.5  73.9  1:53pm   55.0  4:53am   0.0  2.2  0.32  15  29  00:00   SSW  28.9 61.1
29   65.6  82.9  2:53pm   52.0  5:53am   0.0  9.3  0.00  14  27  00:00   SSW  28.8 46.0
30     67  84.0  1:53pm   52.0  5:53am   0.0 10.5  0.00  13  24  00:00    SW  28.8 41.6
31   71.7  90.0  2:53pm   57.9  2:53am   0.0 15.9  0.01  26  51  00:00     S  28.8 28.7