NOAA-Style Climate Reports

Select a Year or Month report
2018: Jan Feb Mar Apr May Jun Jul Aug Sep Oct Nov Dec
2017: Jan Feb Mar Apr May Jun Jul Aug Sep Oct Nov Dec
2016: Jan Feb Mar Apr May Jun Jul Aug Sep Oct Nov Dec
2015: Jan Feb Mar Apr May Jun Jul Aug Sep Oct Nov Dec
2014: Jan Feb Mar Apr May Jun Jul Aug Sep Oct Nov Dec
2013: Jan Feb Mar Apr May Jun Jul Aug Sep Oct Nov Dec
2012: Jan Feb Mar Apr May Jun Jul Aug Sep Oct Nov Dec
2011: Jan Feb Mar Apr May Jun Jul Aug Sep Oct Nov Dec
2010: Jan Feb Mar Apr May Jun Jul Aug Sep Oct Nov Dec
2009: Jan Feb Mar Apr May Jun Jul Aug Sep Oct Nov Dec
2008: Jan Feb Mar Apr May Jun Jul Aug Sep Oct Nov Dec
2007: Jan Feb Mar Apr May Jun Jul Aug Sep Oct Nov Dec
2006: Jan Feb Mar Apr May Jun Jul Aug Sep Oct Nov Dec
2005: Jan Feb Mar Apr May Jun Jul Aug Sep Oct Nov Dec
2004: Jan Feb Mar Apr May Jun Jul Aug Sep Oct Nov Dec
2003: Jan Feb Mar Apr May Jun Jul Aug Sep Oct Nov Dec
2002: Jan Feb Mar Apr May Jun Jul Aug Sep Oct Nov Dec
2001: Jan Feb Mar Apr May Jun Jul Aug Sep Oct Nov Dec
2000: Jan Feb Mar Apr May Jun Jul Aug Sep Oct Nov Dec
1999: Jan Feb Mar Apr May Jun Jul Aug Sep Oct Nov Dec
1998: Jan Feb Mar Apr May Jun Jul Aug Sep Oct Nov Dec
1997: Jan Feb Mar Apr May Jun Jul Aug Sep Oct Nov Dec
1996: Jan Feb Mar Apr May Jun Jul Aug Sep Oct Nov Dec
1995: Jan Feb Mar Apr May Jun Jul Aug Sep Oct Nov Dec
1994: Jan Feb Mar Apr May Jun Jul Aug Sep Oct Nov Dec
1993: Jan Feb Mar Apr May Jun Jul Aug Sep Oct Nov Dec
1992: Jan Feb Mar Apr May Jun Jul Aug Sep Oct Nov Dec
1991: Jan Feb Mar Apr May Jun Jul Aug Sep Oct Nov Dec
1990: Jan Feb Mar Apr May Jun Jul Aug Sep Oct Nov Dec
1989: Jan Feb Mar Apr May Jun Jul Aug Sep Oct Nov Dec
1988: Jan Feb Mar Apr May Jun Jul Aug Sep Oct Nov Dec
1987: Jan Feb Mar Apr May Jun Jul Aug Sep Oct Nov Dec
1986: Jan Feb Mar Apr May Jun Jul Aug Sep Oct Nov Dec

Report for 2004 August
                  MONTHLY CLIMATOLOGICAL SUMMARY FOR 8/2004
                                        HEAT  COOL        
     MEAN                               DEG   DEG       WIND SPEED       DOM MEAN  MEAN
DAY  TEMP  HIGH   TIME     LOW   TIME   DAYS  DAYS RAIN AVG  HI  TIME    DIR BAROM HUM
---------------------------------------------------------------------------------------
1    75.2  93.0  1:53pm   60.1  5:53am   0.0 19.1  0.00  13  25  00:00   SSW  28.8 25.1
2    71.3  91.0  2:53pm   60.1  3:53am   0.0 16.2  0.08  24  46  00:00     W  28.9 38.2
3    70.5  82.9 12:53pm   61.0 12:53am   0.0 11.7  0.04  12  23  00:00    SW  28.8 41.7
4    67.5  86.0  2:53pm   59.0  3:53am   0.0 11.8  0.87  20  39  00:00     S  29.1 51.8
5    65.7  84.0  1:53pm   61.0  3:53pm   0.0  9.9  0.94  21  41  00:00     S  29.0 61.8
6    67.1  82.0 12:53pm   55.9  5:53am   0.0  9.6  0.02  22  44  00:00     S  29.0 52.0
7    69.4  84.0  1:53pm   59.0  3:53am   0.0 11.7  0.00  12  23  00:00   WSW  28.8 40.3
8    64.7  78.1  4:53pm   57.0  2:53am   0.0  6.4  0.00   9  16  00:00    SW  28.9 50.8
9    63.7  79.0  3:53pm   57.0  5:53am   0.0  6.4  0.00  13  24  00:00     S  29.1 62.7
10   62.6  82.0  1:53pm   55.4 11:18pm   0.0  7.3  0.99  18  35  00:00     S  29.3 71.9
11   59.1  70.0  1:53pm   55.4  1:09am   0.4  0.0  0.04   8  15  00:00    SE  29.2 71.1
12   59.5  73.9  4:53pm   51.1  4:53am   0.0  1.7  0.00   7  14  00:00     S  28.8 51.4
13   62.2  77.0  3:53pm   51.1  4:53am   0.0  4.6  0.00   6  12  00:00    SE  28.9 46.2
14   64.4  81.0  4:53pm   53.1  5:53am   0.0  7.7  0.00  10  18  00:00     S  28.9 54.2
15   66.5  82.9  3:53pm   55.9  4:53am   0.0  9.7  0.00  13  24  00:00   SSE  28.7 50.3
16   67.2  82.9  4:53pm   57.0  5:53am   0.0 10.1  0.00   7  13  00:00   SSW  28.8 41.2
17   67.8  86.0  1:53pm   59.0  3:53am   0.0 11.9  0.00  15  29  00:00   SSW  28.7 36.6
18   59.8  73.9 10:53am   53.6  8:35pm   0.0  1.9  4.70  14  27  00:00   WSW  29.0 69.3
19   54.1  63.0  1:53pm   50.0  5:53am   6.4  0.0  0.31   7  14  00:00     S  29.1 79.9
20   58.5  72.0  3:53pm   48.9  3:53am   0.0  0.3  0.00  12  23  00:00    SW  29.0 62.6
21   61.1  75.9  1:53pm   53.1  6:53am   0.0  3.5  0.00   8  15  00:00   SSW  28.7 56.1
22   63.7  77.0 12:53pm   57.9  2:53am   0.0  5.4  0.00  12  23  00:00   SSW  28.6 48.3
23   67.5  82.9  3:53pm   55.9 12:53am   0.0 10.2  0.00   8  16  00:00   SSW  28.4 35.7
24   62.8  75.9 12:53pm   52.0  3:53am   0.0  4.4  0.00  11  21  00:00    SE  28.8 48.6
25   62.9  81.0  3:53pm   50.0  5:53am   0.0  7.0  0.00  13  25  00:00     S  28.6 42.4
26   62.2  79.0  2:53pm   54.0  5:53am   0.0  5.6  0.00  17  33  00:00    SE  28.7 46.3
27   49.6  55.0 12:53am   48.0  1:53pm  12.7  0.0  0.96   7  14  00:00   ESE  29.4 80.8
28   55.2  71.1  3:53pm   42.1  5:53am   1.8  0.0  0.01   8  15  00:00     S  29.0 59.6
29   61.6  77.0  2:53pm   51.1  5:53am   0.0  4.3  0.00   7  13  00:00    SE  28.8 45.1
30   64.8  81.0  1:53pm   55.9  5:53am   0.0  7.9  0.00  14  27  00:00    SW  29.0 38.8
31   64.3  80.1  2:53pm   53.1  4:53am   0.0  7.2  0.10  15  29  00:00     S  29.1 41.0