NOAA-Style Climate Reports

Select a Year or Month report
2018: Jan Feb Mar Apr May Jun Jul Aug Sep Oct Nov Dec
2017: Jan Feb Mar Apr May Jun Jul Aug Sep Oct Nov Dec
2016: Jan Feb Mar Apr May Jun Jul Aug Sep Oct Nov Dec
2015: Jan Feb Mar Apr May Jun Jul Aug Sep Oct Nov Dec
2014: Jan Feb Mar Apr May Jun Jul Aug Sep Oct Nov Dec
2013: Jan Feb Mar Apr May Jun Jul Aug Sep Oct Nov Dec
2012: Jan Feb Mar Apr May Jun Jul Aug Sep Oct Nov Dec
2011: Jan Feb Mar Apr May Jun Jul Aug Sep Oct Nov Dec
2010: Jan Feb Mar Apr May Jun Jul Aug Sep Oct Nov Dec
2009: Jan Feb Mar Apr May Jun Jul Aug Sep Oct Nov Dec
2008: Jan Feb Mar Apr May Jun Jul Aug Sep Oct Nov Dec
2007: Jan Feb Mar Apr May Jun Jul Aug Sep Oct Nov Dec
2006: Jan Feb Mar Apr May Jun Jul Aug Sep Oct Nov Dec
2005: Jan Feb Mar Apr May Jun Jul Aug Sep Oct Nov Dec
2004: Jan Feb Mar Apr May Jun Jul Aug Sep Oct Nov Dec
2003: Jan Feb Mar Apr May Jun Jul Aug Sep Oct Nov Dec
2002: Jan Feb Mar Apr May Jun Jul Aug Sep Oct Nov Dec
2001: Jan Feb Mar Apr May Jun Jul Aug Sep Oct Nov Dec
2000: Jan Feb Mar Apr May Jun Jul Aug Sep Oct Nov Dec
1999: Jan Feb Mar Apr May Jun Jul Aug Sep Oct Nov Dec
1998: Jan Feb Mar Apr May Jun Jul Aug Sep Oct Nov Dec
1997: Jan Feb Mar Apr May Jun Jul Aug Sep Oct Nov Dec
1996: Jan Feb Mar Apr May Jun Jul Aug Sep Oct Nov Dec
1995: Jan Feb Mar Apr May Jun Jul Aug Sep Oct Nov Dec
1994: Jan Feb Mar Apr May Jun Jul Aug Sep Oct Nov Dec
1993: Jan Feb Mar Apr May Jun Jul Aug Sep Oct Nov Dec
1992: Jan Feb Mar Apr May Jun Jul Aug Sep Oct Nov Dec
1991: Jan Feb Mar Apr May Jun Jul Aug Sep Oct Nov Dec
1990: Jan Feb Mar Apr May Jun Jul Aug Sep Oct Nov Dec
1989: Jan Feb Mar Apr May Jun Jul Aug Sep Oct Nov Dec
1988: Jan Feb Mar Apr May Jun Jul Aug Sep Oct Nov Dec
1987: Jan Feb Mar Apr May Jun Jul Aug Sep Oct Nov Dec
1986: Jan Feb Mar Apr May Jun Jul Aug Sep Oct Nov Dec

Report for 2004 September
                  MONTHLY CLIMATOLOGICAL SUMMARY FOR 9/2004
                                        HEAT  COOL        
     MEAN                               DEG   DEG       WIND SPEED       DOM MEAN  MEAN
DAY  TEMP  HIGH   TIME     LOW   TIME   DAYS  DAYS RAIN AVG  HI  TIME    DIR BAROM HUM
---------------------------------------------------------------------------------------
1    64.6  81.0  4:53pm   52.0  5:53am   0.0  7.8  0.00   7  14  00:00     S  28.9 39.9
2    68.6  82.9 11:53am   59.0  2:53am   0.0 10.8  0.00   9  16  00:00    SW  28.6 30.4
3      68  84.0  1:53pm   55.9  3:53am   0.0 11.0  0.00   8  15  00:00   WSW  28.6 33.0
4      58  69.1 12:53am   53.6 11:46pm   1.4  0.0  0.16  11  21  00:00    SW  28.7 71.2
5    54.7  68.0  2:53pm   44.1  4:53am   3.6  0.0  0.00  12  23  00:00    SW  28.8 56.9
6    58.7  73.9  2:53pm   46.0  4:53am   0.0  1.3  0.00   9  17  00:00   SSE  28.9 41.3
7    61.5  79.0  3:53pm   50.0  4:53am   0.0  5.3  0.00   5   9  00:00   SSE  28.8 41.3
8    65.7  82.0  1:53pm   53.1  3:53am   0.0  8.9  0.00   9  16  00:00   SSE  28.8 35.0
9      68  84.9  3:53pm   59.0  1:53am   0.0 11.5  0.00  10  18  00:00   SSW  28.7 28.5
10   63.6  77.0  4:53pm   54.0  5:53am   0.0  5.3  0.00  22  43  00:00     W  29.0 38.4
11   67.3  82.9  1:53pm   57.0  4:53am   0.0 10.1  0.00   8  15  00:00     S  28.8 29.0
12   69.1  84.9 12:53pm   53.1  6:53am   0.0 12.0  0.00  14  28  00:00   SSW  28.7 27.3
13   67.9  86.0  2:53pm   55.9 11:53pm   0.0 12.0  0.00  10  20  00:00     W  28.4 36.8
14   59.7  79.0 12:53pm   48.9  3:53am   0.0  4.4  0.00  16  30  00:00     S  28.5 55.4
15   55.5  72.0  4:53pm   44.1  5:53am   1.2  0.0  0.00   8  15  00:00    SE  28.7 33.2
16   63.1  84.0  2:53pm   46.0  6:53am   0.0  8.6  0.00   9  16  00:00   SSE  28.7 30.0
17   67.9  87.1  3:53pm   48.9  3:53am   0.0 12.5  0.00  12  23  00:00     S  28.6 22.4
18   69.9  87.1  2:53pm   61.0  1:53am   0.0 13.5  0.00  14  28  00:00   SSW  28.5 20.9
19   65.4  77.0 11:53am   60.1  4:53am   0.0  6.2  0.00  20  38  00:00     S  28.4 42.0
20   66.4  82.0  4:53pm   54.0 11:53pm   0.0  9.2  0.00  17  33  00:00   SSE  28.4 38.6
21     41  52.0 12:53am   39.0 11:53pm  18.5  0.0  0.68   8  15  00:00   NNW  29.4 88.7
22   41.3  53.1  2:53pm   37.4  5:06am  17.8  0.0  0.07  15  29  00:00   SSE  29.3 79.1
23   50.8  66.9  2:53pm   37.0  5:53am   6.1  0.0  0.00  12  24  00:00   WNW  29.0 46.0
24     53  66.9  1:53pm   41.0  5:53am   5.0  0.0  0.00   7  13  00:00   SSW  29.0 47.2
25   53.5  69.1 12:53pm   42.1  6:53am   3.7  0.0  0.00  12  23  00:00     S  29.0 58.5
26   56.6  72.0  1:53pm   46.0  6:53am   0.7  0.0  0.00   8  15  00:00   SSE  28.9 49.8
27   54.6  69.1  2:53pm   46.9  6:53am   3.1  0.0  0.47  12  22  00:00     S  29.3 62.9
28   50.2  62.1 12:53pm   43.0  6:53am   8.8  0.0  0.00   9  16  00:00     S  29.2 76.0
29   55.3  72.0  1:53pm   45.0  1:53am   1.3  0.0  0.01  10  20  00:00   SSW  28.9 57.4
30   48.9  54.0 12:53pm   48.0 12:53am  13.5  0.0  0.30   7  14  00:00     S  28.8 77.2