NOAA-Style Climate Reports

Select a Year or Month report
2018: Jan Feb Mar Apr May Jun Jul Aug Sep Oct Nov Dec
2017: Jan Feb Mar Apr May Jun Jul Aug Sep Oct Nov Dec
2016: Jan Feb Mar Apr May Jun Jul Aug Sep Oct Nov Dec
2015: Jan Feb Mar Apr May Jun Jul Aug Sep Oct Nov Dec
2014: Jan Feb Mar Apr May Jun Jul Aug Sep Oct Nov Dec
2013: Jan Feb Mar Apr May Jun Jul Aug Sep Oct Nov Dec
2012: Jan Feb Mar Apr May Jun Jul Aug Sep Oct Nov Dec
2011: Jan Feb Mar Apr May Jun Jul Aug Sep Oct Nov Dec
2010: Jan Feb Mar Apr May Jun Jul Aug Sep Oct Nov Dec
2009: Jan Feb Mar Apr May Jun Jul Aug Sep Oct Nov Dec
2008: Jan Feb Mar Apr May Jun Jul Aug Sep Oct Nov Dec
2007: Jan Feb Mar Apr May Jun Jul Aug Sep Oct Nov Dec
2006: Jan Feb Mar Apr May Jun Jul Aug Sep Oct Nov Dec
2005: Jan Feb Mar Apr May Jun Jul Aug Sep Oct Nov Dec
2004: Jan Feb Mar Apr May Jun Jul Aug Sep Oct Nov Dec
2003: Jan Feb Mar Apr May Jun Jul Aug Sep Oct Nov Dec
2002: Jan Feb Mar Apr May Jun Jul Aug Sep Oct Nov Dec
2001: Jan Feb Mar Apr May Jun Jul Aug Sep Oct Nov Dec
2000: Jan Feb Mar Apr May Jun Jul Aug Sep Oct Nov Dec
1999: Jan Feb Mar Apr May Jun Jul Aug Sep Oct Nov Dec
1998: Jan Feb Mar Apr May Jun Jul Aug Sep Oct Nov Dec
1997: Jan Feb Mar Apr May Jun Jul Aug Sep Oct Nov Dec
1996: Jan Feb Mar Apr May Jun Jul Aug Sep Oct Nov Dec
1995: Jan Feb Mar Apr May Jun Jul Aug Sep Oct Nov Dec
1994: Jan Feb Mar Apr May Jun Jul Aug Sep Oct Nov Dec
1993: Jan Feb Mar Apr May Jun Jul Aug Sep Oct Nov Dec
1992: Jan Feb Mar Apr May Jun Jul Aug Sep Oct Nov Dec
1991: Jan Feb Mar Apr May Jun Jul Aug Sep Oct Nov Dec
1990: Jan Feb Mar Apr May Jun Jul Aug Sep Oct Nov Dec
1989: Jan Feb Mar Apr May Jun Jul Aug Sep Oct Nov Dec
1988: Jan Feb Mar Apr May Jun Jul Aug Sep Oct Nov Dec
1987: Jan Feb Mar Apr May Jun Jul Aug Sep Oct Nov Dec
1986: Jan Feb Mar Apr May Jun Jul Aug Sep Oct Nov Dec

Report for 2004 October
                  MONTHLY CLIMATOLOGICAL SUMMARY FOR 10/2004
                                        HEAT  COOL        
     MEAN                               DEG   DEG       WIND SPEED       DOM MEAN  MEAN
DAY  TEMP  HIGH   TIME     LOW   TIME   DAYS  DAYS RAIN AVG  HI  TIME    DIR BAROM HUM
---------------------------------------------------------------------------------------
1      43  48.0 12:53am   39.9  8:53pm  19.5  0.0  0.32   9  17  00:00   SSE  29.3 86.6
2    50.4  66.9  1:53pm   36.0  4:53am   6.3  0.0  0.00   4   7  00:00    SW  29.0 59.7
3    53.6  68.0  1:53pm   43.0  2:53am   4.2  0.0  0.00   6  10  00:00   WSW  29.0 48.7
4    51.7  64.9  1:53pm   43.0  6:53am   6.7  0.0  0.01  13  25  00:00     S  29.1 61.8
5    51.1  64.9  1:53pm   42.1  6:53am   7.0  0.0  0.75  12  22  00:00     S  29.0 64.1
6    46.9  51.8 12:39pm   43.0  5:53am  15.6  0.0  0.77   7  13  00:00     W  29.2 85.0
7    54.4  69.1  2:53pm   45.0  5:53am   3.2  0.0  0.00   8  15  00:00     W  28.9 43.1
8    51.3  66.0  2:53pm   41.0  6:53am   6.3  0.0  0.00  10  18  00:00   SSE  29.1 45.9
9    54.6  73.9  2:53pm   42.1  6:53am   0.7  0.0  0.00   8  15  00:00   SSE  28.8 33.4
10   51.8  69.1  2:53pm   42.1  6:53am   4.5  0.0  0.00   8  15  00:00     S  28.8 45.2
11   46.6  55.9  1:53pm   41.0  6:53am  13.7  0.0  0.00   6  12  00:00    SW  28.9 67.4
12   49.5  64.9  3:53pm   41.0  5:53am   7.8  0.0  0.00  14  28  00:00   SSE  28.9 57.2
13   38.9  45.0 11:53am   33.1 11:53pm  23.0  0.0  0.64  13  25  00:00     S  29.2 73.9
14   47.1  64.0  3:53pm   32.0  1:53am   9.4  0.0  0.00  14  28  00:00     W  28.8 51.2
15   40.3  53.1  9:53am   35.1 10:53pm  18.3  0.0  0.02  12  23  00:00     E  28.8 78.1
16   50.8  73.0  3:53pm   36.0 12:53am   3.1  0.0  0.00   7  14  00:00   SSE  28.5 52.1
17   55.8  71.1 12:53pm   43.0 11:53pm   1.5  0.0  0.00  13  25  00:00   WSW  28.4 32.9
18   49.6  64.9  2:53pm   39.9  2:53am   7.7  0.0  0.00   9  17  00:00   SSE  28.4 46.7
19   48.7  63.0  1:53pm   42.1  5:53am   9.1  0.0  0.00   9  17  00:00   SSW  28.6 48.1
20   52.5  71.1  3:53pm   39.9  4:53am   3.2  0.0  0.00   9  17  00:00   SSW  28.6 45.6
21     58  73.0  2:53pm   48.9  4:53am   0.0  0.5  0.00  17  32  00:00   SSW  28.4 25.0
22   48.8  57.9  9:53am   37.9 10:53pm  11.6  0.0  0.00  22  43  00:00     W  28.4 38.0
23   48.4  66.0  2:53pm   36.0 12:53am   7.8  0.0  0.00  15  29  00:00   SSW  28.5 28.2
24   46.4  60.1 12:53pm   36.0 11:53pm  11.7  0.0  0.00   7  13  00:00   ESE  28.6 40.1
25   42.7  59.0  3:53pm   35.1  1:53am  14.1  0.0  0.00  14  28  00:00   SSW  28.7 62.7
26   45.3  66.0  3:53pm   32.0  5:53am   9.3  0.0  0.00   8  15  00:00    SW  28.7 60.0
27   47.8  64.0  2:53pm   39.0  5:53am   9.1  0.0  0.00   6  12  00:00   SSW  28.6 60.3
28   55.6  71.1  2:53pm   45.0  7:53am   1.6  0.0  0.00  16  31  00:00   SSW  28.5 38.7
29   43.6  52.0 12:53pm   30.9 11:53pm  17.2  0.0  0.00  20  38  00:00   WNW  28.6 35.4
30   39.7  55.9  1:53pm   28.0  4:53am  17.2  0.0  0.00   7  13  00:00   WSW  28.7 37.9
31   34.3  53.1  1:53pm   25.0  2:53am  21.3  0.0  0.36  13  25  00:00   SSE  28.5 61.8