NOAA-Style Climate Reports

Select a Year or Month report
2018: Jan Feb Mar Apr May Jun Jul Aug Sep Oct Nov Dec
2017: Jan Feb Mar Apr May Jun Jul Aug Sep Oct Nov Dec
2016: Jan Feb Mar Apr May Jun Jul Aug Sep Oct Nov Dec
2015: Jan Feb Mar Apr May Jun Jul Aug Sep Oct Nov Dec
2014: Jan Feb Mar Apr May Jun Jul Aug Sep Oct Nov Dec
2013: Jan Feb Mar Apr May Jun Jul Aug Sep Oct Nov Dec
2012: Jan Feb Mar Apr May Jun Jul Aug Sep Oct Nov Dec
2011: Jan Feb Mar Apr May Jun Jul Aug Sep Oct Nov Dec
2010: Jan Feb Mar Apr May Jun Jul Aug Sep Oct Nov Dec
2009: Jan Feb Mar Apr May Jun Jul Aug Sep Oct Nov Dec
2008: Jan Feb Mar Apr May Jun Jul Aug Sep Oct Nov Dec
2007: Jan Feb Mar Apr May Jun Jul Aug Sep Oct Nov Dec
2006: Jan Feb Mar Apr May Jun Jul Aug Sep Oct Nov Dec
2005: Jan Feb Mar Apr May Jun Jul Aug Sep Oct Nov Dec
2004: Jan Feb Mar Apr May Jun Jul Aug Sep Oct Nov Dec
2003: Jan Feb Mar Apr May Jun Jul Aug Sep Oct Nov Dec
2002: Jan Feb Mar Apr May Jun Jul Aug Sep Oct Nov Dec
2001: Jan Feb Mar Apr May Jun Jul Aug Sep Oct Nov Dec
2000: Jan Feb Mar Apr May Jun Jul Aug Sep Oct Nov Dec
1999: Jan Feb Mar Apr May Jun Jul Aug Sep Oct Nov Dec
1998: Jan Feb Mar Apr May Jun Jul Aug Sep Oct Nov Dec
1997: Jan Feb Mar Apr May Jun Jul Aug Sep Oct Nov Dec
1996: Jan Feb Mar Apr May Jun Jul Aug Sep Oct Nov Dec
1995: Jan Feb Mar Apr May Jun Jul Aug Sep Oct Nov Dec
1994: Jan Feb Mar Apr May Jun Jul Aug Sep Oct Nov Dec
1993: Jan Feb Mar Apr May Jun Jul Aug Sep Oct Nov Dec
1992: Jan Feb Mar Apr May Jun Jul Aug Sep Oct Nov Dec
1991: Jan Feb Mar Apr May Jun Jul Aug Sep Oct Nov Dec
1990: Jan Feb Mar Apr May Jun Jul Aug Sep Oct Nov Dec
1989: Jan Feb Mar Apr May Jun Jul Aug Sep Oct Nov Dec
1988: Jan Feb Mar Apr May Jun Jul Aug Sep Oct Nov Dec
1987: Jan Feb Mar Apr May Jun Jul Aug Sep Oct Nov Dec
1986: Jan Feb Mar Apr May Jun Jul Aug Sep Oct Nov Dec

Report for 2004 November
                  MONTHLY CLIMATOLOGICAL SUMMARY FOR 11/2004
                                        HEAT  COOL        
     MEAN                               DEG   DEG       WIND SPEED       DOM MEAN  MEAN
DAY  TEMP  HIGH   TIME     LOW   TIME   DAYS  DAYS RAIN AVG  HI  TIME    DIR BAROM HUM
---------------------------------------------------------------------------------------
1    25.9  30.9  1:53pm   18.0 11:53pm  36.6  0.0  0.03  17  32  00:00    SW  29.3 75.8
2    27.7  43.0  1:53pm   14.0  1:53am  29.6  0.0  0.00   6  13  00:00     S  29.2 53.7
3    39.7  57.0  2:53pm   26.1  1:53am  16.6  0.0  0.00   4   7  00:00     S  28.9 47.0
4    37.9  50.0  2:53pm   33.1  6:53am  21.0  0.0  0.00   7  13  00:00    SW  29.2 66.3
5    50.3  70.0  1:53pm   37.0  4:53am   4.8  0.0  0.00   9  16  00:00   WSW  29.0 25.9
6    51.2  68.0 11:53am   39.0 11:53pm   5.4  0.0  0.00   8  16  00:00    SW  28.9 22.9
7    48.6  68.0  1:53pm   37.0  1:53am   6.7  0.0  0.00   7  13  00:00     S  28.9 29.9
8    48.7  66.0  1:53pm   41.0  1:53am   7.6  0.0  0.00   5   9  00:00   SSW  28.9 39.1
9    50.7  64.9 11:53am   41.0  1:53am   7.2  0.0  0.00  15  29  00:00    SW  28.6 44.8
10   35.3  46.4  2:22am   28.0  7:53pm  24.1  0.0  0.41  18  37  00:00    NW  29.6 81.0
11   32.2  43.0 12:53pm   26.1  5:53am  27.4  0.0  0.04   6  12  00:00   WNW  29.1 70.7
12   35.1  43.0 11:53am   28.0  4:53am  25.9  0.0  0.00   7  13  00:00     S  29.2 70.9
13   33.4  42.1  1:53pm   30.9  2:53am  27.2  0.0  0.00  14  28  00:00     S  29.1 71.4
14   33.6  48.0  1:53pm   26.1  5:53am  24.2  0.0  0.00   8  15  00:00     S  29.2 71.4
15   38.5  55.9  1:53pm   27.0  4:53am  17.8  0.0  0.00   6  10  00:00    SW  29.0 59.5
16   42.3  59.0  1:53pm   30.9  5:53am  14.3  0.0  0.00   5   8  00:00   SSW  28.9 51.1
17   43.8  54.0 11:53am   36.0 12:53am  16.1  0.0  0.02   9  17  00:00    SW  29.0 49.7
18   38.1  50.0  2:53pm   32.0 11:53pm  20.9  0.0  0.00   5   9  00:00   SSE  29.1 72.9
19   36.8  51.1 10:53am   27.0  5:53am  21.0  0.0  0.00   8  15  00:00   ENE  28.8 62.6
20   27.4  30.2 12:26am   26.1  4:53am  36.2  0.0  0.18   9  16  00:00   ESE  29.4 86.1
21   26.6  34.0  2:53pm   24.1  2:53am  34.7  0.0  0.00  10  18  00:00     S  29.1 79.4
22   36.9  55.0  1:53pm   21.9  1:53am  19.0  0.0  0.00   7  13  00:00   SSW  28.8 56.2
23   31.1  41.0  2:53pm   27.0 11:53pm  28.9  0.0  0.10   6  13  00:00    SW  29.1 78.4
24     31  42.1  1:53pm   19.0  3:53am  28.4  0.0  0.00   8  15  00:00   WSW  28.8 58.2
25     42  57.9  1:53pm   32.0  1:53am  15.0  0.0  0.00   5   9  00:00   SSW  28.6 45.0
26   33.2  42.1  1:53pm   21.9 11:53pm  27.3  0.0  0.00  14  28  00:00   SSW  28.8 70.2
27   25.6  36.0 12:53pm   17.1  3:53am  34.2  0.0  0.00   9  17  00:00   SSE  28.9 73.3
28   20.7  27.0 12:53am   15.8  9:58pm  41.1  0.0  0.36  13  24  00:00    NW  29.2 88.3
29   13.3  19.0  1:53pm    5.0  9:53pm  48.8  0.0  0.07   7  13  00:00    NW  29.4 79.2
30   21.8  39.0  3:53pm   10.0  1:53am  34.6  0.0  0.00   6  12  00:00   SSW  28.9 49.0