NOAA-Style Climate Reports

Select a Year or Month report
2018: Jan Feb Mar Apr May Jun Jul Aug Sep Oct Nov Dec
2017: Jan Feb Mar Apr May Jun Jul Aug Sep Oct Nov Dec
2016: Jan Feb Mar Apr May Jun Jul Aug Sep Oct Nov Dec
2015: Jan Feb Mar Apr May Jun Jul Aug Sep Oct Nov Dec
2014: Jan Feb Mar Apr May Jun Jul Aug Sep Oct Nov Dec
2013: Jan Feb Mar Apr May Jun Jul Aug Sep Oct Nov Dec
2012: Jan Feb Mar Apr May Jun Jul Aug Sep Oct Nov Dec
2011: Jan Feb Mar Apr May Jun Jul Aug Sep Oct Nov Dec
2010: Jan Feb Mar Apr May Jun Jul Aug Sep Oct Nov Dec
2009: Jan Feb Mar Apr May Jun Jul Aug Sep Oct Nov Dec
2008: Jan Feb Mar Apr May Jun Jul Aug Sep Oct Nov Dec
2007: Jan Feb Mar Apr May Jun Jul Aug Sep Oct Nov Dec
2006: Jan Feb Mar Apr May Jun Jul Aug Sep Oct Nov Dec
2005: Jan Feb Mar Apr May Jun Jul Aug Sep Oct Nov Dec
2004: Jan Feb Mar Apr May Jun Jul Aug Sep Oct Nov Dec
2003: Jan Feb Mar Apr May Jun Jul Aug Sep Oct Nov Dec
2002: Jan Feb Mar Apr May Jun Jul Aug Sep Oct Nov Dec
2001: Jan Feb Mar Apr May Jun Jul Aug Sep Oct Nov Dec
2000: Jan Feb Mar Apr May Jun Jul Aug Sep Oct Nov Dec
1999: Jan Feb Mar Apr May Jun Jul Aug Sep Oct Nov Dec
1998: Jan Feb Mar Apr May Jun Jul Aug Sep Oct Nov Dec
1997: Jan Feb Mar Apr May Jun Jul Aug Sep Oct Nov Dec
1996: Jan Feb Mar Apr May Jun Jul Aug Sep Oct Nov Dec
1995: Jan Feb Mar Apr May Jun Jul Aug Sep Oct Nov Dec
1994: Jan Feb Mar Apr May Jun Jul Aug Sep Oct Nov Dec
1993: Jan Feb Mar Apr May Jun Jul Aug Sep Oct Nov Dec
1992: Jan Feb Mar Apr May Jun Jul Aug Sep Oct Nov Dec
1991: Jan Feb Mar Apr May Jun Jul Aug Sep Oct Nov Dec
1990: Jan Feb Mar Apr May Jun Jul Aug Sep Oct Nov Dec
1989: Jan Feb Mar Apr May Jun Jul Aug Sep Oct Nov Dec
1988: Jan Feb Mar Apr May Jun Jul Aug Sep Oct Nov Dec
1987: Jan Feb Mar Apr May Jun Jul Aug Sep Oct Nov Dec
1986: Jan Feb Mar Apr May Jun Jul Aug Sep Oct Nov Dec

Report for 2004 December
                  MONTHLY CLIMATOLOGICAL SUMMARY FOR 12/2004
                                        HEAT  COOL        
     MEAN                               DEG   DEG       WIND SPEED       DOM MEAN  MEAN
DAY  TEMP  HIGH   TIME     LOW   TIME   DAYS  DAYS RAIN AVG  HI  TIME    DIR BAROM HUM
---------------------------------------------------------------------------------------
1    20.8  33.1  1:53pm   15.1  4:53am  38.0  0.0  0.00   5   8  00:00   WSW  29.0 59.0
2    20.4  36.0  2:53pm    9.0  5:53am  36.8  0.0  0.00   5   9  00:00   SSW  29.0 56.2
3    26.8  43.0 12:53pm   10.9  2:53am  30.1  0.0  0.00   7  13  00:00   SSE  28.9 45.4
4    34.7  48.9 11:53am   24.1  4:53am  23.2  0.0  0.00   8  16  00:00   SSE  28.7 47.6
5    33.3  46.0  1:53pm   28.9  6:53am  25.3  0.0  0.00   7  14  00:00    SW  28.5 56.4
6    30.8  42.1 12:53pm   23.0 11:53pm  28.5  0.0  0.00   7  13  00:00   SSW  28.5 45.3
7    33.6  52.0  2:53pm   21.9  2:53am  22.2  0.0  0.00   8  15  00:00   SSW  28.6 42.2
8    35.2  50.0  1:53pm   26.1  2:53am  22.4  0.0  0.00   9  17  00:00    SW  28.6 44.4
9    39.6  50.0 11:53am   30.0 11:53pm  20.2  0.0  0.00  25  48  00:00   WSW  28.7 48.5
10   43.6  57.9 12:53pm   30.9  5:53am  14.2  0.0  0.00  14  27  00:00    NW  28.9 41.0
11   50.3  68.0  1:53pm   39.9  1:53am   5.8  0.0  0.00  14  27  00:00     W  28.7 29.3
12   33.9  48.9 12:53am   25.0 10:53pm  23.6  0.0  0.00  12  22  00:00   ENE  29.2 60.7
13   28.7  37.9  1:53pm   23.0  6:53am  31.7  0.0  0.00   5   9  00:00    SE  29.4 52.4
14   36.2  55.0 12:53pm   23.0  5:53am  19.4  0.0  0.00   6  12  00:00   SSW  29.1 48.8
15   34.4  44.1 12:53pm   30.0 11:53pm  25.7  0.0  0.09   9  16  00:00   SSE  29.4 66.9
16   29.8  39.9  2:53pm   21.0  6:53am  30.1  0.0  0.10   7  14  00:00   WSW  29.5 71.4
17   35.3  48.9 10:53am   30.0  2:53am  22.9  0.0  0.00  13  24  00:00    SW  29.2 41.0
18   32.7  46.0 10:53am   26.1  2:53am  25.6  0.0  0.00   7  14  00:00   SSE  29.2 48.3
19   41.7  60.1  2:53pm   25.0  1:53am  14.1  0.0  0.00  14  27  00:00   WSW  28.9 31.7
20   39.4  57.0 10:53am   26.1 11:53pm  16.8  0.0  0.00  22  43  00:00    SW  28.5 35.5
21   23.7  33.1  9:53am   19.0  6:53pm  36.6  0.0  0.05   9  17  00:00    SE  28.9 71.9
22   17.7  24.1 12:53pm   12.2  9:30pm  44.1  0.0  0.04   7  13  00:00   SSE  29.3 81.2
23    3.7  14.0 12:53am   -7.1  6:53pm  56.1  0.0  0.01  14  28  00:00   WSW  29.5 76.7
24   25.2  42.1  1:53pm    5.0 12:53am  31.3  0.0  0.00   6  13  00:00   SSW  28.9 47.3
25   34.1  48.0  1:53pm   24.1  3:53am  23.9  0.0  0.00   9  16  00:00     S  28.8 49.0
26   36.1  52.0 12:53pm   30.0  2:53am  20.9  0.0  0.00   7  13  00:00     S  28.8 42.7
27   37.8  48.9 12:53pm   33.1 12:53am  21.6  0.0  0.00   5   9  00:00     S  28.9 46.7
28   40.2  55.0  1:53pm   32.0  6:53am  17.4  0.0  0.00  10  18  00:00     S  28.8 41.2
29   43.1  59.0  2:53pm   33.1  7:53pm  13.9  0.0  0.00  16  30  00:00   SSW  28.6 46.3
30   40.6  51.1  1:53pm   36.0  5:53am  19.1  0.0  0.00  19  37  00:00   WSW  28.4 33.6
31   40.1  55.0  1:53pm   34.0  2:53am  17.4  0.0  0.00  10  20  00:00   SSE  28.7 31.0