NOAA-Style Climate Reports

Select a Year or Month report
2018: Jan Feb Mar Apr May Jun Jul Aug Sep Oct Nov Dec
2017: Jan Feb Mar Apr May Jun Jul Aug Sep Oct Nov Dec
2016: Jan Feb Mar Apr May Jun Jul Aug Sep Oct Nov Dec
2015: Jan Feb Mar Apr May Jun Jul Aug Sep Oct Nov Dec
2014: Jan Feb Mar Apr May Jun Jul Aug Sep Oct Nov Dec
2013: Jan Feb Mar Apr May Jun Jul Aug Sep Oct Nov Dec
2012: Jan Feb Mar Apr May Jun Jul Aug Sep Oct Nov Dec
2011: Jan Feb Mar Apr May Jun Jul Aug Sep Oct Nov Dec
2010: Jan Feb Mar Apr May Jun Jul Aug Sep Oct Nov Dec
2009: Jan Feb Mar Apr May Jun Jul Aug Sep Oct Nov Dec
2008: Jan Feb Mar Apr May Jun Jul Aug Sep Oct Nov Dec
2007: Jan Feb Mar Apr May Jun Jul Aug Sep Oct Nov Dec
2006: Jan Feb Mar Apr May Jun Jul Aug Sep Oct Nov Dec
2005: Jan Feb Mar Apr May Jun Jul Aug Sep Oct Nov Dec
2004: Jan Feb Mar Apr May Jun Jul Aug Sep Oct Nov Dec
2003: Jan Feb Mar Apr May Jun Jul Aug Sep Oct Nov Dec
2002: Jan Feb Mar Apr May Jun Jul Aug Sep Oct Nov Dec
2001: Jan Feb Mar Apr May Jun Jul Aug Sep Oct Nov Dec
2000: Jan Feb Mar Apr May Jun Jul Aug Sep Oct Nov Dec
1999: Jan Feb Mar Apr May Jun Jul Aug Sep Oct Nov Dec
1998: Jan Feb Mar Apr May Jun Jul Aug Sep Oct Nov Dec
1997: Jan Feb Mar Apr May Jun Jul Aug Sep Oct Nov Dec
1996: Jan Feb Mar Apr May Jun Jul Aug Sep Oct Nov Dec
1995: Jan Feb Mar Apr May Jun Jul Aug Sep Oct Nov Dec
1994: Jan Feb Mar Apr May Jun Jul Aug Sep Oct Nov Dec
1993: Jan Feb Mar Apr May Jun Jul Aug Sep Oct Nov Dec
1992: Jan Feb Mar Apr May Jun Jul Aug Sep Oct Nov Dec
1991: Jan Feb Mar Apr May Jun Jul Aug Sep Oct Nov Dec
1990: Jan Feb Mar Apr May Jun Jul Aug Sep Oct Nov Dec
1989: Jan Feb Mar Apr May Jun Jul Aug Sep Oct Nov Dec
1988: Jan Feb Mar Apr May Jun Jul Aug Sep Oct Nov Dec
1987: Jan Feb Mar Apr May Jun Jul Aug Sep Oct Nov Dec
1986: Jan Feb Mar Apr May Jun Jul Aug Sep Oct Nov Dec

Report for 2005 January
                  MONTHLY CLIMATOLOGICAL SUMMARY FOR 1/2005
                                        HEAT  COOL        
     MEAN                               DEG   DEG       WIND SPEED       DOM MEAN  MEAN
DAY  TEMP  HIGH   TIME     LOW   TIME   DAYS  DAYS RAIN AVG  HI  TIME    DIR BAROM HUM
---------------------------------------------------------------------------------------
1    33.7  50.0 10:53am   24.1  6:53am  23.1  0.0  0.00  14  28  00:00     S  28.6 51.2
2    27.2  34.0  1:53pm   23.0  1:53am  34.4  0.0  0.00   7  14  00:00     W  28.9 67.0
3    29.9  48.9  1:53pm   21.0  2:53am  25.6  0.0  0.00   6  12  00:00   SSW  28.9 66.2
4    17.8  28.0 12:53am    6.1 11:53pm  42.1  0.0  0.04   9  17  00:00   SSW  29.4 89.7
5     3.1   7.0  3:53pm    1.0  6:53pm  59.9  0.0  0.04   4   8  00:00   ESE  29.4 80.8
6      24  39.0  1:53pm    7.0 12:53am  33.5  0.0  0.00   6  12  00:00   SSE  28.6 51.6
7    19.6  28.9  2:53pm   10.9  7:53am  40.7  0.0  0.00   9  16  00:00     S  28.7 58.6
8    38.4  46.9  1:53pm   12.9 12:53am  22.3  0.0  0.00  18  36  00:00    SW  28.7 42.5
9    45.4  59.0 12:53pm   37.9 10:53pm  12.8  0.0  0.00  17  32  00:00   WSW  28.7 38.2
10   37.9  54.0 10:53am   27.0 11:53pm  19.0  0.0  0.00   7  13  00:00    SW  28.6 64.1
11   30.8  39.9  2:53pm   27.0  8:53am  29.6  0.0  0.00   5   9  00:00    SW  28.8 90.0
12   25.4  30.2  5:10am   17.1  7:53pm  37.2  0.0  0.24  14  27  00:00    SW  28.8 85.3
13   24.6  37.0  1:53pm   15.1  7:53am  34.2  0.0  0.00  12  23  00:00     S  28.9 45.8
14     22  45.0  2:53pm    9.0 12:53am  31.5  0.0  0.00   8  15  00:00     S  29.2 61.1
15   20.8  44.1  2:53pm   10.0  7:53am  32.5  0.0  0.00  10  20  00:00   SSW  29.5 70.4
16   24.1  44.1  3:53pm   12.9  2:53am  30.9  0.0  0.00   6  10  00:00   WSW  29.2 70.6
17   33.2  48.0  1:53pm   27.0  2:53am  24.4  0.0  0.00   5   9  00:00   SSW  29.1 61.2
18   41.8  57.0  2:53pm   30.9 12:53am  15.6  0.0  0.00   9  17  00:00    SW  29.0 44.5
19   44.8  64.0  1:53pm   35.1  3:53am  10.6  0.0  0.00   6  12  00:00    SW  29.1 44.4
20   50.1  68.0  1:53pm   39.0  5:53am   5.9  0.0  0.00   7  14  00:00   SSW  28.9 28.1
21   45.6  61.0 12:53pm   37.0 11:53pm  11.7  0.0  0.00  12  24  00:00     S  28.8 39.5
22   33.9  46.0 12:53pm   28.0  8:53pm  25.0  0.0  0.00   6  13  00:00   SSE  29.1 66.2
23   45.6  66.0  1:53pm   33.1 12:53am   9.2  0.0  0.00   7  13  00:00     S  28.9 31.6
24   43.6  63.0 12:53pm   30.9  6:53am  11.7  0.0  0.00   6  12  00:00   WNW  28.8 37.7
25   40.8  55.9 12:53pm   28.9 11:53pm  16.6  0.0  0.00   9  16  00:00   SSE  28.8 40.6
26   36.7  48.9 12:53pm   27.0  5:53am  22.2  0.0  0.00   4   7  00:00    SW  28.9 52.1
27   36.5  50.0  2:53pm   30.0  5:53am  21.7  0.0  0.00   6  10  00:00    SW  28.6 65.1
28   36.5  46.9  1:53pm   32.0  2:53am  23.3  0.0  0.00   5   9  00:00     S  28.8 66.8
29   34.7  42.1 12:53pm   30.0  2:53am  26.6  0.0  0.13   7  13  00:00    SE  29.2 80.3
30   31.9  37.0  2:53pm   30.0  8:53am  30.5  0.0  0.17   6  10  00:00     W  29.4 90.3
31   26.7  32.0 12:53pm   23.0  8:53pm  35.6  0.0  0.18  16  30  00:00   WSW  29.4 81.4