NOAA-Style Climate Reports

Select a Year or Month report
2018: Jan Feb Mar Apr May Jun Jul Aug Sep Oct Nov Dec
2017: Jan Feb Mar Apr May Jun Jul Aug Sep Oct Nov Dec
2016: Jan Feb Mar Apr May Jun Jul Aug Sep Oct Nov Dec
2015: Jan Feb Mar Apr May Jun Jul Aug Sep Oct Nov Dec
2014: Jan Feb Mar Apr May Jun Jul Aug Sep Oct Nov Dec
2013: Jan Feb Mar Apr May Jun Jul Aug Sep Oct Nov Dec
2012: Jan Feb Mar Apr May Jun Jul Aug Sep Oct Nov Dec
2011: Jan Feb Mar Apr May Jun Jul Aug Sep Oct Nov Dec
2010: Jan Feb Mar Apr May Jun Jul Aug Sep Oct Nov Dec
2009: Jan Feb Mar Apr May Jun Jul Aug Sep Oct Nov Dec
2008: Jan Feb Mar Apr May Jun Jul Aug Sep Oct Nov Dec
2007: Jan Feb Mar Apr May Jun Jul Aug Sep Oct Nov Dec
2006: Jan Feb Mar Apr May Jun Jul Aug Sep Oct Nov Dec
2005: Jan Feb Mar Apr May Jun Jul Aug Sep Oct Nov Dec
2004: Jan Feb Mar Apr May Jun Jul Aug Sep Oct Nov Dec
2003: Jan Feb Mar Apr May Jun Jul Aug Sep Oct Nov Dec
2002: Jan Feb Mar Apr May Jun Jul Aug Sep Oct Nov Dec
2001: Jan Feb Mar Apr May Jun Jul Aug Sep Oct Nov Dec
2000: Jan Feb Mar Apr May Jun Jul Aug Sep Oct Nov Dec
1999: Jan Feb Mar Apr May Jun Jul Aug Sep Oct Nov Dec
1998: Jan Feb Mar Apr May Jun Jul Aug Sep Oct Nov Dec
1997: Jan Feb Mar Apr May Jun Jul Aug Sep Oct Nov Dec
1996: Jan Feb Mar Apr May Jun Jul Aug Sep Oct Nov Dec
1995: Jan Feb Mar Apr May Jun Jul Aug Sep Oct Nov Dec
1994: Jan Feb Mar Apr May Jun Jul Aug Sep Oct Nov Dec
1993: Jan Feb Mar Apr May Jun Jul Aug Sep Oct Nov Dec
1992: Jan Feb Mar Apr May Jun Jul Aug Sep Oct Nov Dec
1991: Jan Feb Mar Apr May Jun Jul Aug Sep Oct Nov Dec
1990: Jan Feb Mar Apr May Jun Jul Aug Sep Oct Nov Dec
1989: Jan Feb Mar Apr May Jun Jul Aug Sep Oct Nov Dec
1988: Jan Feb Mar Apr May Jun Jul Aug Sep Oct Nov Dec
1987: Jan Feb Mar Apr May Jun Jul Aug Sep Oct Nov Dec
1986: Jan Feb Mar Apr May Jun Jul Aug Sep Oct Nov Dec

Report for 2005 February
                  MONTHLY CLIMATOLOGICAL SUMMARY FOR 2/2005
                                        HEAT  COOL        
     MEAN                               DEG   DEG       WIND SPEED       DOM MEAN  MEAN
DAY  TEMP  HIGH   TIME     LOW   TIME   DAYS  DAYS RAIN AVG  HI  TIME    DIR BAROM HUM
---------------------------------------------------------------------------------------
1    26.4  36.0  2:53pm   18.0  7:53am  33.8  0.0  0.00   6  12  00:00     W  29.2 63.4
2    28.8  41.0  3:53pm   21.0  3:53am  30.1  0.0  0.00   6  10  00:00   SSW  29.1 54.6
3    34.3  48.9  1:53pm   21.9 12:53am  23.4  0.0  0.00   5   9  00:00     S  29.2 53.6
4    39.1  55.0 12:53pm   28.0  6:53am  17.9  0.0  0.00   5   9  00:00     S  28.9 48.3
5    41.1  57.0  1:53pm   33.1  4:53am  15.9  0.0  0.00   8  15  00:00   SSW  28.6 31.6
6    26.3  37.0 12:53am   24.1  8:53am  33.3  0.0  0.00   6  10  00:00    SW  29.1 76.2
7    27.3  35.1  1:53pm   26.1 12:53am  33.8  0.0  0.00   7  13  00:00     W  28.9 76.3
8    25.2  34.0  3:53pm   19.9 11:53pm  35.4  0.0  0.01   5   9  00:00     E  29.2 77.4
9    27.4  43.0  2:53pm   16.0  4:53am  29.8  0.0  0.00   7  13  00:00    SW  29.0 49.5
10   35.4  54.0 12:53pm   21.9  2:53am  20.3  0.0  0.00  10  18  00:00    SE  29.1 25.8
11   39.8  57.0  2:53pm   28.0  6:53am  16.6  0.0  0.00   6  10  00:00     S  28.9 28.1
12   43.5  55.0 11:53am   37.0 12:53am  15.7  0.0  0.00  10  18  00:00   NNW  28.5 35.2
13   42.5  57.0  2:53pm   30.9  2:53am  15.2  0.0  0.00  15  29  00:00     W  28.7 34.2
14   43.6  59.0  1:53pm   32.0  6:53am  13.7  0.0  0.00   9  17  00:00     S  28.5 34.3
15   26.6  30.9 10:53am   23.0  7:53pm  36.2  0.0  0.10   7  14  00:00    SE  29.4 86.2
16   24.1  28.0 12:53pm   18.0 11:53pm  38.9  0.0  0.00   9  17  00:00     W  29.2 77.3
17   31.4  51.1  1:53pm   17.1  5:53am  23.7  0.0  0.00   7  14  00:00    SE  29.0 40.9
18   29.3  43.0 12:53pm   19.0 12:53am  28.8  0.0  0.00   5   9  00:00   WSW  28.9 50.4
19   42.1  60.8  1:09pm   24.1  3:53am  13.5  0.0  0.00  17  33  00:00   WSW  28.7 42.0
20   38.5  55.0 12:53pm   28.9 11:53pm  18.2  0.0  0.00  13  25  00:00   SSW  28.6 47.3
21   41.1  55.9  1:53pm   27.0  1:53am  16.5  0.0  0.00   9  16  00:00     S  28.8 34.0
22   32.6  46.0  2:53pm   28.0  6:53am  25.7  0.0  0.00   7  14  00:00    SW  29.0 65.4
23   30.8  39.0  3:53pm   23.0 11:53pm  30.1  0.0  0.00   7  13  00:00   WNW  29.0 64.5
24   31.9  48.0  2:53pm   19.9  3:53am  25.0  0.0  0.00   4   8  00:00    SE  29.0 49.2
25   34.7  50.0 12:53pm   19.9  2:53am  22.6  0.0  0.00   7  14  00:00   SSE  28.9 40.0
26     36  48.9  2:53pm   25.0  5:53am  22.5  0.0  0.00  10  20  00:00     W  28.7 45.3
27   33.6  45.0  2:53pm   26.1 10:53pm  25.7  0.0  0.00  12  22  00:00   SSW  28.8 38.2
28   31.9  45.0  2:53pm   19.0  5:53am  26.5  0.0  0.00   8  15  00:00   SSE  28.8 47.2