NOAA-Style Climate Reports

Select a Year or Month report
2018: Jan Feb Mar Apr May Jun Jul Aug Sep Oct Nov Dec
2017: Jan Feb Mar Apr May Jun Jul Aug Sep Oct Nov Dec
2016: Jan Feb Mar Apr May Jun Jul Aug Sep Oct Nov Dec
2015: Jan Feb Mar Apr May Jun Jul Aug Sep Oct Nov Dec
2014: Jan Feb Mar Apr May Jun Jul Aug Sep Oct Nov Dec
2013: Jan Feb Mar Apr May Jun Jul Aug Sep Oct Nov Dec
2012: Jan Feb Mar Apr May Jun Jul Aug Sep Oct Nov Dec
2011: Jan Feb Mar Apr May Jun Jul Aug Sep Oct Nov Dec
2010: Jan Feb Mar Apr May Jun Jul Aug Sep Oct Nov Dec
2009: Jan Feb Mar Apr May Jun Jul Aug Sep Oct Nov Dec
2008: Jan Feb Mar Apr May Jun Jul Aug Sep Oct Nov Dec
2007: Jan Feb Mar Apr May Jun Jul Aug Sep Oct Nov Dec
2006: Jan Feb Mar Apr May Jun Jul Aug Sep Oct Nov Dec
2005: Jan Feb Mar Apr May Jun Jul Aug Sep Oct Nov Dec
2004: Jan Feb Mar Apr May Jun Jul Aug Sep Oct Nov Dec
2003: Jan Feb Mar Apr May Jun Jul Aug Sep Oct Nov Dec
2002: Jan Feb Mar Apr May Jun Jul Aug Sep Oct Nov Dec
2001: Jan Feb Mar Apr May Jun Jul Aug Sep Oct Nov Dec
2000: Jan Feb Mar Apr May Jun Jul Aug Sep Oct Nov Dec
1999: Jan Feb Mar Apr May Jun Jul Aug Sep Oct Nov Dec
1998: Jan Feb Mar Apr May Jun Jul Aug Sep Oct Nov Dec
1997: Jan Feb Mar Apr May Jun Jul Aug Sep Oct Nov Dec
1996: Jan Feb Mar Apr May Jun Jul Aug Sep Oct Nov Dec
1995: Jan Feb Mar Apr May Jun Jul Aug Sep Oct Nov Dec
1994: Jan Feb Mar Apr May Jun Jul Aug Sep Oct Nov Dec
1993: Jan Feb Mar Apr May Jun Jul Aug Sep Oct Nov Dec
1992: Jan Feb Mar Apr May Jun Jul Aug Sep Oct Nov Dec
1991: Jan Feb Mar Apr May Jun Jul Aug Sep Oct Nov Dec
1990: Jan Feb Mar Apr May Jun Jul Aug Sep Oct Nov Dec
1989: Jan Feb Mar Apr May Jun Jul Aug Sep Oct Nov Dec
1988: Jan Feb Mar Apr May Jun Jul Aug Sep Oct Nov Dec
1987: Jan Feb Mar Apr May Jun Jul Aug Sep Oct Nov Dec
1986: Jan Feb Mar Apr May Jun Jul Aug Sep Oct Nov Dec

Report for 2005 March
                  MONTHLY CLIMATOLOGICAL SUMMARY FOR 3/2005
                                        HEAT  COOL        
     MEAN                               DEG   DEG       WIND SPEED       DOM MEAN  MEAN
DAY  TEMP  HIGH   TIME     LOW   TIME   DAYS  DAYS RAIN AVG  HI  TIME    DIR BAROM HUM
---------------------------------------------------------------------------------------
1    36.8  50.0 12:53pm   26.1  2:53am  21.6  0.0  0.02   7  13  00:00   SSW  28.8 47.0
2    35.9  50.0  1:53pm   24.1  5:53am  22.0  0.0  0.00   9  16  00:00     S  28.8 43.7
3    37.1  53.1  1:53pm   25.0  3:53am  19.9  0.0  0.00   9  16  00:00     S  28.8 31.0
4    41.2  57.0 12:53pm   27.0 12:53am  15.9  0.0  0.00   6  12  00:00     S  28.9 24.1
5    43.1  60.1 12:53pm   28.9  5:53am  13.4  0.0  0.00  16  31  00:00    SW  28.9 30.3
6    45.1  63.0 12:53pm   30.9  5:53am  10.9  0.0  0.00  14  27  00:00     W  28.7 32.9
7    39.7  52.0  4:53pm   27.0  6:53am  19.1  0.0  0.00  12  22  00:00   WSW  28.8 45.8
8    36.8  46.9  5:53am   30.0 10:53pm  23.1  0.0  0.05  28  54  00:00    SW  29.1 61.1
9    43.9  62.1  2:53pm   27.0  1:53am  12.0  0.0  0.00  10  20  00:00   WSW  28.9 43.1
10     39  51.1  1:53am   28.9  5:53am  19.9  0.0  0.00  20  38  00:00   SSE  28.9 45.1
11   46.1  66.0  2:53pm   26.1  3:53am   8.9  0.0  0.00  14  27  00:00     W  28.8 30.8
12   45.5  66.9 12:53pm   28.0 10:53pm   8.8  0.0  0.03  17  33  00:00   SSW  28.7 38.7
13   24.5  27.0 12:53am   21.9  8:53am  39.2  0.0  0.33  12  22  00:00    SE  29.3 79.3
14   21.9  27.0  1:53pm   19.0  2:53am  40.5  0.0  0.05   7  14  00:00    SE  29.4 75.0
15   24.8  35.1  1:53pm   16.0  4:53am  35.0  0.0  0.01   6  12  00:00   SSW  28.9 43.9
16   35.1  46.9  1:53pm   24.1  5:53am  24.0  0.0  0.00  12  22  00:00     W  28.7 34.0
17   40.7  54.0  1:53pm   35.1 11:53pm  17.6  0.0  0.00  14  28  00:00     W  28.5 32.9
18   33.3  39.9  2:53pm   28.9  5:53am  28.4  0.0  0.00  14  27  00:00     S  28.6 48.4
19   39.9  55.0  2:53pm   28.9 12:53am  17.5  0.0  0.00   9  17  00:00   SSE  28.6 40.4
20   42.4  55.0 10:53am   30.0  3:53am  16.3  0.0  0.05  12  22  00:00   SSW  28.6 52.3
21   35.5  46.0 12:53pm   33.1  2:53am  24.2  0.0  0.27  18  35  00:00   WNW  29.1 82.9
22   37.6  50.0  2:53pm   27.0  5:53am  21.2  0.0  0.00  14  28  00:00   SSE  28.8 61.6
23   34.6  48.9  2:53pm   28.4  6:01am  23.2  0.0  0.26  16  30  00:00   SSW  28.9 79.9
24   30.8  36.0  8:53am   24.8 11:25pm  31.6  0.0  0.04   7  14  00:00    NE  29.3 90.7
25   25.9  30.0  1:53pm   23.0  5:53am  37.0  0.0  0.05   6  10  00:00   SSW  29.3 90.6
26   29.6  37.0  3:53pm   28.0 12:53am  31.7  0.0  0.03   7  14  00:00   WNW  29.3 81.4
27     42  62.1  3:53pm   27.0  2:53am  12.9  0.0  0.00   7  14  00:00   SSW  28.7 43.2
28   53.5  72.0  1:53pm   41.0 12:53am   2.2  0.0  0.00  18  35  00:00    SW  28.4 23.2
29   41.4  52.0 11:53am   28.9 11:53pm  18.3  0.0  0.00  15  29  00:00    SW  28.4 46.4
30   35.3  46.9 10:53am   28.0 12:53am  23.9  0.0  0.22  14  27  00:00     W  28.8 56.5
31   30.5  39.0  1:53pm   25.0 11:53pm  30.2  0.0  0.03  18  35  00:00    SW  29.3 68.4