NOAA-Style Climate Reports

Select a Year or Month report
2018: Jan Feb Mar Apr May Jun Jul Aug Sep Oct Nov Dec
2017: Jan Feb Mar Apr May Jun Jul Aug Sep Oct Nov Dec
2016: Jan Feb Mar Apr May Jun Jul Aug Sep Oct Nov Dec
2015: Jan Feb Mar Apr May Jun Jul Aug Sep Oct Nov Dec
2014: Jan Feb Mar Apr May Jun Jul Aug Sep Oct Nov Dec
2013: Jan Feb Mar Apr May Jun Jul Aug Sep Oct Nov Dec
2012: Jan Feb Mar Apr May Jun Jul Aug Sep Oct Nov Dec
2011: Jan Feb Mar Apr May Jun Jul Aug Sep Oct Nov Dec
2010: Jan Feb Mar Apr May Jun Jul Aug Sep Oct Nov Dec
2009: Jan Feb Mar Apr May Jun Jul Aug Sep Oct Nov Dec
2008: Jan Feb Mar Apr May Jun Jul Aug Sep Oct Nov Dec
2007: Jan Feb Mar Apr May Jun Jul Aug Sep Oct Nov Dec
2006: Jan Feb Mar Apr May Jun Jul Aug Sep Oct Nov Dec
2005: Jan Feb Mar Apr May Jun Jul Aug Sep Oct Nov Dec
2004: Jan Feb Mar Apr May Jun Jul Aug Sep Oct Nov Dec
2003: Jan Feb Mar Apr May Jun Jul Aug Sep Oct Nov Dec
2002: Jan Feb Mar Apr May Jun Jul Aug Sep Oct Nov Dec
2001: Jan Feb Mar Apr May Jun Jul Aug Sep Oct Nov Dec
2000: Jan Feb Mar Apr May Jun Jul Aug Sep Oct Nov Dec
1999: Jan Feb Mar Apr May Jun Jul Aug Sep Oct Nov Dec
1998: Jan Feb Mar Apr May Jun Jul Aug Sep Oct Nov Dec
1997: Jan Feb Mar Apr May Jun Jul Aug Sep Oct Nov Dec
1996: Jan Feb Mar Apr May Jun Jul Aug Sep Oct Nov Dec
1995: Jan Feb Mar Apr May Jun Jul Aug Sep Oct Nov Dec
1994: Jan Feb Mar Apr May Jun Jul Aug Sep Oct Nov Dec
1993: Jan Feb Mar Apr May Jun Jul Aug Sep Oct Nov Dec
1992: Jan Feb Mar Apr May Jun Jul Aug Sep Oct Nov Dec
1991: Jan Feb Mar Apr May Jun Jul Aug Sep Oct Nov Dec
1990: Jan Feb Mar Apr May Jun Jul Aug Sep Oct Nov Dec
1989: Jan Feb Mar Apr May Jun Jul Aug Sep Oct Nov Dec
1988: Jan Feb Mar Apr May Jun Jul Aug Sep Oct Nov Dec
1987: Jan Feb Mar Apr May Jun Jul Aug Sep Oct Nov Dec
1986: Jan Feb Mar Apr May Jun Jul Aug Sep Oct Nov Dec

Report for 2005 April
                  MONTHLY CLIMATOLOGICAL SUMMARY FOR 4/2005
                                        HEAT  COOL        
     MEAN                               DEG   DEG       WIND SPEED       DOM MEAN  MEAN
DAY  TEMP  HIGH   TIME     LOW   TIME   DAYS  DAYS RAIN AVG  HI  TIME    DIR BAROM HUM
---------------------------------------------------------------------------------------
1    40.3  59.0  1:53pm   23.0  4:53am  15.3  0.0  0.00  13  24  00:00   WSW  29.0 34.3
2    47.3  64.0  2:53pm   35.1  5:53am   9.3  0.0  0.00   8  15  00:00     S  28.8 31.6
3    53.1  71.1  2:53pm   37.9  6:53am   2.9  0.0  0.00  12  23  00:00    SW  28.5 22.1
4    53.8  68.0  3:53pm   45.0  6:53am   4.1  0.0  0.00  12  23  00:00     W  28.4 26.0
5    40.7  50.0  3:53pm   35.6  8:32am  19.6  0.0  0.56  26  51  00:00     N  28.9 69.4
6    43.5  57.9  4:53pm   32.0  6:53am  14.3  0.0  0.00  13  25  00:00   WNW  29.1 45.8
7      50  69.1  2:53pm   32.0  4:53am   5.4  0.0  0.00  20  38  00:00    SE  28.8 36.3
8    53.1  66.0 12:53pm   42.1 11:53pm   5.4  0.0  0.00  30  59  00:00    SW  28.4 26.4
9    45.4  59.0  2:53pm   32.0  5:53am  12.8  0.0  0.02  17  32  00:00    SW  28.4 34.9
10   30.2  39.2 12:00am   28.0  9:53am  30.3  0.0  1.57  20  38  00:00     N  29.2 91.7
11   32.7  41.0  5:53pm   28.0  3:53am  28.1  0.0  0.08  16  30  00:00   WNW  28.9 64.1
12   38.7  50.0  3:53pm   30.0  4:53am  20.6  0.0  0.00   9  16  00:00     S  28.8 44.8
13   43.6  57.0  2:53pm   33.1  4:53am  14.7  0.0  0.00  16  30  00:00   SSE  28.9 46.2
14   50.6  69.1  3:53pm   39.9  4:53am   5.1  0.0  0.00  16  31  00:00     S  28.8 52.6
15   41.8  50.0 12:53am   37.0 11:53pm  19.1  0.0  0.00  15  29  00:00   SSW  29.1 49.2
16   48.7  66.9  3:53pm   33.1  3:53am   7.2  0.0  0.00  13  25  00:00    SE  29.0 62.9
17   53.3  69.1  4:53pm   44.1  6:53am   3.8  0.0  0.00  13  25  00:00     S  28.7 51.0
18   58.9  73.9  2:53pm   42.1  3:53am   0.0  1.4  0.00  20  39  00:00    SW  28.6 26.3
19   51.5  64.9  4:53pm   44.1  4:53am   6.8  0.0  0.00  10  20  00:00     W  28.6 54.9
20   41.7  51.1  1:53pm   36.0 11:53pm  18.6  0.0  0.10  13  24  00:00    SE  29.3 88.1
21   44.6  61.0  3:53pm   33.1  5:53am  12.2  0.0  0.00  18  36  00:00     W  28.9 49.9
22   41.5  54.0  2:53pm   28.0  2:53am  17.2  0.0  0.00   7  13  00:00   SSE  29.1 57.9
23   49.2  64.9  3:53pm   37.0  5:53am   7.9  0.0  0.00  12  23  00:00    SE  28.9 49.4
24   39.5  46.0 12:53pm   37.4  9:31pm  22.2  0.0  0.65   9  17  00:00   WSW  28.8 78.2
25     41  50.0 10:33am   37.0  3:53am  19.5  0.0  0.43  17  35  00:00     W  29.0 79.9
26   44.4  60.1  2:53pm   30.9  5:53am  12.7  0.0  0.00  17  33  00:00    SW  28.8 52.5
27   42.3  61.0 11:53am   33.1  7:53pm  13.3  0.0  0.42  14  28  00:00   ESE  29.0 69.6
28   31.7  37.4  9:22am   25.0 11:53pm  30.4  0.0  0.04   9  16  00:00     W  29.1 91.5
29   26.4  30.9  2:53pm   24.1  5:53am  36.3  0.0  0.05   5   9  00:00   ENE  29.2 84.4
30   33.5  44.6 11:02am   30.0 12:53am  25.9  0.0  0.09  12  23  00:00    SW  29.3 82.2