NOAA-Style Climate Reports

Select a Year or Month report
2018: Jan Feb Mar Apr May Jun Jul Aug Sep Oct Nov Dec
2017: Jan Feb Mar Apr May Jun Jul Aug Sep Oct Nov Dec
2016: Jan Feb Mar Apr May Jun Jul Aug Sep Oct Nov Dec
2015: Jan Feb Mar Apr May Jun Jul Aug Sep Oct Nov Dec
2014: Jan Feb Mar Apr May Jun Jul Aug Sep Oct Nov Dec
2013: Jan Feb Mar Apr May Jun Jul Aug Sep Oct Nov Dec
2012: Jan Feb Mar Apr May Jun Jul Aug Sep Oct Nov Dec
2011: Jan Feb Mar Apr May Jun Jul Aug Sep Oct Nov Dec
2010: Jan Feb Mar Apr May Jun Jul Aug Sep Oct Nov Dec
2009: Jan Feb Mar Apr May Jun Jul Aug Sep Oct Nov Dec
2008: Jan Feb Mar Apr May Jun Jul Aug Sep Oct Nov Dec
2007: Jan Feb Mar Apr May Jun Jul Aug Sep Oct Nov Dec
2006: Jan Feb Mar Apr May Jun Jul Aug Sep Oct Nov Dec
2005: Jan Feb Mar Apr May Jun Jul Aug Sep Oct Nov Dec
2004: Jan Feb Mar Apr May Jun Jul Aug Sep Oct Nov Dec
2003: Jan Feb Mar Apr May Jun Jul Aug Sep Oct Nov Dec
2002: Jan Feb Mar Apr May Jun Jul Aug Sep Oct Nov Dec
2001: Jan Feb Mar Apr May Jun Jul Aug Sep Oct Nov Dec
2000: Jan Feb Mar Apr May Jun Jul Aug Sep Oct Nov Dec
1999: Jan Feb Mar Apr May Jun Jul Aug Sep Oct Nov Dec
1998: Jan Feb Mar Apr May Jun Jul Aug Sep Oct Nov Dec
1997: Jan Feb Mar Apr May Jun Jul Aug Sep Oct Nov Dec
1996: Jan Feb Mar Apr May Jun Jul Aug Sep Oct Nov Dec
1995: Jan Feb Mar Apr May Jun Jul Aug Sep Oct Nov Dec
1994: Jan Feb Mar Apr May Jun Jul Aug Sep Oct Nov Dec
1993: Jan Feb Mar Apr May Jun Jul Aug Sep Oct Nov Dec
1992: Jan Feb Mar Apr May Jun Jul Aug Sep Oct Nov Dec
1991: Jan Feb Mar Apr May Jun Jul Aug Sep Oct Nov Dec
1990: Jan Feb Mar Apr May Jun Jul Aug Sep Oct Nov Dec
1989: Jan Feb Mar Apr May Jun Jul Aug Sep Oct Nov Dec
1988: Jan Feb Mar Apr May Jun Jul Aug Sep Oct Nov Dec
1987: Jan Feb Mar Apr May Jun Jul Aug Sep Oct Nov Dec
1986: Jan Feb Mar Apr May Jun Jul Aug Sep Oct Nov Dec

Report for 2005 May
                  MONTHLY CLIMATOLOGICAL SUMMARY FOR 5/2005
                                        HEAT  COOL        
     MEAN                               DEG   DEG       WIND SPEED       DOM MEAN  MEAN
DAY  TEMP  HIGH   TIME     LOW   TIME   DAYS  DAYS RAIN AVG  HI  TIME    DIR BAROM HUM
---------------------------------------------------------------------------------------
1    33.5  39.2  1:13pm   32.0 12:53am  28.6  0.0  0.02   7  14  00:00   WNW  29.2 81.3
2    36.5  48.0  3:53pm   33.8 12:34am  22.7  0.0  0.00   6  12  00:00   WSW  29.4 79.5
3    43.3  59.0  3:53pm   30.9  5:53am  13.8  0.0  0.00   9  17  00:00   SSE  28.8 60.2
4      52  64.0  1:53pm   39.9  1:53am   7.0  0.0  0.00   7  14  00:00     W  28.8 42.3
5    54.8  70.0  1:53pm   41.0  4:53am   2.6  0.0  0.00  13  24  00:00   SSE  28.7 42.5
6    56.5  72.0  1:53pm   46.9  1:53am   0.7  0.0  0.08  13  24  00:00   SSW  28.6 44.2
7    50.4  62.1  2:53pm   43.0  4:53am   8.7  0.0  0.01  13  24  00:00    SE  28.5 46.2
8    53.7  66.0  3:53pm   45.0  3:53am   5.1  0.0  0.00  12  22  00:00   WSW  28.6 38.3
9    56.6  73.9  3:53pm   37.9  4:53am   0.0  0.3  0.00  10  20  00:00     S  28.6 40.3
10   59.3  77.0  3:53pm   48.0  5:53am   0.0  3.2  0.00  14  27  00:00   SSW  28.5 39.3
11   45.6  54.0  3:53pm   37.0  9:53pm  15.2  0.0  0.52  16  30  00:00    SE  29.2 88.4
12   44.6  60.1 12:53pm   30.9  5:53am  12.6  0.0  0.00  10  20  00:00   WSW  28.7 61.2
13   48.3  62.1  2:53pm   37.0  5:53am   9.8  0.0  0.00  10  18  00:00   ESE  28.8 53.6
14   50.6  64.0 12:53pm   39.0  4:53am   7.7  0.0  0.00  14  27  00:00   SSE  28.9 54.6
15   55.7  71.1  3:53pm   41.0  5:53am   1.6  0.0  0.00   9  17  00:00   SSW  28.7 49.4
16   62.2  77.0  2:53pm   48.9  5:53am   0.0  4.6  0.00   9  17  00:00   SSW  28.4 36.1
17   60.7  75.0  1:53pm   53.1 11:53pm   0.0  2.9  0.00  17  33  00:00     S  28.2 29.8
18   59.8  77.0  2:53pm   45.0  5:53am   0.0  3.4  0.00  13  24  00:00     S  28.5 30.6
19   64.1  81.0  3:53pm   45.0  5:53am   0.0  7.6  0.00   7  13  00:00     S  28.7 34.8
20   70.4  88.0  3:53pm   55.0  4:53am   0.0 14.2  0.00  12  22  00:00    SE  28.6 30.2
21     71  86.0  2:53pm   59.0  3:53am   0.0 13.5  0.00  12  22  00:00     S  28.7 27.1
22     68  84.0  1:53pm   55.0  2:53am   0.0 11.0  0.00  13  25  00:00     S  28.7 41.2
23   66.8  84.9  1:53pm   54.0  5:53am   0.0 10.9  0.00  21  40  00:00     E  28.7 41.5
24   63.6  82.9  2:53pm   50.0  2:53am   0.0  8.3  0.00  17  32  00:00   SSW  28.7 48.3
25   51.2  63.0  4:53pm   44.6  7:36am   7.9  0.0  0.00  12  23  00:00    SE  29.2 65.5
26   52.7  63.0  3:53pm   48.0 11:53pm   7.1  0.0  0.00   7  13  00:00    SW  29.0 54.0
27   53.9  69.1  4:53pm   44.1  1:53am   3.5  0.0  0.00  11  21  00:00     S  28.9 47.0
28   59.5  75.0  3:53pm   44.1  5:53am   0.0  2.3  0.00   7  13  00:00     W  28.6 34.0
29   47.6  54.0  2:53am   46.0  6:53am  14.2  0.0  0.19  11  22  00:00     S  29.1 80.5
30   48.8  61.0 11:53am   44.6 11:27pm  10.1  0.0  0.53   9  18  00:00   WSW  29.1 84.8
31   51.9  68.0  3:53pm   42.1  5:53am   5.0  0.0  0.00  11  21  00:00     S  29.0 63.8