NOAA-Style Climate Reports

Select a Year or Month report
2018: Jan Feb Mar Apr May Jun Jul Aug Sep Oct Nov Dec
2017: Jan Feb Mar Apr May Jun Jul Aug Sep Oct Nov Dec
2016: Jan Feb Mar Apr May Jun Jul Aug Sep Oct Nov Dec
2015: Jan Feb Mar Apr May Jun Jul Aug Sep Oct Nov Dec
2014: Jan Feb Mar Apr May Jun Jul Aug Sep Oct Nov Dec
2013: Jan Feb Mar Apr May Jun Jul Aug Sep Oct Nov Dec
2012: Jan Feb Mar Apr May Jun Jul Aug Sep Oct Nov Dec
2011: Jan Feb Mar Apr May Jun Jul Aug Sep Oct Nov Dec
2010: Jan Feb Mar Apr May Jun Jul Aug Sep Oct Nov Dec
2009: Jan Feb Mar Apr May Jun Jul Aug Sep Oct Nov Dec
2008: Jan Feb Mar Apr May Jun Jul Aug Sep Oct Nov Dec
2007: Jan Feb Mar Apr May Jun Jul Aug Sep Oct Nov Dec
2006: Jan Feb Mar Apr May Jun Jul Aug Sep Oct Nov Dec
2005: Jan Feb Mar Apr May Jun Jul Aug Sep Oct Nov Dec
2004: Jan Feb Mar Apr May Jun Jul Aug Sep Oct Nov Dec
2003: Jan Feb Mar Apr May Jun Jul Aug Sep Oct Nov Dec
2002: Jan Feb Mar Apr May Jun Jul Aug Sep Oct Nov Dec
2001: Jan Feb Mar Apr May Jun Jul Aug Sep Oct Nov Dec
2000: Jan Feb Mar Apr May Jun Jul Aug Sep Oct Nov Dec
1999: Jan Feb Mar Apr May Jun Jul Aug Sep Oct Nov Dec
1998: Jan Feb Mar Apr May Jun Jul Aug Sep Oct Nov Dec
1997: Jan Feb Mar Apr May Jun Jul Aug Sep Oct Nov Dec
1996: Jan Feb Mar Apr May Jun Jul Aug Sep Oct Nov Dec
1995: Jan Feb Mar Apr May Jun Jul Aug Sep Oct Nov Dec
1994: Jan Feb Mar Apr May Jun Jul Aug Sep Oct Nov Dec
1993: Jan Feb Mar Apr May Jun Jul Aug Sep Oct Nov Dec
1992: Jan Feb Mar Apr May Jun Jul Aug Sep Oct Nov Dec
1991: Jan Feb Mar Apr May Jun Jul Aug Sep Oct Nov Dec
1990: Jan Feb Mar Apr May Jun Jul Aug Sep Oct Nov Dec
1989: Jan Feb Mar Apr May Jun Jul Aug Sep Oct Nov Dec
1988: Jan Feb Mar Apr May Jun Jul Aug Sep Oct Nov Dec
1987: Jan Feb Mar Apr May Jun Jul Aug Sep Oct Nov Dec
1986: Jan Feb Mar Apr May Jun Jul Aug Sep Oct Nov Dec

Report for 2005 June
                  MONTHLY CLIMATOLOGICAL SUMMARY FOR 6/2005
                                        HEAT  COOL        
     MEAN                               DEG   DEG       WIND SPEED       DOM MEAN  MEAN
DAY  TEMP  HIGH   TIME     LOW   TIME   DAYS  DAYS RAIN AVG  HI  TIME    DIR BAROM HUM
---------------------------------------------------------------------------------------
1    62.9  79.0  1:53pm   48.9  5:53am   0.0  6.0  0.00  13  25  00:00    SE  28.5 41.9
2    56.3  73.9  2:53pm   48.9  4:53am   0.0  0.1  0.01  15  29  00:00     S  28.7 61.9
3    52.4  69.1  3:53pm   46.9 10:53pm   4.2  0.0  1.72  16  31  00:00     S  28.8 71.5
4    45.4  57.0  5:53pm   42.8 11:40am  13.8  0.0  0.89  10  20  00:00    SW  29.0 84.2
5    57.8  73.0  4:53pm   44.1  1:53am   0.0  0.4  0.00   9  17  00:00     S  28.6 44.2
6      66  82.9  2:53pm   48.0  4:53am   0.0  9.5  0.00  13  24  00:00   SSW  28.5 29.9
7    61.9  79.0  3:53pm   50.0  5:53am   0.0  5.5  0.00  14  27  00:00   WSW  28.4 32.6
8    61.1  75.9  2:53pm   45.0  5:53am   0.0  3.5  0.00  18  35  00:00     S  28.5 29.9
9    53.6  66.9  1:53pm   48.9  4:53am   4.7  0.0  0.12   7  14  00:00     W  28.8 66.3
10   47.8  57.0  9:53am   42.8  2:00pm  12.6  0.0  1.68  17  32  00:00     W  29.1 83.6
11   53.9  69.1  4:53pm   39.0  4:53am   3.5  0.0  0.24  13  25  00:00   SSW  28.9 62.0
12   52.5  59.0  1:53pm   51.1  1:53am   9.2  0.0  0.06  14  28  00:00    SW  28.7 69.1
13   55.2  69.1  2:53pm   46.9  4:53am   2.8  0.0  0.00  13  25  00:00   WSW  28.5 33.5
14   58.8  75.0  3:53pm   42.1  5:53am   0.0  1.9  0.00   7  13  00:00   SSE  28.8 48.0
15   64.5  82.0 12:53pm   53.1  4:53am   0.0  8.3  0.03  13  24  00:00   SSE  28.8 45.9
16   66.3  81.0  2:53pm   51.1  4:53am   0.0  8.7  0.00  15  29  00:00    SE  28.9 43.7
17   68.8  84.9  2:53pm   52.0  4:53am   0.0 11.9  0.00  20  38  00:00     S  28.5 38.6
18   71.5  88.0  3:53pm   54.0  4:53am   0.0 14.8  0.00  10  20  00:00   SSE  28.4 41.7
19   72.2  88.0  1:53pm   57.9  5:53am   0.0 15.1  0.08  13  25  00:00    SE  28.9 38.2
20   71.4  86.0 12:53pm   61.0  1:53am   0.0 13.7  0.04  14  28  00:00     S  29.0 37.3
21   71.5  88.0 12:53pm   63.0  5:53am   0.0 14.8  0.00  15  29  00:00   WSW  28.9 36.0
22   70.3  88.0  1:53pm   57.0  5:53am   0.0 14.2  0.01   7  14  00:00   SSW  28.8 38.4
23   68.3  86.0 11:53am   60.1  2:53am   0.0 12.2  0.31  21  40  00:00    SW  29.0 48.4
24   65.9  79.0 12:53pm   55.9  5:53am   0.0  7.5  0.05  17  33  00:00   SSW  28.9 51.0
25   66.7  86.0  1:53pm   57.0  4:53am   0.0 11.4  0.00  14  28  00:00   SSW  28.7 46.0
26   67.8  84.9  3:53pm   55.9 11:53pm   0.0 11.4  0.00  21  40  00:00    SW  28.7 38.3
27   69.4  89.1  3:53pm   52.0  5:53am   0.0 14.3  0.00  10  18  00:00   WSW  28.6 33.1
28   70.5  88.0  1:53pm   53.1  5:53am   0.0 14.3  0.00  17  33  00:00   SSW  28.7 29.0
29   67.9  84.9  2:53pm   55.0  2:53am   0.0 11.4  0.00  16  31  00:00   SSE  28.6 33.8
30   65.9  84.0  1:53pm   52.0  3:53am   0.0 10.0  0.00  13  24  00:00     S  28.7 38.7