NOAA-Style Climate Reports

Select a Year or Month report
2018: Jan Feb Mar Apr May Jun Jul Aug Sep Oct Nov Dec
2017: Jan Feb Mar Apr May Jun Jul Aug Sep Oct Nov Dec
2016: Jan Feb Mar Apr May Jun Jul Aug Sep Oct Nov Dec
2015: Jan Feb Mar Apr May Jun Jul Aug Sep Oct Nov Dec
2014: Jan Feb Mar Apr May Jun Jul Aug Sep Oct Nov Dec
2013: Jan Feb Mar Apr May Jun Jul Aug Sep Oct Nov Dec
2012: Jan Feb Mar Apr May Jun Jul Aug Sep Oct Nov Dec
2011: Jan Feb Mar Apr May Jun Jul Aug Sep Oct Nov Dec
2010: Jan Feb Mar Apr May Jun Jul Aug Sep Oct Nov Dec
2009: Jan Feb Mar Apr May Jun Jul Aug Sep Oct Nov Dec
2008: Jan Feb Mar Apr May Jun Jul Aug Sep Oct Nov Dec
2007: Jan Feb Mar Apr May Jun Jul Aug Sep Oct Nov Dec
2006: Jan Feb Mar Apr May Jun Jul Aug Sep Oct Nov Dec
2005: Jan Feb Mar Apr May Jun Jul Aug Sep Oct Nov Dec
2004: Jan Feb Mar Apr May Jun Jul Aug Sep Oct Nov Dec
2003: Jan Feb Mar Apr May Jun Jul Aug Sep Oct Nov Dec
2002: Jan Feb Mar Apr May Jun Jul Aug Sep Oct Nov Dec
2001: Jan Feb Mar Apr May Jun Jul Aug Sep Oct Nov Dec
2000: Jan Feb Mar Apr May Jun Jul Aug Sep Oct Nov Dec
1999: Jan Feb Mar Apr May Jun Jul Aug Sep Oct Nov Dec
1998: Jan Feb Mar Apr May Jun Jul Aug Sep Oct Nov Dec
1997: Jan Feb Mar Apr May Jun Jul Aug Sep Oct Nov Dec
1996: Jan Feb Mar Apr May Jun Jul Aug Sep Oct Nov Dec
1995: Jan Feb Mar Apr May Jun Jul Aug Sep Oct Nov Dec
1994: Jan Feb Mar Apr May Jun Jul Aug Sep Oct Nov Dec
1993: Jan Feb Mar Apr May Jun Jul Aug Sep Oct Nov Dec
1992: Jan Feb Mar Apr May Jun Jul Aug Sep Oct Nov Dec
1991: Jan Feb Mar Apr May Jun Jul Aug Sep Oct Nov Dec
1990: Jan Feb Mar Apr May Jun Jul Aug Sep Oct Nov Dec
1989: Jan Feb Mar Apr May Jun Jul Aug Sep Oct Nov Dec
1988: Jan Feb Mar Apr May Jun Jul Aug Sep Oct Nov Dec
1987: Jan Feb Mar Apr May Jun Jul Aug Sep Oct Nov Dec
1986: Jan Feb Mar Apr May Jun Jul Aug Sep Oct Nov Dec

Report for 2005 July
                  MONTHLY CLIMATOLOGICAL SUMMARY FOR 7/2005
                                        HEAT  COOL        
     MEAN                               DEG   DEG       WIND SPEED       DOM MEAN  MEAN
DAY  TEMP  HIGH   TIME     LOW   TIME   DAYS  DAYS RAIN AVG  HI  TIME    DIR BAROM HUM
---------------------------------------------------------------------------------------
1    71.4  88.0  3:53pm   57.9  1:53am   0.0 14.7  0.00  17  32  00:00   SSW  28.7 30.7
2    73.5  91.0  2:53pm   59.0  1:53am   0.0 17.3  0.00  20  39  00:00   SSW  28.7 24.0
3    66.1  84.0  2:53pm   52.0  4:53am   0.0 10.1  0.00  19  37  00:00   WSW  28.8 33.8
4    64.6  82.9  2:53pm   50.0  4:53am   0.0  8.8  0.00  17  32  00:00   SSW  28.9 40.4
5    67.6  84.9  3:53pm   57.9  5:53am   0.0 11.3  0.00  16  30  00:00    SW  28.8 43.4
6    70.2  89.1 12:53pm   53.1  5:53am   0.0 14.7  0.00  12  23  00:00   SSW  28.7 33.3
7    75.8  93.0  2:53pm   66.9  5:53am   0.0 19.4  0.00  13  24  00:00   WSW  28.6 21.3
8    78.1  93.9  2:53pm   64.9  3:53am   0.0 21.0  0.00  19  37  00:00     S  29.0 21.8
9    73.8  93.0 12:53pm   61.0  4:53am   0.0 18.4  0.00  21  40  00:00   SSW  28.6 25.1
10   74.4  90.0 12:53pm   60.1  3:53am   0.0 17.2  0.00   9  17  00:00   WSW  28.6 23.3
11   74.1  91.9  3:53pm   57.9  5:53am   0.0 18.0  0.00   8  16  00:00     S  28.7 30.6
12   73.9  91.0  3:53pm   63.0  3:53am   0.0 17.5  0.00  11  21  00:00    SW  28.9 38.4
13   75.4  91.9  3:53pm   61.0  5:53am   0.0 18.7  0.00   9  16  00:00    SW  28.8 34.1
14   76.1  93.9  3:53pm   60.1  5:53am   0.0 20.0  0.00  17  32  00:00   WSW  28.8 30.4
15   71.9  91.9  1:53pm   64.0  5:53am   0.0 16.9  0.56  18  35  00:00    SW  29.0 42.9
16     77  96.1  2:53pm   61.0  5:53am   0.0 21.6  0.02  13  25  00:00     S  28.8 29.2
17   72.9  84.0  8:53am   61.0 11:53pm   0.0 13.5  0.00  10  20  00:00   ESE  28.7 34.4
18   68.3  84.9  3:53pm   55.9  4:53am   0.0 11.6  0.00  14  27  00:00   SSE  28.8 45.5
19   78.1  98.1  3:53pm   64.0  4:53am   0.0 23.1  0.00  12  23  00:00   SSE  28.6 27.2
20   80.4 100.0  1:53pm   64.9  4:53am   0.0 25.2  0.00   7  14  00:00   SSE  28.7 17.8
21   80.8 100.0  3:53pm   69.1 12:53am   0.0 25.4  0.00  14  28  00:00     S  28.8 21.8
22   78.7  96.1 12:53pm   70.0  1:53am   0.0 22.4  0.00  13  24  00:00     S  28.7 21.9
23     79  97.0  1:53pm   66.9  3:53am   0.0 23.0  0.00  14  28  00:00    SW  28.8 25.4
24   70.4  88.0  2:53pm   66.0  3:53am   0.0 14.2  0.13  12  23  00:00     S  28.8 47.9
25   66.7  84.9 12:53pm   60.1  7:53pm   0.0 10.8  0.07  10  18  00:00    SW  28.7 56.5
26   58.4  68.0 11:53am   55.4  7:04am   1.8  0.0  0.42  12  22  00:00   SSW  29.4 81.7
27   65.4  82.9  4:53pm   53.1  5:53am   0.0  9.2  0.00   9  16  00:00   SSE  29.0 52.0
28   72.6  90.0  2:53pm   59.0  2:53am   0.0 16.3  0.00   9  17  00:00     S  28.8 31.9
29   76.9  93.9  2:53pm   62.1  2:53am   0.0 20.4  0.00  14  28  00:00     S  28.8 21.0
30   78.3  95.0 12:53pm   66.0  3:53am   0.0 21.7  0.00  10  20  00:00     S  28.8 20.1
31   72.9  90.0  2:53pm   57.9  4:53am   0.0 16.5  0.00  18  35  00:00     W  29.0 35.1