NOAA-Style Climate Reports

Select a Year or Month report
2018: Jan Feb Mar Apr May Jun Jul Aug Sep Oct Nov Dec
2017: Jan Feb Mar Apr May Jun Jul Aug Sep Oct Nov Dec
2016: Jan Feb Mar Apr May Jun Jul Aug Sep Oct Nov Dec
2015: Jan Feb Mar Apr May Jun Jul Aug Sep Oct Nov Dec
2014: Jan Feb Mar Apr May Jun Jul Aug Sep Oct Nov Dec
2013: Jan Feb Mar Apr May Jun Jul Aug Sep Oct Nov Dec
2012: Jan Feb Mar Apr May Jun Jul Aug Sep Oct Nov Dec
2011: Jan Feb Mar Apr May Jun Jul Aug Sep Oct Nov Dec
2010: Jan Feb Mar Apr May Jun Jul Aug Sep Oct Nov Dec
2009: Jan Feb Mar Apr May Jun Jul Aug Sep Oct Nov Dec
2008: Jan Feb Mar Apr May Jun Jul Aug Sep Oct Nov Dec
2007: Jan Feb Mar Apr May Jun Jul Aug Sep Oct Nov Dec
2006: Jan Feb Mar Apr May Jun Jul Aug Sep Oct Nov Dec
2005: Jan Feb Mar Apr May Jun Jul Aug Sep Oct Nov Dec
2004: Jan Feb Mar Apr May Jun Jul Aug Sep Oct Nov Dec
2003: Jan Feb Mar Apr May Jun Jul Aug Sep Oct Nov Dec
2002: Jan Feb Mar Apr May Jun Jul Aug Sep Oct Nov Dec
2001: Jan Feb Mar Apr May Jun Jul Aug Sep Oct Nov Dec
2000: Jan Feb Mar Apr May Jun Jul Aug Sep Oct Nov Dec
1999: Jan Feb Mar Apr May Jun Jul Aug Sep Oct Nov Dec
1998: Jan Feb Mar Apr May Jun Jul Aug Sep Oct Nov Dec
1997: Jan Feb Mar Apr May Jun Jul Aug Sep Oct Nov Dec
1996: Jan Feb Mar Apr May Jun Jul Aug Sep Oct Nov Dec
1995: Jan Feb Mar Apr May Jun Jul Aug Sep Oct Nov Dec
1994: Jan Feb Mar Apr May Jun Jul Aug Sep Oct Nov Dec
1993: Jan Feb Mar Apr May Jun Jul Aug Sep Oct Nov Dec
1992: Jan Feb Mar Apr May Jun Jul Aug Sep Oct Nov Dec
1991: Jan Feb Mar Apr May Jun Jul Aug Sep Oct Nov Dec
1990: Jan Feb Mar Apr May Jun Jul Aug Sep Oct Nov Dec
1989: Jan Feb Mar Apr May Jun Jul Aug Sep Oct Nov Dec
1988: Jan Feb Mar Apr May Jun Jul Aug Sep Oct Nov Dec
1987: Jan Feb Mar Apr May Jun Jul Aug Sep Oct Nov Dec
1986: Jan Feb Mar Apr May Jun Jul Aug Sep Oct Nov Dec

Report for 2005 August
                  MONTHLY CLIMATOLOGICAL SUMMARY FOR 8/2005
                                        HEAT  COOL        
     MEAN                               DEG   DEG       WIND SPEED       DOM MEAN  MEAN
DAY  TEMP  HIGH   TIME     LOW   TIME   DAYS  DAYS RAIN AVG  HI  TIME    DIR BAROM HUM
---------------------------------------------------------------------------------------
1    74.3  93.9  2:53pm   61.0  2:53am   0.0 19.1  0.00  12  23  00:00   SSW  28.8 33.5
2    74.2  93.0  1:53pm   61.0  3:53am   0.0 18.6  0.00  14  28  00:00    SW  28.7 31.9
3    66.6  86.0  2:53pm   60.1  8:53pm   0.0 11.3  0.31  15  29  00:00     S  28.9 53.3
4    56.1  62.1 12:53am   55.4  6:06am   5.9  0.0  4.32  11  21  00:00   ESE  29.7 91.3
5    61.5  75.0  4:53pm   55.9  5:53am   0.0  3.3  0.00   8  15  00:00     S  29.0 64.3
6    68.2  84.0  3:53pm   55.9  4:53am   0.0 11.1  0.00  10  20  00:00     S  28.9 42.0
7    68.2  86.0  2:53pm   51.1  4:53am   0.0 12.1  0.00  10  18  00:00    SE  28.8 34.2
8    71.3  89.1  3:53pm   57.9  1:53am   0.0 15.2  0.00   9  16  00:00     S  28.6 28.7
9    70.2  84.9  3:53pm   57.9  5:53am   0.0 12.6  0.01  11  22  00:00   SSE  28.8 38.9
10   66.8  82.0 12:53pm   60.1  4:53am   0.0  9.4  0.16  13  25  00:00   WSW  28.9 63.9
11     65  81.0  2:53pm   57.9  7:53pm   0.0  8.0  0.46  16  31  00:00     S  28.8 67.1
12     62  73.9  4:53pm   57.9  5:53am   0.0  3.0  0.00   7  14  00:00    SW  28.9 68.0
13   54.1  62.1 12:53am   51.1  6:53am   6.9  0.0  0.16  15  29  00:00    SW  29.5 89.5
14     58  68.0  1:53pm   51.8  5:19am   2.0  0.0  0.00  14  28  00:00     S  29.2 76.2
15   63.2  80.1  3:53pm   53.1  5:53am   0.0  6.7  0.00  13  24  00:00   SSE  28.8 60.5
16   62.6  81.0 12:53pm   55.0  5:53am   0.0  6.8  1.04  10  18  00:00    SW  28.9 62.5
17   66.1  82.9  3:53pm   55.0  4:53am   0.0  9.5  0.00   6  12  00:00    SW  28.7 41.2
18   67.5  82.9  1:53pm   59.0  1:53am   0.0 10.2  0.00   7  14  00:00   SSW  28.8 37.0
19   65.2  82.0  1:53pm   55.0  5:53am   0.0  8.6  0.00  10  20  00:00   SSW  28.7 41.6
20   61.6  78.1 12:53pm   54.0  4:53am   0.0  4.9  0.00  13  24  00:00   SSW  28.9 49.2
21   62.2  78.1  1:53pm   55.0  5:53am   0.0  5.2  0.36  14  27  00:00     S  29.1 58.8
22   61.1  75.9  2:53pm   52.0  3:53am   0.0  3.5  0.07  12  22  00:00     W  29.0 61.6
23     62  79.0  2:53pm   53.1  5:53am   0.0  5.5  0.00   9  17  00:00   SSW  28.7 57.6
24     67  84.0  4:53pm   53.1  5:53am   0.0 10.5  0.00   6  10  00:00   SSW  28.7 40.1
25   67.1  82.0 12:53pm   59.0  4:53am   0.0  9.6  0.06  18  36  00:00   SSW  28.8 38.9
26   66.3  84.9  3:53pm   54.0  6:53am   0.0 10.6  0.00   7  13  00:00    SW  28.8 42.0
27   65.2  82.9 12:53pm   53.1  5:53am   0.0  9.1  0.00  14  27  00:00    SW  28.9 41.2
28   64.4  82.9  3:53pm   51.1  6:53am   0.0  8.7  0.00   7  13  00:00    SW  28.8 38.3
29   67.7  87.1  3:53pm   52.0  3:53am   0.0 12.4  0.00   7  14  00:00     S  28.7 30.6
30   72.8  90.0  4:53pm   61.0  3:53am   0.0 16.4  0.00  18  35  00:00   SSE  28.8 21.5
31   57.9  73.0  3:53pm   48.9  6:53am   0.0  0.5  0.00  12  22  00:00   SSE  28.9 36.0