NOAA-Style Climate Reports

Select a Year or Month report
2018: Jan Feb Mar Apr May Jun Jul Aug Sep Oct Nov Dec
2017: Jan Feb Mar Apr May Jun Jul Aug Sep Oct Nov Dec
2016: Jan Feb Mar Apr May Jun Jul Aug Sep Oct Nov Dec
2015: Jan Feb Mar Apr May Jun Jul Aug Sep Oct Nov Dec
2014: Jan Feb Mar Apr May Jun Jul Aug Sep Oct Nov Dec
2013: Jan Feb Mar Apr May Jun Jul Aug Sep Oct Nov Dec
2012: Jan Feb Mar Apr May Jun Jul Aug Sep Oct Nov Dec
2011: Jan Feb Mar Apr May Jun Jul Aug Sep Oct Nov Dec
2010: Jan Feb Mar Apr May Jun Jul Aug Sep Oct Nov Dec
2009: Jan Feb Mar Apr May Jun Jul Aug Sep Oct Nov Dec
2008: Jan Feb Mar Apr May Jun Jul Aug Sep Oct Nov Dec
2007: Jan Feb Mar Apr May Jun Jul Aug Sep Oct Nov Dec
2006: Jan Feb Mar Apr May Jun Jul Aug Sep Oct Nov Dec
2005: Jan Feb Mar Apr May Jun Jul Aug Sep Oct Nov Dec
2004: Jan Feb Mar Apr May Jun Jul Aug Sep Oct Nov Dec
2003: Jan Feb Mar Apr May Jun Jul Aug Sep Oct Nov Dec
2002: Jan Feb Mar Apr May Jun Jul Aug Sep Oct Nov Dec
2001: Jan Feb Mar Apr May Jun Jul Aug Sep Oct Nov Dec
2000: Jan Feb Mar Apr May Jun Jul Aug Sep Oct Nov Dec
1999: Jan Feb Mar Apr May Jun Jul Aug Sep Oct Nov Dec
1998: Jan Feb Mar Apr May Jun Jul Aug Sep Oct Nov Dec
1997: Jan Feb Mar Apr May Jun Jul Aug Sep Oct Nov Dec
1996: Jan Feb Mar Apr May Jun Jul Aug Sep Oct Nov Dec
1995: Jan Feb Mar Apr May Jun Jul Aug Sep Oct Nov Dec
1994: Jan Feb Mar Apr May Jun Jul Aug Sep Oct Nov Dec
1993: Jan Feb Mar Apr May Jun Jul Aug Sep Oct Nov Dec
1992: Jan Feb Mar Apr May Jun Jul Aug Sep Oct Nov Dec
1991: Jan Feb Mar Apr May Jun Jul Aug Sep Oct Nov Dec
1990: Jan Feb Mar Apr May Jun Jul Aug Sep Oct Nov Dec
1989: Jan Feb Mar Apr May Jun Jul Aug Sep Oct Nov Dec
1988: Jan Feb Mar Apr May Jun Jul Aug Sep Oct Nov Dec
1987: Jan Feb Mar Apr May Jun Jul Aug Sep Oct Nov Dec
1986: Jan Feb Mar Apr May Jun Jul Aug Sep Oct Nov Dec

Report for 2005 September
                  MONTHLY CLIMATOLOGICAL SUMMARY FOR 9/2005
                                        HEAT  COOL        
     MEAN                               DEG   DEG       WIND SPEED       DOM MEAN  MEAN
DAY  TEMP  HIGH   TIME     LOW   TIME   DAYS  DAYS RAIN AVG  HI  TIME    DIR BAROM HUM
---------------------------------------------------------------------------------------
1    62.9  82.9  4:53pm   48.0  5:53am   0.0  7.9  0.00   6  12  00:00   SSE  28.9 37.9
2    66.8  87.1  2:53pm   54.0  4:53am   0.0 12.0  0.00   9  17  00:00   SSE  28.8 34.0
3    70.1  89.1  2:53pm   57.0  6:53am   0.0 14.6  0.00  12  23  00:00     S  28.9 29.4
4      69  84.9  3:53pm   59.0  4:53am   0.0 12.0  0.00   6  12  00:00   WSW  28.7 33.6
5    67.1  82.9  2:53pm   57.0  4:53am   0.0 10.0  0.00  20  38  00:00   SSW  28.8 38.2
6    61.3  73.0  1:53pm   55.0  2:53am   0.0  2.2  0.05  11  21  00:00   WSW  29.1 56.3
7    67.5  84.9  2:53pm   55.0  5:53am   0.0 11.2  0.00   9  16  00:00   SSE  28.9 48.3
8      71  87.1  1:53pm   61.0  4:53am   0.0 14.1  0.00  14  27  00:00    SW  28.7 37.8
9    68.7  84.9  2:53pm   64.0  4:53am   0.0 11.8  0.21   9  16  00:00    SW  28.7 44.5
10   70.8  86.0  4:53pm   64.9  5:53am   0.0 13.4  0.00  13  24  00:00     S  28.5 29.0
11   69.4  84.9  2:53pm   57.9  6:53am   0.0 12.2  0.00  11  21  00:00   SSW  28.6 21.1
12   66.4  82.0  2:53pm   55.9  4:53am   0.0  9.2  0.00  14  28  00:00   SSW  28.6 22.0
13   53.4  66.9  2:53pm   46.9  6:53am   4.8  0.0  0.00  11  21  00:00    SE  28.8 37.4
14   50.7  66.0  1:53pm   44.1  1:53am   6.6  0.0  0.04  21  41  00:00     S  29.0 59.5
15   56.6  73.9  4:53pm   43.0  1:53am   0.0  0.3  0.00   7  14  00:00   SSW  28.9 34.8
16     62  81.0  4:53pm   48.0  5:53am   0.0  6.5  0.00  16  31  00:00     S  28.8 27.4
17   64.4  84.9  3:53pm   46.9  5:53am   0.0  9.7  0.00  10  20  00:00    SW  28.6 19.8
18   60.8  82.0  3:53pm   46.0  6:53am   0.0  6.4  0.00  11  21  00:00    SW  28.7 29.1
19   60.5  81.0  3:53pm   48.0  4:53am   0.0  5.8  0.00   7  13  00:00   SSE  28.9 38.1
20   66.4  84.9  1:53pm   52.0  5:53am   0.0 10.7  0.00   7  13  00:00    SE  28.8 26.7
21   67.2  82.0  1:53pm   57.9  4:53am   0.0  9.6  0.00  16  31  00:00    SW  28.7 30.6
22   56.4  64.9 12:53pm   50.0 11:53pm   4.3  0.0  0.02   9  16  00:00   WSW  28.9 68.8
23   61.8  81.0  2:53pm   46.9  5:53am   0.0  6.4  0.00   8  15  00:00    SW  28.7 44.5
24   56.9  68.0  2:53pm   53.6 11:46pm   2.5  0.0  0.00   6  10  00:00   WNW  28.7 57.1
25   54.3  70.0  2:53pm   48.9  8:53am   2.8  0.0  0.00  10  20  00:00    SW  29.1 72.2
26   55.5  78.1  2:53pm   46.0  1:53am   0.0  1.8  0.00   9  16  00:00     S  29.2 62.7
27     65  84.0 12:53pm   57.0  7:53pm   0.0  9.5  0.12  20  38  00:00   SSW  29.0 42.7
28     47  57.0 12:53am   44.1  8:53am  13.0  0.0  0.09  17  32  00:00   SSW  29.4 77.6
29   52.9  73.0  3:53pm   44.1  2:53am   2.0  0.0  0.00   7  14  00:00   SSW  28.8 58.3
30   60.9  79.0  2:53pm   48.0  2:53am   0.0  5.0  0.00   9  16  00:00   SSW  28.6 35.5