NOAA-Style Climate Reports

Select a Year or Month report
2018: Jan Feb Mar Apr May Jun Jul Aug Sep Oct Nov Dec
2017: Jan Feb Mar Apr May Jun Jul Aug Sep Oct Nov Dec
2016: Jan Feb Mar Apr May Jun Jul Aug Sep Oct Nov Dec
2015: Jan Feb Mar Apr May Jun Jul Aug Sep Oct Nov Dec
2014: Jan Feb Mar Apr May Jun Jul Aug Sep Oct Nov Dec
2013: Jan Feb Mar Apr May Jun Jul Aug Sep Oct Nov Dec
2012: Jan Feb Mar Apr May Jun Jul Aug Sep Oct Nov Dec
2011: Jan Feb Mar Apr May Jun Jul Aug Sep Oct Nov Dec
2010: Jan Feb Mar Apr May Jun Jul Aug Sep Oct Nov Dec
2009: Jan Feb Mar Apr May Jun Jul Aug Sep Oct Nov Dec
2008: Jan Feb Mar Apr May Jun Jul Aug Sep Oct Nov Dec
2007: Jan Feb Mar Apr May Jun Jul Aug Sep Oct Nov Dec
2006: Jan Feb Mar Apr May Jun Jul Aug Sep Oct Nov Dec
2005: Jan Feb Mar Apr May Jun Jul Aug Sep Oct Nov Dec
2004: Jan Feb Mar Apr May Jun Jul Aug Sep Oct Nov Dec
2003: Jan Feb Mar Apr May Jun Jul Aug Sep Oct Nov Dec
2002: Jan Feb Mar Apr May Jun Jul Aug Sep Oct Nov Dec
2001: Jan Feb Mar Apr May Jun Jul Aug Sep Oct Nov Dec
2000: Jan Feb Mar Apr May Jun Jul Aug Sep Oct Nov Dec
1999: Jan Feb Mar Apr May Jun Jul Aug Sep Oct Nov Dec
1998: Jan Feb Mar Apr May Jun Jul Aug Sep Oct Nov Dec
1997: Jan Feb Mar Apr May Jun Jul Aug Sep Oct Nov Dec
1996: Jan Feb Mar Apr May Jun Jul Aug Sep Oct Nov Dec
1995: Jan Feb Mar Apr May Jun Jul Aug Sep Oct Nov Dec
1994: Jan Feb Mar Apr May Jun Jul Aug Sep Oct Nov Dec
1993: Jan Feb Mar Apr May Jun Jul Aug Sep Oct Nov Dec
1992: Jan Feb Mar Apr May Jun Jul Aug Sep Oct Nov Dec
1991: Jan Feb Mar Apr May Jun Jul Aug Sep Oct Nov Dec
1990: Jan Feb Mar Apr May Jun Jul Aug Sep Oct Nov Dec
1989: Jan Feb Mar Apr May Jun Jul Aug Sep Oct Nov Dec
1988: Jan Feb Mar Apr May Jun Jul Aug Sep Oct Nov Dec
1987: Jan Feb Mar Apr May Jun Jul Aug Sep Oct Nov Dec
1986: Jan Feb Mar Apr May Jun Jul Aug Sep Oct Nov Dec

Report for 2005 October
                  MONTHLY CLIMATOLOGICAL SUMMARY FOR 10/2005
                                        HEAT  COOL        
     MEAN                               DEG   DEG       WIND SPEED       DOM MEAN  MEAN
DAY  TEMP  HIGH   TIME     LOW   TIME   DAYS  DAYS RAIN AVG  HI  TIME    DIR BAROM HUM
---------------------------------------------------------------------------------------
1      65  84.0  3:53pm   48.0  6:53am   0.0  9.5  0.00  11  21  00:00     S  28.6 29.3
2    66.4  84.0  3:53pm   55.9 11:53pm   0.0 10.2  0.00   7  14  00:00    SW  28.5 23.7
3    63.5  84.0  2:53pm   46.4  7:52am   0.0  8.8  0.00  15  29  00:00    SW  28.5 34.7
4    48.1  71.1 12:53am   43.0  6:53am   5.4  0.0  0.23  16  31  00:00   WSW  28.9 71.2
5      43  54.0  3:53pm   37.4  3:04am  16.5  0.0  0.03  11  21  00:00   ESE  29.1 60.9
6    40.5  55.0  3:53pm   33.1  6:53am  17.2  0.0  0.00   7  13  00:00    SW  28.9 49.6
7    51.3  77.0  3:53pm   30.9  5:53am   0.8  0.0  0.00   6  10  00:00    SE  28.4 41.4
8    58.8  82.9  3:53pm   41.0  3:53am   0.0  5.9  0.00  13  25  00:00     S  28.3 28.2
9    40.9  51.1  9:53am   32.0 11:36pm  19.0  0.0  0.85  14  27  00:00     S  28.9 84.7
10   31.1  33.1 12:53pm   32.0 12:53am  32.9  0.0  0.87   7  13  00:00   NNW  29.0 94.3
11   35.4  42.1  4:53pm   33.1 12:53am  26.2  0.0  0.01   5   8  00:00    SW  29.1 82.1
12   40.9  50.0  1:53pm   37.0  2:53am  19.5  0.0  0.00   6  10  00:00   SSE  29.0 69.0
13   47.6  64.0  3:53pm   36.0  4:53am   9.2  0.0  0.00   7  14  00:00     S  29.0 51.1
14   53.2  70.0  2:53pm   41.0  5:53am   3.4  0.0  0.00  12  23  00:00   SSE  29.0 37.4
15   55.5  73.0  1:53pm   46.0 12:53am   0.7  0.0  0.00  16  30  00:00   SSE  28.8 38.3
16   54.7  73.0  2:53pm   41.0  5:53am   1.1  0.0  0.00   6  12  00:00    SW  28.7 45.5
17   55.9  75.0  2:53pm   42.1  5:53am   0.0  0.5  0.00   5   9  00:00   SSE  28.9 41.0
18   55.1  73.9  2:53pm   43.0  4:53am   0.5  0.0  0.00   5  10  00:00   SSE  28.7 34.5
19     42  50.0 12:53am   39.9 11:53pm  19.0  0.0  0.05   6  13  00:00   SSW  29.0 80.1
20   47.9  64.9 12:53pm   37.0 12:53am   8.6  0.0  0.01   7  13  00:00   SSE  28.9 66.2
21   44.2  50.0  2:53pm   41.0  4:53am  17.9  0.0  0.01   5   9  00:00    SE  29.1 81.6
22   44.8  57.0 11:53am   37.9  6:53am  14.1  0.0  0.00  10  18  00:00     E  28.9 68.0
23   38.8  48.9  4:53pm   33.1 11:53pm  21.1  0.0  0.00   7  14  00:00    SE  29.1 63.2
24   45.5  66.9  3:53pm   30.9 12:53am   8.8  0.0  0.00   6  10  00:00    SE  29.0 42.7
25   49.1  68.0  2:53pm   37.0  4:53am   6.4  0.0  0.00   6  10  00:00   SSE  28.9 42.3
26   47.7  64.0  2:53pm   37.9  5:53am   9.1  0.0  0.00   6  12  00:00     S  28.8 45.9
27   49.1  64.0  2:53pm   39.0  5:53am   8.4  0.0  0.00  16  31  00:00     S  28.8 46.6
28     55  66.9 12:53pm   44.1  4:53am   4.0  0.0  0.00   9  17  00:00   WSW  28.6 35.8
29   47.4  55.9  9:53am   39.9  9:53pm  13.3  0.0  0.00   7  13  00:00     S  28.8 58.2
30   38.8  50.0 11:53am   33.1  5:53am  20.6  0.0  0.07   8  15  00:00   SSE  29.0 72.6
31   37.1  53.1  2:53pm   28.4  3:43am  19.9  0.0  0.00   6  12  00:00     S  29.4 64.5