NOAA-Style Climate Reports

Select a Year or Month report
2018: Jan Feb Mar Apr May Jun Jul Aug Sep Oct Nov Dec
2017: Jan Feb Mar Apr May Jun Jul Aug Sep Oct Nov Dec
2016: Jan Feb Mar Apr May Jun Jul Aug Sep Oct Nov Dec
2015: Jan Feb Mar Apr May Jun Jul Aug Sep Oct Nov Dec
2014: Jan Feb Mar Apr May Jun Jul Aug Sep Oct Nov Dec
2013: Jan Feb Mar Apr May Jun Jul Aug Sep Oct Nov Dec
2012: Jan Feb Mar Apr May Jun Jul Aug Sep Oct Nov Dec
2011: Jan Feb Mar Apr May Jun Jul Aug Sep Oct Nov Dec
2010: Jan Feb Mar Apr May Jun Jul Aug Sep Oct Nov Dec
2009: Jan Feb Mar Apr May Jun Jul Aug Sep Oct Nov Dec
2008: Jan Feb Mar Apr May Jun Jul Aug Sep Oct Nov Dec
2007: Jan Feb Mar Apr May Jun Jul Aug Sep Oct Nov Dec
2006: Jan Feb Mar Apr May Jun Jul Aug Sep Oct Nov Dec
2005: Jan Feb Mar Apr May Jun Jul Aug Sep Oct Nov Dec
2004: Jan Feb Mar Apr May Jun Jul Aug Sep Oct Nov Dec
2003: Jan Feb Mar Apr May Jun Jul Aug Sep Oct Nov Dec
2002: Jan Feb Mar Apr May Jun Jul Aug Sep Oct Nov Dec
2001: Jan Feb Mar Apr May Jun Jul Aug Sep Oct Nov Dec
2000: Jan Feb Mar Apr May Jun Jul Aug Sep Oct Nov Dec
1999: Jan Feb Mar Apr May Jun Jul Aug Sep Oct Nov Dec
1998: Jan Feb Mar Apr May Jun Jul Aug Sep Oct Nov Dec
1997: Jan Feb Mar Apr May Jun Jul Aug Sep Oct Nov Dec
1996: Jan Feb Mar Apr May Jun Jul Aug Sep Oct Nov Dec
1995: Jan Feb Mar Apr May Jun Jul Aug Sep Oct Nov Dec
1994: Jan Feb Mar Apr May Jun Jul Aug Sep Oct Nov Dec
1993: Jan Feb Mar Apr May Jun Jul Aug Sep Oct Nov Dec
1992: Jan Feb Mar Apr May Jun Jul Aug Sep Oct Nov Dec
1991: Jan Feb Mar Apr May Jun Jul Aug Sep Oct Nov Dec
1990: Jan Feb Mar Apr May Jun Jul Aug Sep Oct Nov Dec
1989: Jan Feb Mar Apr May Jun Jul Aug Sep Oct Nov Dec
1988: Jan Feb Mar Apr May Jun Jul Aug Sep Oct Nov Dec
1987: Jan Feb Mar Apr May Jun Jul Aug Sep Oct Nov Dec
1986: Jan Feb Mar Apr May Jun Jul Aug Sep Oct Nov Dec

Report for 2005 November
                  MONTHLY CLIMATOLOGICAL SUMMARY FOR 11/2005
                                        HEAT  COOL        
     MEAN                               DEG   DEG       WIND SPEED       DOM MEAN  MEAN
DAY  TEMP  HIGH   TIME     LOW   TIME   DAYS  DAYS RAIN AVG  HI  TIME    DIR BAROM HUM
---------------------------------------------------------------------------------------
1    51.3  69.1  2:53pm   37.9 12:53am   4.8  0.0  0.00   9  17  00:00    SW  28.9 31.5
2    55.6  73.0  2:53pm   48.0  6:53am   0.7  0.0  0.00  11  21  00:00     S  28.6 19.7
3    53.8  66.0  1:53pm   46.0  9:53pm   5.1  0.0  0.00  22  43  00:00   WSW  28.5 22.5
4    46.5  63.0  1:53pm   34.0  6:53am  10.2  0.0  0.00  16  31  00:00   SSW  28.5 40.6
5    37.1  46.9 12:53pm   33.8  5:39am  23.0  0.0  0.12  18  36  00:00    SW  28.9 63.4
6    49.1  66.9  2:53pm   36.0  4:53am   7.0  0.0  0.00  10  20  00:00     S  28.7 33.1
7      54  71.1  1:53pm   39.0  6:53am   2.4  0.0  0.00   9  16  00:00   SSE  28.7 26.9
8    55.9  73.9 12:53pm   41.0 11:53pm   0.1  0.0  0.00   8  15  00:00   SSE  28.7 24.5
9    40.2  60.1  2:53pm   30.0  6:53am  14.8  0.0  0.00   7  13  00:00     S  29.0 50.4
10   54.6  72.0  1:53pm   43.0 12:53am   1.7  0.0  0.00   6  12  00:00   SSE  28.8 30.9
11   52.7  68.0  1:53pm   39.9 11:53pm   4.6  0.0  0.09   9  16  00:00    SW  28.6 42.5
12   44.3  62.1 12:53pm   28.9 11:53pm  11.8  0.0  0.00  20  38  00:00   WSW  28.6 48.1
13   34.2  46.9  1:53pm   27.0 12:53am  24.4  0.0  0.00   9  16  00:00    SW  28.9 51.0
14   35.4  57.9  1:53pm   24.1 11:53pm  18.3  0.0  0.33  23  45  00:00   WSW  29.1 72.9
15   20.9  30.9  2:53pm   12.0  7:53am  39.1  0.0  0.01  14  28  00:00     S  29.2 65.0
16   29.7  45.0  1:53pm   17.1  3:53am  27.6  0.0  0.00   6  10  00:00   SSE  29.1 51.3
17   29.7  37.0  9:53am   25.0  8:53pm  31.6  0.0  0.12   7  14  00:00   SSW  29.5 79.6
18   39.1  57.0  2:53pm   21.0  4:53am  16.9  0.0  0.00  13  24  00:00    SW  29.0 41.2
19   34.5  45.0  2:53pm   25.0 11:53pm  25.2  0.0  0.00  14  27  00:00     N  29.2 52.9
20   38.3  57.9  1:53pm   25.0 12:53am  16.9  0.0  0.00   5   9  00:00   WSW  29.1 35.9
21   40.2  55.9  2:53pm   30.9 12:53am  16.9  0.0  0.00   5   9  00:00   SSE  29.1 42.9
22   42.4  64.0  1:53pm   30.9  5:53am  11.8  0.0  0.00   7  13  00:00   SSW  29.0 33.7
23   45.5  66.0 12:53pm   34.0  6:53am   9.2  0.0  0.00   6  10  00:00     S  28.8 22.6
24   36.8  54.0  2:53pm   25.0  6:53am  19.6  0.0  0.00   5   9  00:00    SW  28.8 40.6
25   39.6  60.1  1:53pm   28.0 12:53am  15.1  0.0  0.00   6  12  00:00    SW  28.7 27.2
26   42.3  60.1 12:53pm   33.1  1:53am  13.8  0.0  0.00  14  27  00:00   SSW  28.4 27.1
27   30.1  37.0  1:53pm   23.0 11:53pm  31.4  0.0  0.00  16  31  00:00   WNW  28.4 40.3
28   25.2  37.0 11:53am   15.1  9:53pm  33.9  0.0  0.00  13  24  00:00    NW  28.7 35.5
29   24.8  42.1 12:53pm   10.9  4:53am  31.5  0.0  0.00   7  14  00:00   SSE  28.7 38.4
30   26.5  37.0 11:53am   19.0 11:53pm  33.2  0.0  0.00  22  43  00:00     W  28.7 41.5