NOAA-Style Climate Reports

Select a Year or Month report
2018: Jan Feb Mar Apr May Jun Jul Aug Sep Oct Nov Dec
2017: Jan Feb Mar Apr May Jun Jul Aug Sep Oct Nov Dec
2016: Jan Feb Mar Apr May Jun Jul Aug Sep Oct Nov Dec
2015: Jan Feb Mar Apr May Jun Jul Aug Sep Oct Nov Dec
2014: Jan Feb Mar Apr May Jun Jul Aug Sep Oct Nov Dec
2013: Jan Feb Mar Apr May Jun Jul Aug Sep Oct Nov Dec
2012: Jan Feb Mar Apr May Jun Jul Aug Sep Oct Nov Dec
2011: Jan Feb Mar Apr May Jun Jul Aug Sep Oct Nov Dec
2010: Jan Feb Mar Apr May Jun Jul Aug Sep Oct Nov Dec
2009: Jan Feb Mar Apr May Jun Jul Aug Sep Oct Nov Dec
2008: Jan Feb Mar Apr May Jun Jul Aug Sep Oct Nov Dec
2007: Jan Feb Mar Apr May Jun Jul Aug Sep Oct Nov Dec
2006: Jan Feb Mar Apr May Jun Jul Aug Sep Oct Nov Dec
2005: Jan Feb Mar Apr May Jun Jul Aug Sep Oct Nov Dec
2004: Jan Feb Mar Apr May Jun Jul Aug Sep Oct Nov Dec
2003: Jan Feb Mar Apr May Jun Jul Aug Sep Oct Nov Dec
2002: Jan Feb Mar Apr May Jun Jul Aug Sep Oct Nov Dec
2001: Jan Feb Mar Apr May Jun Jul Aug Sep Oct Nov Dec
2000: Jan Feb Mar Apr May Jun Jul Aug Sep Oct Nov Dec
1999: Jan Feb Mar Apr May Jun Jul Aug Sep Oct Nov Dec
1998: Jan Feb Mar Apr May Jun Jul Aug Sep Oct Nov Dec
1997: Jan Feb Mar Apr May Jun Jul Aug Sep Oct Nov Dec
1996: Jan Feb Mar Apr May Jun Jul Aug Sep Oct Nov Dec
1995: Jan Feb Mar Apr May Jun Jul Aug Sep Oct Nov Dec
1994: Jan Feb Mar Apr May Jun Jul Aug Sep Oct Nov Dec
1993: Jan Feb Mar Apr May Jun Jul Aug Sep Oct Nov Dec
1992: Jan Feb Mar Apr May Jun Jul Aug Sep Oct Nov Dec
1991: Jan Feb Mar Apr May Jun Jul Aug Sep Oct Nov Dec
1990: Jan Feb Mar Apr May Jun Jul Aug Sep Oct Nov Dec
1989: Jan Feb Mar Apr May Jun Jul Aug Sep Oct Nov Dec
1988: Jan Feb Mar Apr May Jun Jul Aug Sep Oct Nov Dec
1987: Jan Feb Mar Apr May Jun Jul Aug Sep Oct Nov Dec
1986: Jan Feb Mar Apr May Jun Jul Aug Sep Oct Nov Dec

Report for 2005 December
                  MONTHLY CLIMATOLOGICAL SUMMARY FOR 12/2005
                                        HEAT  COOL        
     MEAN                               DEG   DEG       WIND SPEED       DOM MEAN  MEAN
DAY  TEMP  HIGH   TIME     LOW   TIME   DAYS  DAYS RAIN AVG  HI  TIME    DIR BAROM HUM
---------------------------------------------------------------------------------------
1    27.1  44.1  2:53pm   14.0  4:53am  29.4  0.0  0.00  13  24  00:00     S  28.8 45.3
2    42.2  61.0 12:53pm   24.1  2:53am  13.4  0.0  0.00  14  27  00:00    SW  28.4 42.1
3      25  33.8 12:04am   12.9  8:53pm  35.6  0.0  0.38  10  20  00:00   SSE  29.2 81.4
4    17.5  26.1 12:53pm    8.1  4:53am  43.2  0.0  0.03  14  28  00:00     W  29.0 48.4
5    22.1  32.0 11:53am    6.1  4:53am  37.9  0.0  0.00  21  41  00:00     W  29.0 34.0
6     8.5  24.1 12:53am    0.0  9:53pm  48.7  0.0  0.05  14  28  00:00   ENE  29.3 69.0
7    -2.9   1.0  1:53pm   -8.0  8:53pm  66.0  0.0  0.02   6  10  00:00   ESE  29.5 72.0
8    14.1  34.0  1:53pm   -2.9 12:53am  40.9  0.0  0.00   6  12  00:00   SSW  29.1 51.4
9    23.6  36.0  9:53pm    9.0  1:53am  35.2  0.0  0.00   7  13  00:00   SSW  29.0 39.9
10   25.7  43.0  1:53pm   15.1  4:53am  30.6  0.0  0.00   6  12  00:00   SSE  29.1 52.7
11   29.4  46.9 12:53pm   21.0  3:53am  26.8  0.0  0.00   5   9  00:00   SSW  29.0 51.5
12   31.7  46.9  1:53pm   21.0  3:53am  25.7  0.0  0.00   6  12  00:00     S  28.9 51.4
13   36.4  46.9 11:53am   28.9 12:53am  23.3  0.0  0.00  20  38  00:00   WSW  28.5 37.5
14     24  33.1 12:53pm   18.0 11:53pm  36.4  0.0  0.00  19  37  00:00    NW  28.9 30.1
15   18.9  33.1  1:53pm    7.0  5:53am  39.0  0.0  0.00   8  15  00:00   SSE  28.9 42.3
16   13.6  21.9 11:53am    7.0  5:53am  47.2  0.0  0.00   7  13  00:00   SSE  28.9 64.7
17   10.7  14.0 10:02am    5.0  3:53am  52.6  0.0  0.05   6  12  00:00   WNW  29.4 82.6
18    9.2  17.1  3:53pm    5.0  7:53pm  51.8  0.0  0.00   4   7  00:00   ENE  29.4 77.9
19   27.1  45.0  1:53pm    9.0  1:53am  28.9  0.0  0.00   5   9  00:00   SSE  29.1 65.3
20   34.4  46.9  2:53pm   24.1  2:53am  24.3  0.0  0.00   6  12  00:00     S  28.9 58.9
21   44.3  59.0 12:53pm   33.1  5:53am  13.3  0.0  0.00  13  24  00:00   WNW  28.9 42.1
22   46.8  60.1  1:53pm   39.0  1:53am  11.5  0.0  0.00  12  23  00:00   WSW  28.7 36.0
23   44.1  55.9 10:53am   37.0 11:53pm  15.0  0.0  0.00  28  55  00:00    NW  28.7 32.8
24   37.5  55.0  1:53pm   25.0  6:53am  18.7  0.0  0.00   9  17  00:00     S  29.0 38.1
25   46.4  66.0  1:53pm   34.0 12:53am   8.8  0.0  0.00   7  14  00:00   SSW  28.7 35.2
26   43.9  64.9  1:53pm   33.1  3:53am  10.6  0.0  0.00   8  15  00:00    SW  28.6 32.1
27   40.2  51.1 11:53am   32.0 10:53pm  19.3  0.0  0.00  14  28  00:00   WNW  28.7 33.9
28   43.1  60.1  1:53pm   33.1  2:53am  13.4  0.0  0.00  14  27  00:00    SW  28.7 40.2
29   40.5  48.9  8:53am   30.0  9:53pm  20.3  0.0  0.00  23  45  00:00     W  28.5 36.8
30   32.3  50.0  1:53pm   23.0  5:53am  23.8  0.0  0.00  10  20  00:00   SSE  28.7 35.5
31   45.7  63.0  1:53pm   30.9  3:53am  10.6  0.0  0.00   9  17  00:00   SSE  28.3 38.1