NOAA-Style Climate Reports

Select a Year or Month report
2018: Jan Feb Mar Apr May Jun Jul Aug Sep Oct Nov Dec
2017: Jan Feb Mar Apr May Jun Jul Aug Sep Oct Nov Dec
2016: Jan Feb Mar Apr May Jun Jul Aug Sep Oct Nov Dec
2015: Jan Feb Mar Apr May Jun Jul Aug Sep Oct Nov Dec
2014: Jan Feb Mar Apr May Jun Jul Aug Sep Oct Nov Dec
2013: Jan Feb Mar Apr May Jun Jul Aug Sep Oct Nov Dec
2012: Jan Feb Mar Apr May Jun Jul Aug Sep Oct Nov Dec
2011: Jan Feb Mar Apr May Jun Jul Aug Sep Oct Nov Dec
2010: Jan Feb Mar Apr May Jun Jul Aug Sep Oct Nov Dec
2009: Jan Feb Mar Apr May Jun Jul Aug Sep Oct Nov Dec
2008: Jan Feb Mar Apr May Jun Jul Aug Sep Oct Nov Dec
2007: Jan Feb Mar Apr May Jun Jul Aug Sep Oct Nov Dec
2006: Jan Feb Mar Apr May Jun Jul Aug Sep Oct Nov Dec
2005: Jan Feb Mar Apr May Jun Jul Aug Sep Oct Nov Dec
2004: Jan Feb Mar Apr May Jun Jul Aug Sep Oct Nov Dec
2003: Jan Feb Mar Apr May Jun Jul Aug Sep Oct Nov Dec
2002: Jan Feb Mar Apr May Jun Jul Aug Sep Oct Nov Dec
2001: Jan Feb Mar Apr May Jun Jul Aug Sep Oct Nov Dec
2000: Jan Feb Mar Apr May Jun Jul Aug Sep Oct Nov Dec
1999: Jan Feb Mar Apr May Jun Jul Aug Sep Oct Nov Dec
1998: Jan Feb Mar Apr May Jun Jul Aug Sep Oct Nov Dec
1997: Jan Feb Mar Apr May Jun Jul Aug Sep Oct Nov Dec
1996: Jan Feb Mar Apr May Jun Jul Aug Sep Oct Nov Dec
1995: Jan Feb Mar Apr May Jun Jul Aug Sep Oct Nov Dec
1994: Jan Feb Mar Apr May Jun Jul Aug Sep Oct Nov Dec
1993: Jan Feb Mar Apr May Jun Jul Aug Sep Oct Nov Dec
1992: Jan Feb Mar Apr May Jun Jul Aug Sep Oct Nov Dec
1991: Jan Feb Mar Apr May Jun Jul Aug Sep Oct Nov Dec
1990: Jan Feb Mar Apr May Jun Jul Aug Sep Oct Nov Dec
1989: Jan Feb Mar Apr May Jun Jul Aug Sep Oct Nov Dec
1988: Jan Feb Mar Apr May Jun Jul Aug Sep Oct Nov Dec
1987: Jan Feb Mar Apr May Jun Jul Aug Sep Oct Nov Dec
1986: Jan Feb Mar Apr May Jun Jul Aug Sep Oct Nov Dec

Report for 2006 January
                  MONTHLY CLIMATOLOGICAL SUMMARY FOR 1/2006
                                        HEAT  COOL        
     MEAN                               DEG   DEG       WIND SPEED       DOM MEAN  MEAN
DAY  TEMP  HIGH   TIME     LOW   TIME   DAYS  DAYS RAIN AVG  HI  TIME    DIR BAROM HUM
---------------------------------------------------------------------------------------
1    40.5  51.1 12:53pm   27.0 11:53pm  19.2  0.0  0.00  17  32  00:00   WNW  28.3 36.5
2      44  64.0  2:53pm   26.1  2:53am  11.0  0.0  0.00  16  31  00:00   SSW  28.6 26.4
3    45.1  54.0 12:53pm   32.0 11:53pm  15.4  0.0  0.00  22  44  00:00   WNW  28.7 29.3
4    36.6  48.9 11:53am   30.0  1:53am  22.2  0.0  0.00  16  31  00:00   WSW  29.1 33.7
5    33.4  48.9  1:53pm   19.0  5:53am  23.8  0.0  0.00   6  12  00:00   SSW  29.3 33.0
6    49.2  64.9 11:53am   35.1 12:53am   7.9  0.0  0.00  12  22  00:00     W  29.0 22.6
7    52.6  69.1  1:53pm   46.0 10:53pm   4.1  0.0  0.00  16  30  00:00   WSW  28.4 14.1
8    38.5  48.9 12:53pm   30.9 11:53pm  21.3  0.0  0.00  14  27  00:00    NW  28.6 29.8
9    29.5  42.1  2:53pm   24.1  7:53pm  29.2  0.0  0.00   8  15  00:00   SSW  29.1 41.5
10   40.7  57.9  2:53pm   28.0 12:53am  15.7  0.0  0.00   7  14  00:00   SSW  28.8 18.8
11   47.8  59.0 12:53pm   43.0  6:53pm  11.6  0.0  0.00   9  16  00:00   WSW  28.5 17.4
12   34.5  46.0 12:53am   25.0 11:53pm  24.7  0.0  0.00  17  33  00:00     W  28.7 30.5
13     36  57.9  1:53pm   16.0  2:53am  18.0  0.0  0.00   6  12  00:00    SW  28.8 30.6
14   44.3  62.1  2:53pm   36.0  2:53am  11.8  0.0  0.00   7  14  00:00   SSE  28.6 26.2
15   42.4  55.0 12:53pm   34.0 10:53pm  16.3  0.0  0.00  16  31  00:00   WSW  28.4 25.6
16   24.3  34.0 12:53am   15.1 10:53pm  35.8  0.0  0.03  14  27  00:00   SSW  29.1 69.9
17   34.9  48.9 12:53pm   17.1  2:53am  23.1  0.0  0.00  12  23  00:00     W  28.7 32.4
18   42.7  57.9 12:53pm   33.1  1:53am  14.7  0.0  0.00  17  33  00:00    SW  28.5 30.3
19   26.2  32.0 12:53am   24.1 10:53pm  35.9  0.0  0.36   5   9  00:00   ENE  29.0 83.6
20   22.2  32.0 12:53pm   12.9 10:53pm  37.9  0.0  0.13   6  12  00:00    SE  29.1 70.6
21   25.5  37.9  1:53pm   12.9  3:53am  33.3  0.0  0.00   6  10  00:00    SE  28.7 41.4
22   22.9  34.0  1:53pm   16.0  3:53am  36.5  0.0  0.00   7  13  00:00   SSE  29.1 53.5
23   28.9  46.9  1:53pm   12.9  6:53am  27.1  0.0  0.00   6  10  00:00    SW  29.0 37.5
24   34.8  51.1 12:53pm   25.0 12:53am  22.0  0.0  0.00   6  12  00:00     S  29.2 40.0
25   37.1  55.0  1:53pm   23.0  5:53am  18.9  0.0  0.00   7  14  00:00   SSW  29.0 37.6
26   39.7  48.9 11:53am   30.9  9:53pm  20.7  0.0  0.00  18  35  00:00   WSW  28.6 37.5
27   35.5  48.9  1:53pm   25.0  5:53am  22.8  0.0  0.00   7  14  00:00   WSW  28.7 34.0
28   30.6  42.1  2:53pm   24.1  6:53am  28.6  0.0  0.00  14  29  00:00     W  28.7 38.1
29   32.2  39.9 12:53pm   24.1 11:53pm  28.9  0.0  0.00  20  39  00:00   WNW  28.7 34.1
30   36.3  54.0  2:53pm   19.9  4:53am  19.8  0.0  0.00  11  21  00:00     S  28.8 38.6
31   39.9  55.9 10:53am   24.1 10:53pm  17.1  0.0  0.00  15  29  00:00   SSW  28.6 45.4