NOAA-Style Climate Reports

Select a Year or Month report
2018: Jan Feb Mar Apr May Jun Jul Aug Sep Oct Nov Dec
2017: Jan Feb Mar Apr May Jun Jul Aug Sep Oct Nov Dec
2016: Jan Feb Mar Apr May Jun Jul Aug Sep Oct Nov Dec
2015: Jan Feb Mar Apr May Jun Jul Aug Sep Oct Nov Dec
2014: Jan Feb Mar Apr May Jun Jul Aug Sep Oct Nov Dec
2013: Jan Feb Mar Apr May Jun Jul Aug Sep Oct Nov Dec
2012: Jan Feb Mar Apr May Jun Jul Aug Sep Oct Nov Dec
2011: Jan Feb Mar Apr May Jun Jul Aug Sep Oct Nov Dec
2010: Jan Feb Mar Apr May Jun Jul Aug Sep Oct Nov Dec
2009: Jan Feb Mar Apr May Jun Jul Aug Sep Oct Nov Dec
2008: Jan Feb Mar Apr May Jun Jul Aug Sep Oct Nov Dec
2007: Jan Feb Mar Apr May Jun Jul Aug Sep Oct Nov Dec
2006: Jan Feb Mar Apr May Jun Jul Aug Sep Oct Nov Dec
2005: Jan Feb Mar Apr May Jun Jul Aug Sep Oct Nov Dec
2004: Jan Feb Mar Apr May Jun Jul Aug Sep Oct Nov Dec
2003: Jan Feb Mar Apr May Jun Jul Aug Sep Oct Nov Dec
2002: Jan Feb Mar Apr May Jun Jul Aug Sep Oct Nov Dec
2001: Jan Feb Mar Apr May Jun Jul Aug Sep Oct Nov Dec
2000: Jan Feb Mar Apr May Jun Jul Aug Sep Oct Nov Dec
1999: Jan Feb Mar Apr May Jun Jul Aug Sep Oct Nov Dec
1998: Jan Feb Mar Apr May Jun Jul Aug Sep Oct Nov Dec
1997: Jan Feb Mar Apr May Jun Jul Aug Sep Oct Nov Dec
1996: Jan Feb Mar Apr May Jun Jul Aug Sep Oct Nov Dec
1995: Jan Feb Mar Apr May Jun Jul Aug Sep Oct Nov Dec
1994: Jan Feb Mar Apr May Jun Jul Aug Sep Oct Nov Dec
1993: Jan Feb Mar Apr May Jun Jul Aug Sep Oct Nov Dec
1992: Jan Feb Mar Apr May Jun Jul Aug Sep Oct Nov Dec
1991: Jan Feb Mar Apr May Jun Jul Aug Sep Oct Nov Dec
1990: Jan Feb Mar Apr May Jun Jul Aug Sep Oct Nov Dec
1989: Jan Feb Mar Apr May Jun Jul Aug Sep Oct Nov Dec
1988: Jan Feb Mar Apr May Jun Jul Aug Sep Oct Nov Dec
1987: Jan Feb Mar Apr May Jun Jul Aug Sep Oct Nov Dec
1986: Jan Feb Mar Apr May Jun Jul Aug Sep Oct Nov Dec

Report for 2006 February
                  MONTHLY CLIMATOLOGICAL SUMMARY FOR 2/2006
                                        HEAT  COOL        
     MEAN                               DEG   DEG       WIND SPEED       DOM MEAN  MEAN
DAY  TEMP  HIGH   TIME     LOW   TIME   DAYS  DAYS RAIN AVG  HI  TIME    DIR BAROM HUM
---------------------------------------------------------------------------------------
1    38.1  54.0  2:53pm   25.0  2:53am  18.9  0.0  0.00  12  24  00:00   SSW  28.5 43.2
2    34.3  43.0  2:53pm   27.0  9:53pm  26.3  0.0  0.00  16  30  00:00    NW  28.6 39.9
3    32.7  43.0 12:53pm   27.0 11:53pm  27.1  0.0  0.00  17  33  00:00   WNW  28.8 38.3
4    32.8  53.1  1:53pm   19.9  2:53am  22.0  0.0  0.00   8  15  00:00   SSE  28.7 46.8
5    33.8  42.1 11:53am   18.0 11:53pm  27.0  0.0  0.00  24  47  00:00   WNW  28.7 31.1
6    28.1  45.0  3:53pm   16.0  4:53am  28.4  0.0  0.00   7  13  00:00     W  29.0 32.6
7    35.9  53.1  2:53pm   21.9  3:53am  20.5  0.0  0.00  14  28  00:00   WSW  29.0 25.7
8    39.2  57.9  1:53pm   25.0  1:53am  16.4  0.0  0.00   9  16  00:00     W  28.9 26.4
9    34.1  53.6 11:38am   19.0 11:53pm  21.1  0.0  0.03  13  25  00:00   SSW  29.1 44.8
10   16.1  21.9  3:53pm    5.0  9:53pm  46.0  0.0  0.14   9  16  00:00   SSE  29.6 72.9
11   18.1  34.0  4:53pm    1.9  2:53am  38.9  0.0  0.00   6  10  00:00   WSW  29.3 40.9
12   31.9  48.0  2:53pm   16.0  5:53am  25.0  0.0  0.00   6  10  00:00   SSE  29.0 35.7
13   35.1  48.0  2:53pm   25.0  3:53am  23.4  0.0  0.00   6  12  00:00     S  28.8 33.9
14   40.4  57.0  1:53pm   30.0 10:53pm  16.3  0.0  0.00  17  32  00:00    SE  28.6 28.9
15     27  39.9 12:53pm   19.9 10:53pm  31.5  0.0  0.03  18  36  00:00   WSW  28.7 71.0
16     12  19.4 12:42am    6.1 11:53pm  49.3  0.0  0.13  10  18  00:00   SSW  29.3 78.8
17    1.4  10.0  9:53am   -8.0 11:53pm  59.3  0.0  0.00   8  15  00:00    NW  29.5 77.9
18   -1.2  12.0  2:53pm  -11.0  6:53am  59.6  0.0  0.00   5   8  00:00     W  29.3 73.9
19   11.9  26.1  2:53pm   -2.9  3:53am  46.0  0.0  0.00   5   9  00:00    SW  28.9 68.8
20   24.2  41.0  2:53pm   10.0  3:53am  32.4  0.0  0.00   7  14  00:00     S  28.9 53.1
21   26.7  41.0  1:53pm   18.0  5:53am  31.1  0.0  0.00  10  20  00:00    SW  28.7 39.8
22   26.9  43.0  2:53pm   14.0  1:53am  30.0  0.0  0.00   6  10  00:00    SE  28.8 40.4
23   33.7  52.0  1:53pm   18.0  5:53am  22.1  0.0  0.00   9  16  00:00   SSE  28.8 33.0
24   39.1  55.9  2:53pm   21.9  3:53am  17.5  0.0  0.00   7  13  00:00   SSE  28.8 23.9
25   30.8  50.0  3:53pm   17.1  5:53am  24.6  0.0  0.00   5   9  00:00    SW  29.0 58.6
26   41.5  64.9  2:53pm   27.0 12:53am  11.8  0.0  0.00  10  20  00:00    SW  28.8 25.3
27   50.7  69.1  2:53pm   35.1  3:53am   5.1  0.0  0.00   8  15  00:00   SSW  28.4 17.3
28     56  75.0  1:53pm   42.1  4:53am   0.0  0.5  0.00  13  25  00:00   WSW  28.4 24.3