NOAA-Style Climate Reports

Select a Year or Month report
2018: Jan Feb Mar Apr May Jun Jul Aug Sep Oct Nov Dec
2017: Jan Feb Mar Apr May Jun Jul Aug Sep Oct Nov Dec
2016: Jan Feb Mar Apr May Jun Jul Aug Sep Oct Nov Dec
2015: Jan Feb Mar Apr May Jun Jul Aug Sep Oct Nov Dec
2014: Jan Feb Mar Apr May Jun Jul Aug Sep Oct Nov Dec
2013: Jan Feb Mar Apr May Jun Jul Aug Sep Oct Nov Dec
2012: Jan Feb Mar Apr May Jun Jul Aug Sep Oct Nov Dec
2011: Jan Feb Mar Apr May Jun Jul Aug Sep Oct Nov Dec
2010: Jan Feb Mar Apr May Jun Jul Aug Sep Oct Nov Dec
2009: Jan Feb Mar Apr May Jun Jul Aug Sep Oct Nov Dec
2008: Jan Feb Mar Apr May Jun Jul Aug Sep Oct Nov Dec
2007: Jan Feb Mar Apr May Jun Jul Aug Sep Oct Nov Dec
2006: Jan Feb Mar Apr May Jun Jul Aug Sep Oct Nov Dec
2005: Jan Feb Mar Apr May Jun Jul Aug Sep Oct Nov Dec
2004: Jan Feb Mar Apr May Jun Jul Aug Sep Oct Nov Dec
2003: Jan Feb Mar Apr May Jun Jul Aug Sep Oct Nov Dec
2002: Jan Feb Mar Apr May Jun Jul Aug Sep Oct Nov Dec
2001: Jan Feb Mar Apr May Jun Jul Aug Sep Oct Nov Dec
2000: Jan Feb Mar Apr May Jun Jul Aug Sep Oct Nov Dec
1999: Jan Feb Mar Apr May Jun Jul Aug Sep Oct Nov Dec
1998: Jan Feb Mar Apr May Jun Jul Aug Sep Oct Nov Dec
1997: Jan Feb Mar Apr May Jun Jul Aug Sep Oct Nov Dec
1996: Jan Feb Mar Apr May Jun Jul Aug Sep Oct Nov Dec
1995: Jan Feb Mar Apr May Jun Jul Aug Sep Oct Nov Dec
1994: Jan Feb Mar Apr May Jun Jul Aug Sep Oct Nov Dec
1993: Jan Feb Mar Apr May Jun Jul Aug Sep Oct Nov Dec
1992: Jan Feb Mar Apr May Jun Jul Aug Sep Oct Nov Dec
1991: Jan Feb Mar Apr May Jun Jul Aug Sep Oct Nov Dec
1990: Jan Feb Mar Apr May Jun Jul Aug Sep Oct Nov Dec
1989: Jan Feb Mar Apr May Jun Jul Aug Sep Oct Nov Dec
1988: Jan Feb Mar Apr May Jun Jul Aug Sep Oct Nov Dec
1987: Jan Feb Mar Apr May Jun Jul Aug Sep Oct Nov Dec
1986: Jan Feb Mar Apr May Jun Jul Aug Sep Oct Nov Dec

Report for 2006 March
                  MONTHLY CLIMATOLOGICAL SUMMARY FOR 3/2006
                                        HEAT  COOL        
     MEAN                               DEG   DEG       WIND SPEED       DOM MEAN  MEAN
DAY  TEMP  HIGH   TIME     LOW   TIME   DAYS  DAYS RAIN AVG  HI  TIME    DIR BAROM HUM
---------------------------------------------------------------------------------------
1    45.5  59.0  2:53pm   32.0  9:53pm  12.7  0.0  0.00  14  28  00:00    SE  28.8 28.8
2    40.2  55.9  2:53pm   30.9  2:53am  16.9  0.0  0.00  14  27  00:00     S  28.9 29.6
3    45.4  63.0  1:53pm   28.9  5:53am  10.8  0.0  0.00  17  32  00:00     S  28.8 39.9
4    51.9  64.0 11:53am   37.9 11:53pm   7.0  0.0  0.00  17  33  00:00    SW  28.5 16.8
5    43.8  61.0  2:53pm   28.9  1:53am  12.6  0.0  0.00   7  14  00:00   SSE  28.9 25.5
6    50.5  69.1  2:53pm   33.1  3:53am   5.2  0.0  0.00  15  29  00:00   SSE  28.7 19.3
7    52.8  64.0 12:53pm   42.1 11:53pm   6.6  0.0  0.00  20  38  00:00    SW  28.5 18.7
8    31.5  43.0  1:53am   25.0 11:53pm  27.7  0.0  0.29   7  14  00:00   ENE  28.8 78.2
9    30.2  44.1  2:53pm   19.9  4:53am  27.8  0.0  0.00   6  12  00:00    SE  28.3 56.5
10   25.7  30.9 12:53pm   21.9 11:53pm  36.7  0.0  0.00   6  12  00:00   SSE  28.4 65.0
11   25.9  39.9 12:53pm   18.0  5:53am  32.1  0.0  0.00  10  18  00:00   WSW  28.8 71.8
12   24.2  28.9 12:53pm   19.4 11:29pm  38.4  0.0  0.00   9  16  00:00   WNW  29.0 85.7
13   23.2  32.0  2:53pm   17.1 11:53pm  37.4  0.0  0.01  13  25  00:00    SE  29.0 65.4
14   33.3  51.1  3:53pm   16.0  3:53am  22.8  0.0  0.00  12  23  00:00   SSE  28.9 32.6
15   43.2  57.0 10:53am   30.9 11:53pm  14.9  0.0  0.00  18  36  00:00     W  28.6 24.1
16     36  50.0  2:53pm   23.0  5:53am  22.0  0.0  0.00  12  23  00:00   SSE  28.9 26.7
17   34.7  48.0 11:53am   26.1  5:53am  23.6  0.0  0.00  10  18  00:00   WSW  28.8 40.9
18   34.5  48.0 12:53pm   24.1  5:53am  23.7  0.0  0.03   6  12  00:00   WNW  28.7 66.0
19   32.3  39.2  2:00pm   25.0 11:53pm  29.2  0.0  0.25  10  18  00:00     W  29.0 91.3
20   18.4  25.0 12:53am   15.8  8:23pm  43.3  0.0  0.06  10  20  00:00   NNW  29.1 86.2
21   19.2  32.0  2:53pm    9.0  6:53am  39.4  0.0  0.00  10  18  00:00   WSW  29.2 79.3
22   25.4  34.0 12:53pm   18.0  5:53am  35.3  0.0  0.00   6  12  00:00   WNW  29.3 78.5
23   30.3  44.1  2:53pm   21.0  2:53am  27.8  0.0  0.00   9  16  00:00    SE  29.3 70.2
24     38  54.0  1:53pm   23.0  5:53am  19.0  0.0  0.00  12  22  00:00   SSE  29.0 48.0
25   44.4  62.1 12:53pm   28.9  1:53am  11.7  0.0  0.00  11  22  00:00   SSE  28.7 43.7
26   41.1  57.0  8:53am   32.0  5:53am  15.9  0.0  0.00  23  45  00:00   WNW  28.5 38.0
27     39  52.0  2:53pm   26.1  5:53am  19.5  0.0  0.00  11  21  00:00   SSW  28.9 34.4
28   47.6  64.9  1:53pm   28.0  3:53am   8.7  0.0  0.00   9  17  00:00     S  28.7 34.0
29     53  68.0 12:53pm   41.0 11:53pm   4.5  0.0  0.00  20  38  00:00   SSW  28.4 30.5
30   44.1  57.9 12:53pm   35.1 10:53pm  14.0  0.0  0.00  17  33  00:00   WNW  28.4 38.6
31     47  64.0  2:53pm   27.0  5:53am   9.5  0.0  0.00  17  32  00:00   SSE  28.7 27.8