NOAA-Style Climate Reports

Select a Year or Month report
2018: Jan Feb Mar Apr May Jun Jul Aug Sep Oct Nov Dec
2017: Jan Feb Mar Apr May Jun Jul Aug Sep Oct Nov Dec
2016: Jan Feb Mar Apr May Jun Jul Aug Sep Oct Nov Dec
2015: Jan Feb Mar Apr May Jun Jul Aug Sep Oct Nov Dec
2014: Jan Feb Mar Apr May Jun Jul Aug Sep Oct Nov Dec
2013: Jan Feb Mar Apr May Jun Jul Aug Sep Oct Nov Dec
2012: Jan Feb Mar Apr May Jun Jul Aug Sep Oct Nov Dec
2011: Jan Feb Mar Apr May Jun Jul Aug Sep Oct Nov Dec
2010: Jan Feb Mar Apr May Jun Jul Aug Sep Oct Nov Dec
2009: Jan Feb Mar Apr May Jun Jul Aug Sep Oct Nov Dec
2008: Jan Feb Mar Apr May Jun Jul Aug Sep Oct Nov Dec
2007: Jan Feb Mar Apr May Jun Jul Aug Sep Oct Nov Dec
2006: Jan Feb Mar Apr May Jun Jul Aug Sep Oct Nov Dec
2005: Jan Feb Mar Apr May Jun Jul Aug Sep Oct Nov Dec
2004: Jan Feb Mar Apr May Jun Jul Aug Sep Oct Nov Dec
2003: Jan Feb Mar Apr May Jun Jul Aug Sep Oct Nov Dec
2002: Jan Feb Mar Apr May Jun Jul Aug Sep Oct Nov Dec
2001: Jan Feb Mar Apr May Jun Jul Aug Sep Oct Nov Dec
2000: Jan Feb Mar Apr May Jun Jul Aug Sep Oct Nov Dec
1999: Jan Feb Mar Apr May Jun Jul Aug Sep Oct Nov Dec
1998: Jan Feb Mar Apr May Jun Jul Aug Sep Oct Nov Dec
1997: Jan Feb Mar Apr May Jun Jul Aug Sep Oct Nov Dec
1996: Jan Feb Mar Apr May Jun Jul Aug Sep Oct Nov Dec
1995: Jan Feb Mar Apr May Jun Jul Aug Sep Oct Nov Dec
1994: Jan Feb Mar Apr May Jun Jul Aug Sep Oct Nov Dec
1993: Jan Feb Mar Apr May Jun Jul Aug Sep Oct Nov Dec
1992: Jan Feb Mar Apr May Jun Jul Aug Sep Oct Nov Dec
1991: Jan Feb Mar Apr May Jun Jul Aug Sep Oct Nov Dec
1990: Jan Feb Mar Apr May Jun Jul Aug Sep Oct Nov Dec
1989: Jan Feb Mar Apr May Jun Jul Aug Sep Oct Nov Dec
1988: Jan Feb Mar Apr May Jun Jul Aug Sep Oct Nov Dec
1987: Jan Feb Mar Apr May Jun Jul Aug Sep Oct Nov Dec
1986: Jan Feb Mar Apr May Jun Jul Aug Sep Oct Nov Dec

Report for 2006 April
                  MONTHLY CLIMATOLOGICAL SUMMARY FOR 4/2006
                                        HEAT  COOL        
     MEAN                               DEG   DEG       WIND SPEED       DOM MEAN  MEAN
DAY  TEMP  HIGH   TIME     LOW   TIME   DAYS  DAYS RAIN AVG  HI  TIME    DIR BAROM HUM
---------------------------------------------------------------------------------------
1    45.5  62.1  1:53pm   36.0  5:53am  11.2  0.0  0.05  12  22  00:00   WNW  28.6 49.0
2    43.5  59.0  1:53pm   33.1  1:53am  13.7  0.0  0.00  18  36  00:00     W  28.8 31.1
3    41.9  60.1  4:53pm   26.1  3:53am  14.0  0.0  0.00   9  17  00:00   SSE  29.0 37.6
4    53.5  72.0  2:53pm   39.0  1:53am   2.2  0.0  0.00  14  27  00:00   SSE  28.6 31.0
5    57.2  73.0 12:53pm   45.0  2:53am   0.0  0.1  0.00  19  37  00:00     S  28.5 30.4
6    41.6  51.1 11:53am   33.1  5:53am  18.6  0.0  0.00  16  30  00:00   WSW  28.3 31.0
7    36.6  48.9  5:53pm   32.0  7:38am  22.2  0.0  0.38  18  36  00:00   WNW  29.2 63.2
8    43.3  66.0  3:53pm   27.0  3:53am  10.3  0.0  0.00   6  12  00:00   SSE  28.9 50.9
9    57.5  75.0  3:53pm   41.0  3:53am   0.0  1.3  0.00  13  25  00:00   SSW  28.6 19.6
10   59.4  75.0  1:53pm   45.0  2:53am   0.0  2.2  0.00  18  35  00:00    SW  28.4 14.1
11   52.3  63.0  1:53pm   45.0  6:53am   7.3  0.0  0.00  16  31  00:00     S  28.6 27.4
12   55.3  73.9  3:53pm   39.9  4:53am   0.4  0.0  0.00  13  24  00:00    SE  28.9 30.7
13     63  82.0  2:53pm   45.0  5:53am   0.0  7.5  0.00  12  23  00:00   WSW  28.7 15.8
14   60.8  77.0  5:30pm   48.0  6:53am   0.0  3.9  0.00  18  35  00:00     S  28.6 17.9
15     52  61.0 12:53pm   44.6  7:51am   8.5  0.0  0.33  23  45  00:00   WNW  28.4 43.3
16   57.2  73.9  3:53pm   46.0 12:53am   0.0  0.6  0.00  10  18  00:00     S  28.5 25.0
17   60.3  79.0  1:53pm   41.0  5:53am   0.0  4.7  0.00  23  45  00:00   SSW  28.4 17.3
18   40.7  50.0 12:53pm   33.1 11:53pm  19.6  0.0  0.00  17  32  00:00   WSW  28.7 32.0
19   40.5  57.0  4:53pm   25.0  5:53am  16.2  0.0  0.00   9  17  00:00   SSW  28.8 28.8
20   46.3  64.0  4:53pm   28.9  4:53am   9.8  0.0  0.00   9  16  00:00   SSE  28.8 27.2
21   52.4  71.1  3:53pm   35.1  5:53am   3.2  0.0  0.00   7  14  00:00   SSE  28.8 24.4
22   59.7  79.0  2:53pm   45.0  5:53am   0.0  4.4  0.00  12  22  00:00     S  28.6 17.0
23   57.9  81.0 12:53pm   43.0 11:53pm   0.0  4.5  0.00  22  43  00:00    SW  28.8 36.4
24   30.2  39.9 12:53am   26.1 10:53pm  29.9  0.0  0.10   8  15  00:00   NNW  29.5 88.3
25   29.8  39.0  4:53pm   24.1  2:53am  30.6  0.0  0.01   5   9  00:00   WSW  29.1 73.6
26   48.8  69.1  2:53pm   27.0  3:53am   6.0  0.0  0.00   8  15  00:00   SSE  28.7 41.5
27   57.1  73.9  1:53pm   37.0  5:53am   0.0  0.5  0.00  12  23  00:00     S  28.7 27.9
28     40  53.1 12:53am   33.8  8:01am  18.4  0.0  0.54  14  28  00:00   WNW  29.2 76.5
29   44.8  55.9  2:53pm   36.0  4:53am  14.6  0.0  0.00  16  30  00:00   WSW  28.7 47.6
30   48.9  66.0  2:53pm   35.1  2:53am   7.5  0.0  0.07  12  23  00:00   WSW  28.6 52.2