NOAA-Style Climate Reports

Select a Year or Month report
2018: Jan Feb Mar Apr May Jun Jul Aug Sep Oct Nov Dec
2017: Jan Feb Mar Apr May Jun Jul Aug Sep Oct Nov Dec
2016: Jan Feb Mar Apr May Jun Jul Aug Sep Oct Nov Dec
2015: Jan Feb Mar Apr May Jun Jul Aug Sep Oct Nov Dec
2014: Jan Feb Mar Apr May Jun Jul Aug Sep Oct Nov Dec
2013: Jan Feb Mar Apr May Jun Jul Aug Sep Oct Nov Dec
2012: Jan Feb Mar Apr May Jun Jul Aug Sep Oct Nov Dec
2011: Jan Feb Mar Apr May Jun Jul Aug Sep Oct Nov Dec
2010: Jan Feb Mar Apr May Jun Jul Aug Sep Oct Nov Dec
2009: Jan Feb Mar Apr May Jun Jul Aug Sep Oct Nov Dec
2008: Jan Feb Mar Apr May Jun Jul Aug Sep Oct Nov Dec
2007: Jan Feb Mar Apr May Jun Jul Aug Sep Oct Nov Dec
2006: Jan Feb Mar Apr May Jun Jul Aug Sep Oct Nov Dec
2005: Jan Feb Mar Apr May Jun Jul Aug Sep Oct Nov Dec
2004: Jan Feb Mar Apr May Jun Jul Aug Sep Oct Nov Dec
2003: Jan Feb Mar Apr May Jun Jul Aug Sep Oct Nov Dec
2002: Jan Feb Mar Apr May Jun Jul Aug Sep Oct Nov Dec
2001: Jan Feb Mar Apr May Jun Jul Aug Sep Oct Nov Dec
2000: Jan Feb Mar Apr May Jun Jul Aug Sep Oct Nov Dec
1999: Jan Feb Mar Apr May Jun Jul Aug Sep Oct Nov Dec
1998: Jan Feb Mar Apr May Jun Jul Aug Sep Oct Nov Dec
1997: Jan Feb Mar Apr May Jun Jul Aug Sep Oct Nov Dec
1996: Jan Feb Mar Apr May Jun Jul Aug Sep Oct Nov Dec
1995: Jan Feb Mar Apr May Jun Jul Aug Sep Oct Nov Dec
1994: Jan Feb Mar Apr May Jun Jul Aug Sep Oct Nov Dec
1993: Jan Feb Mar Apr May Jun Jul Aug Sep Oct Nov Dec
1992: Jan Feb Mar Apr May Jun Jul Aug Sep Oct Nov Dec
1991: Jan Feb Mar Apr May Jun Jul Aug Sep Oct Nov Dec
1990: Jan Feb Mar Apr May Jun Jul Aug Sep Oct Nov Dec
1989: Jan Feb Mar Apr May Jun Jul Aug Sep Oct Nov Dec
1988: Jan Feb Mar Apr May Jun Jul Aug Sep Oct Nov Dec
1987: Jan Feb Mar Apr May Jun Jul Aug Sep Oct Nov Dec
1986: Jan Feb Mar Apr May Jun Jul Aug Sep Oct Nov Dec

Report for 2006 May
                  MONTHLY CLIMATOLOGICAL SUMMARY FOR 5/2006
                                        HEAT  COOL        
     MEAN                               DEG   DEG       WIND SPEED       DOM MEAN  MEAN
DAY  TEMP  HIGH   TIME     LOW   TIME   DAYS  DAYS RAIN AVG  HI  TIME    DIR BAROM HUM
---------------------------------------------------------------------------------------
1    51.8  71.1  3:53pm   39.0  5:53am   3.5  0.0  0.00  11  21  00:00     S  28.6 51.0
2    59.5  77.0  1:53pm   48.0  5:53am   0.0  3.3  0.00  11  21  00:00     S  28.7 25.5
3    46.4  62.1 12:53pm   42.8  8:08am  10.7  0.0  0.13  11  21  00:00     S  28.9 58.3
4      44  52.0  1:53pm   39.0  5:53am  17.0  0.0  0.00  13  25  00:00   SSW  29.2 73.6
5    40.8  46.4 12:20pm   39.0 11:53pm  21.4  0.0  0.01   6  12  00:00    NW  29.3 86.6
6    48.7  64.0  2:53pm   39.0 12:53am   8.6  0.0  0.04  17  32  00:00    SW  28.7 57.0
7    54.3  68.0  3:53pm   44.1 12:53am   3.8  0.0  0.00  13  25  00:00     W  28.6 38.3
8      55  68.0 11:53am   48.0  5:53am   3.5  0.0  0.06  10  21  00:00   SSW  28.7 42.4
9    47.2  64.0  3:53pm   34.0 11:53pm   9.4  0.0  0.06  12  22  00:00   SSW  28.6 52.2
10   42.2  59.0  4:59pm   30.2  4:01am  14.4  0.0  0.02  17  33  00:00     S  29.2 50.7
11   47.4  66.9  4:53pm   28.9  5:53am   7.8  0.0  0.00   7  14  00:00    SE  28.9 36.8
12   59.2  78.1  4:53pm   42.1  4:53am   0.0  3.7  0.00  11  21  00:00     S  28.7 25.4
13   61.2  75.9  2:53pm   48.0  3:53am   0.0  3.6  0.00  13  25  00:00     S  28.7 27.2
14   54.2  66.0  1:53pm   46.0  4:53am   4.9  0.0  0.00   6  10  00:00   SSW  29.0 39.0
15   53.5  69.1  2:53pm   41.0  4:53am   3.7  0.0  0.00  11  22  00:00   SSW  29.1 33.8
16   57.4  75.9  2:53pm   37.9  5:53am   0.0  1.7  0.00  11  21  00:00    SW  28.9 29.3
17   60.4  78.1 12:53pm   43.0  3:53am   0.0  4.3  0.00  24  47  00:00    SW  28.9 32.5
18     66  82.0  4:53pm   54.0  5:53am   0.0  9.0  0.00  12  23  00:00   SSW  28.7 28.9
19   69.2  86.0 12:53pm   57.0  5:53am   0.0 12.6  0.00  13  25  00:00    SW  28.7 24.0
20   66.3  82.9  2:53pm   55.0  4:53am   0.0  9.6  0.00  10  20  00:00   SSW  28.6 32.7
21   69.9  87.8  2:28pm   53.1  5:53am   0.0 13.9  0.00  18  35  00:00    SW  28.9 25.2
22   59.8  82.9  1:53pm   50.0 10:34pm   0.0  6.4  0.35  26  52  00:00     S  28.8 51.3
23   59.3  73.9  2:53pm   46.9  4:53am   0.0  1.6  0.00  14  28  00:00     W  28.6 38.3
24   64.5  82.0  3:53pm   50.0  4:53am   0.0  8.3  0.00  10  18  00:00    SE  28.8 27.2
25   66.5  82.9  2:53pm   52.0  4:53am   0.0  9.7  0.00   9  17  00:00     S  28.7 30.0
26   68.1  84.9 11:53am   53.1  5:53am   0.0 11.5  0.00  14  28  00:00   SSE  28.5 31.0
27   69.6  89.1  2:53pm   50.0  2:53am   0.0 14.4  0.00  17  33  00:00    SW  28.2 16.8
28   68.4  82.9  3:53pm   61.0 10:53pm   0.0 10.7  0.00  21  43  00:00    SW  28.3 13.9
29     56  71.1  3:53pm   41.0  4:53am   1.4  0.0  0.00  14  27  00:00   SSW  29.0 37.9
30   54.1  66.0 12:53pm   48.0  5:53am   4.9  0.0  0.18  10  18  00:00    SE  29.1 60.1
31   57.5  71.1  4:53pm   51.1  5:53am   0.7  0.0  0.02  16  31  00:00    SE  29.2 59.0