NOAA-Style Climate Reports

Select a Year or Month report
2018: Jan Feb Mar Apr May Jun Jul Aug Sep Oct Nov Dec
2017: Jan Feb Mar Apr May Jun Jul Aug Sep Oct Nov Dec
2016: Jan Feb Mar Apr May Jun Jul Aug Sep Oct Nov Dec
2015: Jan Feb Mar Apr May Jun Jul Aug Sep Oct Nov Dec
2014: Jan Feb Mar Apr May Jun Jul Aug Sep Oct Nov Dec
2013: Jan Feb Mar Apr May Jun Jul Aug Sep Oct Nov Dec
2012: Jan Feb Mar Apr May Jun Jul Aug Sep Oct Nov Dec
2011: Jan Feb Mar Apr May Jun Jul Aug Sep Oct Nov Dec
2010: Jan Feb Mar Apr May Jun Jul Aug Sep Oct Nov Dec
2009: Jan Feb Mar Apr May Jun Jul Aug Sep Oct Nov Dec
2008: Jan Feb Mar Apr May Jun Jul Aug Sep Oct Nov Dec
2007: Jan Feb Mar Apr May Jun Jul Aug Sep Oct Nov Dec
2006: Jan Feb Mar Apr May Jun Jul Aug Sep Oct Nov Dec
2005: Jan Feb Mar Apr May Jun Jul Aug Sep Oct Nov Dec
2004: Jan Feb Mar Apr May Jun Jul Aug Sep Oct Nov Dec
2003: Jan Feb Mar Apr May Jun Jul Aug Sep Oct Nov Dec
2002: Jan Feb Mar Apr May Jun Jul Aug Sep Oct Nov Dec
2001: Jan Feb Mar Apr May Jun Jul Aug Sep Oct Nov Dec
2000: Jan Feb Mar Apr May Jun Jul Aug Sep Oct Nov Dec
1999: Jan Feb Mar Apr May Jun Jul Aug Sep Oct Nov Dec
1998: Jan Feb Mar Apr May Jun Jul Aug Sep Oct Nov Dec
1997: Jan Feb Mar Apr May Jun Jul Aug Sep Oct Nov Dec
1996: Jan Feb Mar Apr May Jun Jul Aug Sep Oct Nov Dec
1995: Jan Feb Mar Apr May Jun Jul Aug Sep Oct Nov Dec
1994: Jan Feb Mar Apr May Jun Jul Aug Sep Oct Nov Dec
1993: Jan Feb Mar Apr May Jun Jul Aug Sep Oct Nov Dec
1992: Jan Feb Mar Apr May Jun Jul Aug Sep Oct Nov Dec
1991: Jan Feb Mar Apr May Jun Jul Aug Sep Oct Nov Dec
1990: Jan Feb Mar Apr May Jun Jul Aug Sep Oct Nov Dec
1989: Jan Feb Mar Apr May Jun Jul Aug Sep Oct Nov Dec
1988: Jan Feb Mar Apr May Jun Jul Aug Sep Oct Nov Dec
1987: Jan Feb Mar Apr May Jun Jul Aug Sep Oct Nov Dec
1986: Jan Feb Mar Apr May Jun Jul Aug Sep Oct Nov Dec

Report for 2006 June
                  MONTHLY CLIMATOLOGICAL SUMMARY FOR 6/2006
                                        HEAT  COOL        
     MEAN                               DEG   DEG       WIND SPEED       DOM MEAN  MEAN
DAY  TEMP  HIGH   TIME     LOW   TIME   DAYS  DAYS RAIN AVG  HI  TIME    DIR BAROM HUM
---------------------------------------------------------------------------------------
1    60.8  78.1  4:53pm   44.1  5:53am   0.0  4.5  0.00  13  25  00:00   SSE  29.0 48.7
2    70.2  88.0  3:53pm   54.0  4:53am   0.0 14.1  0.00  13  25  00:00     S  28.8 30.0
3    74.9  90.0 11:53am   63.0 12:53am   0.0 17.5  0.00  15  29  00:00   WSW  28.7 15.4
4      68  87.1  5:53pm   57.9  1:53am   0.0 12.6  0.00  12  22  00:00   SSW  28.6 30.2
5    74.1  90.0  1:53pm   59.0  5:53am   0.0 17.1  0.00  11  21  00:00    SW  28.7 26.1
6    72.8  91.0  3:53pm   61.0  4:53am   0.0 16.9  0.00  16  30  00:00   SSW  28.9 28.3
7    76.8  93.2  3:26pm   64.0  3:53am   0.0 20.0  0.00  17  33  00:00     S  29.0 23.8
8    73.9  90.0  2:53pm   66.0  3:53am   0.0 17.0  0.03  19  37  00:00   SSW  28.8 25.3
9    69.2  82.9  4:53pm   60.1 11:53pm   0.0 11.1  0.07   8  15  00:00   SSW  28.7 31.0
10   67.3  87.1  3:53pm   51.1  4:53am   0.0 12.2  0.00  17  33  00:00   SSE  28.6 41.8
11   69.7  86.0  2:53pm   55.0  4:53am   0.0 12.9  0.00  20  38  00:00   SSE  28.8 32.1
12   71.1  89.1 12:53pm   53.1  4:53am   0.0 15.1  0.00  17  32  00:00   SSE  28.9 37.8
13   77.1  93.9  5:53pm   59.0  5:53am   0.0 20.5  0.00  14  28  00:00     S  28.8 31.1
14   79.1  97.0  2:53pm   64.0  3:53am   0.0 23.1  0.00  21  41  00:00   SSW  28.5 14.7
15   67.6  82.9  3:53pm   55.0  5:53am   0.0 10.3  0.00  13  25  00:00   WSW  28.5 21.4
16   58.9  66.9  4:53pm   54.0 10:53pm   2.1  0.0  0.03  16  30  00:00    SW  28.8 44.5
17   65.7  81.0  4:53pm   50.0  1:53am   0.0  8.4  0.00   9  16  00:00   WSW  28.7 26.9
18   71.1  87.1  4:53pm   54.0  5:53am   0.0 14.1  0.00  28  55  00:00     S  28.9 21.5
19   74.9  93.0  3:53pm   54.0  4:53am   0.0 19.0  0.00  11  21  00:00   SSW  28.8 24.8
20   72.7  88.0  2:53pm   62.1  3:53am   0.0 15.4  0.00  12  23  00:00    SW  28.6 21.3
21     65  75.0  3:53pm   57.0  5:53am   0.0  5.0  0.07   9  17  00:00    SE  29.0 45.5
22   61.1  75.9 12:53pm   55.0 11:53pm   0.0  3.5  0.00  16  30  00:00   SSE  28.9 58.9
23     68  87.1  4:53pm   50.0  5:53am   0.0 12.6  0.00   8  15  00:00   SSW  28.9 37.8
24   63.7  79.0  4:53pm   55.9  6:53am   0.0  6.4  0.00  13  25  00:00    SW  29.2 48.3
25   59.3  70.0  3:53pm   53.1  2:53am   0.3  0.0  0.00  11  21  00:00   ESE  29.2 57.9
26     62  78.1  4:53pm   48.9  4:53am   0.0  5.1  0.00   9  17  00:00   SSE  29.0 44.0
27   68.1  82.9  2:53pm   55.0  4:53am   0.0 10.5  0.00  14  27  00:00   SSE  29.0 30.5
28     69  84.0  1:53pm   60.1  1:53am   0.0 11.5  0.00  16  31  00:00   WSW  28.8 27.9
29   72.1  89.1  2:53pm   57.9  2:53am   0.0 15.6  0.00   5   9  00:00   SSW  28.8 24.6
30   74.6  91.9  3:53pm   60.1  2:53am   0.0 18.3  0.00  16  30  00:00     S  28.7 22.7