NOAA-Style Climate Reports

Select a Year or Month report
2018: Jan Feb Mar Apr May Jun Jul Aug Sep Oct Nov Dec
2017: Jan Feb Mar Apr May Jun Jul Aug Sep Oct Nov Dec
2016: Jan Feb Mar Apr May Jun Jul Aug Sep Oct Nov Dec
2015: Jan Feb Mar Apr May Jun Jul Aug Sep Oct Nov Dec
2014: Jan Feb Mar Apr May Jun Jul Aug Sep Oct Nov Dec
2013: Jan Feb Mar Apr May Jun Jul Aug Sep Oct Nov Dec
2012: Jan Feb Mar Apr May Jun Jul Aug Sep Oct Nov Dec
2011: Jan Feb Mar Apr May Jun Jul Aug Sep Oct Nov Dec
2010: Jan Feb Mar Apr May Jun Jul Aug Sep Oct Nov Dec
2009: Jan Feb Mar Apr May Jun Jul Aug Sep Oct Nov Dec
2008: Jan Feb Mar Apr May Jun Jul Aug Sep Oct Nov Dec
2007: Jan Feb Mar Apr May Jun Jul Aug Sep Oct Nov Dec
2006: Jan Feb Mar Apr May Jun Jul Aug Sep Oct Nov Dec
2005: Jan Feb Mar Apr May Jun Jul Aug Sep Oct Nov Dec
2004: Jan Feb Mar Apr May Jun Jul Aug Sep Oct Nov Dec
2003: Jan Feb Mar Apr May Jun Jul Aug Sep Oct Nov Dec
2002: Jan Feb Mar Apr May Jun Jul Aug Sep Oct Nov Dec
2001: Jan Feb Mar Apr May Jun Jul Aug Sep Oct Nov Dec
2000: Jan Feb Mar Apr May Jun Jul Aug Sep Oct Nov Dec
1999: Jan Feb Mar Apr May Jun Jul Aug Sep Oct Nov Dec
1998: Jan Feb Mar Apr May Jun Jul Aug Sep Oct Nov Dec
1997: Jan Feb Mar Apr May Jun Jul Aug Sep Oct Nov Dec
1996: Jan Feb Mar Apr May Jun Jul Aug Sep Oct Nov Dec
1995: Jan Feb Mar Apr May Jun Jul Aug Sep Oct Nov Dec
1994: Jan Feb Mar Apr May Jun Jul Aug Sep Oct Nov Dec
1993: Jan Feb Mar Apr May Jun Jul Aug Sep Oct Nov Dec
1992: Jan Feb Mar Apr May Jun Jul Aug Sep Oct Nov Dec
1991: Jan Feb Mar Apr May Jun Jul Aug Sep Oct Nov Dec
1990: Jan Feb Mar Apr May Jun Jul Aug Sep Oct Nov Dec
1989: Jan Feb Mar Apr May Jun Jul Aug Sep Oct Nov Dec
1988: Jan Feb Mar Apr May Jun Jul Aug Sep Oct Nov Dec
1987: Jan Feb Mar Apr May Jun Jul Aug Sep Oct Nov Dec
1986: Jan Feb Mar Apr May Jun Jul Aug Sep Oct Nov Dec

Report for 2006 July
                  MONTHLY CLIMATOLOGICAL SUMMARY FOR 7/2006
                                        HEAT  COOL        
     MEAN                               DEG   DEG       WIND SPEED       DOM MEAN  MEAN
DAY  TEMP  HIGH   TIME     LOW   TIME   DAYS  DAYS RAIN AVG  HI  TIME    DIR BAROM HUM
---------------------------------------------------------------------------------------
1    70.9  84.0 12:53pm   62.1  5:53am   0.0 12.5  0.00  13  27  00:00    SW  28.8 33.0
2    66.8  88.0  1:53pm   57.9  5:53am   0.0 12.4  1.93  16  30  00:00   SSW  29.1 57.1
3    62.4  75.9  1:53pm   57.0 11:53pm   0.0  4.2  1.55   9  17  00:00   SSW  29.1 72.0
4    63.5  79.0  1:53pm   55.0  2:53am   0.0  6.3  0.80  21  40  00:00    SW  29.1 65.4
5    62.7  75.9  2:53pm   57.0  5:53am   0.0  4.3  0.00  12  22  00:00   SSE  28.9 65.6
6    64.9  80.1  1:53pm   59.0  3:53am   0.0  7.5  0.00  14  27  00:00   SSW  28.9 60.8
7    68.2  84.0 12:53pm   60.8  8:24pm   0.0 11.1  1.63  17  35  00:00   SSW  29.1 56.4
8    60.2  64.0  6:53am   60.1 11:53pm   2.9  0.0  0.57   5  10  00:00    NW  29.3 83.8
9    55.3  59.0 12:53am   55.0  2:53pm   7.8  0.0  0.85   7  14  00:00   WNW  29.4 94.3
10     62  80.1  4:53pm   51.1  5:53am   0.0  6.1  0.00   8  15  00:00   SSW  28.7 64.8
11   70.2  84.0  2:53pm   63.0  2:53am   0.0 12.1  0.00  12  22  00:00    SW  28.7 37.2
12     71  87.1  1:53pm   57.9  4:53am   0.0 14.1  0.00   8  15  00:00     S  28.8 38.5
13   74.1  89.1  1:53pm   61.0  5:53am   0.0 16.6  0.00   9  17  00:00    SW  28.7 29.0
14     75  91.9  4:53pm   60.1  3:53am   0.0 18.5  0.00  13  24  00:00     S  28.8 28.5
15   78.6  93.9 12:53pm   68.0  6:53am   0.0 21.3  0.00  12  22  00:00    SW  28.8 24.9
16   79.4  97.0  3:53pm   64.9  2:53am   0.0 23.2  0.00   9  16  00:00   ESE  28.8 23.4
17   72.8  84.9  2:53pm   68.0 11:53pm   0.0 13.9  0.00  22  43  00:00   WSW  29.0 34.3
18   75.9  93.0 12:53pm   66.0 12:53am   0.0 19.5  0.00  18  35  00:00    SW  28.9 31.0
19   76.9  93.0  2:53pm   64.9  5:53am   0.0 20.0  0.00  13  27  00:00   WSW  28.7 29.1
20   71.3  87.1 12:53pm   66.9 11:53pm   0.0 14.2  0.00  14  27  00:00   SSW  29.0 49.0
21   68.7  82.0  2:53pm   64.0  3:53am   0.0 10.4  0.00   9  16  00:00     W  29.1 58.3
22   69.7  84.0  2:53pm   60.1  5:53am   0.0 11.9  0.00   9  16  00:00   SSW  28.9 45.3
23   74.7  93.0  2:53pm   59.0  5:53am   0.0 18.9  0.00   8  15  00:00   SSW  28.9 37.2
24   75.8  91.9  1:53pm   66.0  5:53am   0.0 18.9  0.00  10  18  00:00    SW  28.8 35.6
25   69.4  87.1  2:53pm   61.0 11:53pm   0.0 13.3  0.09  15  29  00:00     W  28.7 51.6
26   69.1  88.0  1:53pm   59.0  5:53am   0.0 13.6  0.14  14  27  00:00    SW  28.9 54.9
27   69.9  87.1  5:53pm   62.1  3:53am   0.0 13.5  0.08   7  14  00:00     W  28.9 50.3
28   73.8  89.1  4:53pm   64.9  5:53am   0.0 16.5  0.00  14  27  00:00   SSE  28.7 36.2
29   74.5  93.0  3:53pm   61.0  5:53am   0.0 18.8  0.00  14  27  00:00     S  28.5 37.1
30   76.7  95.0  3:53pm   63.0  4:53am   0.0 20.9  0.00  10  18  00:00     S  28.4 32.0
31   73.4  89.1  1:53pm   64.9  6:53am   0.0 16.3  0.00  14  27  00:00   SSE  28.5 33.2