NOAA-Style Climate Reports

Select a Year or Month report
2018: Jan Feb Mar Apr May Jun Jul Aug Sep Oct Nov Dec
2017: Jan Feb Mar Apr May Jun Jul Aug Sep Oct Nov Dec
2016: Jan Feb Mar Apr May Jun Jul Aug Sep Oct Nov Dec
2015: Jan Feb Mar Apr May Jun Jul Aug Sep Oct Nov Dec
2014: Jan Feb Mar Apr May Jun Jul Aug Sep Oct Nov Dec
2013: Jan Feb Mar Apr May Jun Jul Aug Sep Oct Nov Dec
2012: Jan Feb Mar Apr May Jun Jul Aug Sep Oct Nov Dec
2011: Jan Feb Mar Apr May Jun Jul Aug Sep Oct Nov Dec
2010: Jan Feb Mar Apr May Jun Jul Aug Sep Oct Nov Dec
2009: Jan Feb Mar Apr May Jun Jul Aug Sep Oct Nov Dec
2008: Jan Feb Mar Apr May Jun Jul Aug Sep Oct Nov Dec
2007: Jan Feb Mar Apr May Jun Jul Aug Sep Oct Nov Dec
2006: Jan Feb Mar Apr May Jun Jul Aug Sep Oct Nov Dec
2005: Jan Feb Mar Apr May Jun Jul Aug Sep Oct Nov Dec
2004: Jan Feb Mar Apr May Jun Jul Aug Sep Oct Nov Dec
2003: Jan Feb Mar Apr May Jun Jul Aug Sep Oct Nov Dec
2002: Jan Feb Mar Apr May Jun Jul Aug Sep Oct Nov Dec
2001: Jan Feb Mar Apr May Jun Jul Aug Sep Oct Nov Dec
2000: Jan Feb Mar Apr May Jun Jul Aug Sep Oct Nov Dec
1999: Jan Feb Mar Apr May Jun Jul Aug Sep Oct Nov Dec
1998: Jan Feb Mar Apr May Jun Jul Aug Sep Oct Nov Dec
1997: Jan Feb Mar Apr May Jun Jul Aug Sep Oct Nov Dec
1996: Jan Feb Mar Apr May Jun Jul Aug Sep Oct Nov Dec
1995: Jan Feb Mar Apr May Jun Jul Aug Sep Oct Nov Dec
1994: Jan Feb Mar Apr May Jun Jul Aug Sep Oct Nov Dec
1993: Jan Feb Mar Apr May Jun Jul Aug Sep Oct Nov Dec
1992: Jan Feb Mar Apr May Jun Jul Aug Sep Oct Nov Dec
1991: Jan Feb Mar Apr May Jun Jul Aug Sep Oct Nov Dec
1990: Jan Feb Mar Apr May Jun Jul Aug Sep Oct Nov Dec
1989: Jan Feb Mar Apr May Jun Jul Aug Sep Oct Nov Dec
1988: Jan Feb Mar Apr May Jun Jul Aug Sep Oct Nov Dec
1987: Jan Feb Mar Apr May Jun Jul Aug Sep Oct Nov Dec
1986: Jan Feb Mar Apr May Jun Jul Aug Sep Oct Nov Dec

Report for 2006 August
                  MONTHLY CLIMATOLOGICAL SUMMARY FOR 8/2006
                                        HEAT  COOL        
     MEAN                               DEG   DEG       WIND SPEED       DOM MEAN  MEAN
DAY  TEMP  HIGH   TIME     LOW   TIME   DAYS  DAYS RAIN AVG  HI  TIME    DIR BAROM HUM
---------------------------------------------------------------------------------------
1  -206.9  84.0  4:53pm-9999.0  9:38am 126.5  0.0  3.30  26  52  00:00   SSW  29.1 68.9
2    64.2  75.0  2:53pm   59.0  4:53am   0.0  4.6  0.00   9  17  00:00    SE  28.8 60.0
3    64.3  73.9 11:53am   61.0 12:53am   0.0  4.1  0.27  18  35  00:00     S  29.1 62.7
4    69.2  84.9  1:53pm   60.1  4:53am   0.0 12.1  0.00   8  15  00:00     S  28.7 44.0
5    66.8  79.0 11:53am   62.1 10:53pm   0.0  7.9  0.30   9  16  00:00   WSW  28.7 51.6
6    64.2  79.0  4:53pm   60.1  5:53am   0.0  6.6  0.95  20  39  00:00     S  29.0 66.0
7    66.3  80.1  2:53pm   60.1  2:53am   0.0  8.2  0.02  10  18  00:00     S  28.9 59.7
8    71.3  86.0  2:53pm   59.0  5:53am   0.0 13.7  0.00   7  13  00:00     S  28.8 45.6
9      74  88.0  4:53pm   69.8 11:04pm   0.0 16.0  0.01  17  33  00:00   WSW  28.8 35.1
10   73.2  87.1  2:53pm   68.0 10:53pm   0.0 15.2  0.00   9  16  00:00    SW  28.7 32.1
11   71.1  86.0 12:53pm   63.0  2:53am   0.0 13.6  0.04  18  35  00:00     S  28.8 40.7
12   68.9  82.9  1:53pm   62.1  8:53pm   0.0 10.9  0.06  16  31  00:00    SW  28.7 50.3
13   64.8  79.0  2:53pm   57.0  6:53am   0.0  6.9  0.33   7  14  00:00     S  29.0 62.2
14   63.6  77.0  1:53pm   55.9  4:53am   0.0  5.3  0.00  13  25  00:00     S  29.0 66.5
15   67.1  82.9  1:53pm   59.0  5:53am   0.0 10.0  0.00  10  20  00:00   SSE  28.7 56.8
16   68.4  82.0  2:53pm   60.1  1:53am   0.0 10.2  0.02   7  14  00:00   SSW  28.7 47.5
17   71.1  84.9 12:53pm   60.1  6:53am   0.0 13.0  0.00  13  25  00:00     S  28.9 42.2
18   65.4  75.9  1:53pm   64.0  4:53am   0.0  5.7  0.00  10  20  00:00    SW  28.9 53.8
19   60.9  72.0  1:53pm   59.0  6:53am   0.0  1.5  0.68   9  17  00:00     S  29.3 78.9
20   65.5  82.9  3:53pm   55.9  5:53am   0.0  9.2  0.00   7  14  00:00   SSW  28.8 53.8
21   64.8  82.0  2:53pm   54.0  5:53am   0.0  8.4  0.00  15  29  00:00     S  29.0 54.7
22   69.8  88.0  1:53pm   57.0  5:53am   0.0 13.9  0.00  14  28  00:00   SSE  28.9 46.4
23   72.9  90.0  2:53pm   60.1  4:53am   0.0 16.5  0.00   6  12  00:00    SW  28.7 29.8
24   70.1  82.9 11:53am   63.0  9:53pm   0.0 11.5  0.10  26  51  00:00   SSW  28.8 37.2
25     62  73.9 12:53pm   57.0 10:53pm   0.0  3.0  0.03  12  23  00:00    SW  28.7 60.3
26   55.8  70.0 12:53pm   53.1  8:53am   2.1  0.0  0.44  10  21  00:00     W  29.2 75.9
27   57.4  70.0  2:53pm   48.0  5:53am   1.3  0.0  0.01  12  23  00:00    SW  28.9 60.5
28   58.1  73.0  3:53pm   48.9  5:53am   0.0  0.6  0.00   7  14  00:00    SW  28.9 52.0
29   61.1  80.1  2:53pm   48.0  3:53am   0.0  5.6  0.00   9  17  00:00   SSE  28.8 51.8
30   70.5  87.1  2:53pm   57.0  4:53am   0.0 13.8  0.00  14  28  00:00     S  28.6 35.0
31     66  84.0 12:53pm   55.0 10:53pm   0.0 10.0  0.00  17  33  00:00     S  28.8 39.0