NOAA-Style Climate Reports

Select a Year or Month report
2018: Jan Feb Mar Apr May Jun Jul Aug Sep Oct Nov Dec
2017: Jan Feb Mar Apr May Jun Jul Aug Sep Oct Nov Dec
2016: Jan Feb Mar Apr May Jun Jul Aug Sep Oct Nov Dec
2015: Jan Feb Mar Apr May Jun Jul Aug Sep Oct Nov Dec
2014: Jan Feb Mar Apr May Jun Jul Aug Sep Oct Nov Dec
2013: Jan Feb Mar Apr May Jun Jul Aug Sep Oct Nov Dec
2012: Jan Feb Mar Apr May Jun Jul Aug Sep Oct Nov Dec
2011: Jan Feb Mar Apr May Jun Jul Aug Sep Oct Nov Dec
2010: Jan Feb Mar Apr May Jun Jul Aug Sep Oct Nov Dec
2009: Jan Feb Mar Apr May Jun Jul Aug Sep Oct Nov Dec
2008: Jan Feb Mar Apr May Jun Jul Aug Sep Oct Nov Dec
2007: Jan Feb Mar Apr May Jun Jul Aug Sep Oct Nov Dec
2006: Jan Feb Mar Apr May Jun Jul Aug Sep Oct Nov Dec
2005: Jan Feb Mar Apr May Jun Jul Aug Sep Oct Nov Dec
2004: Jan Feb Mar Apr May Jun Jul Aug Sep Oct Nov Dec
2003: Jan Feb Mar Apr May Jun Jul Aug Sep Oct Nov Dec
2002: Jan Feb Mar Apr May Jun Jul Aug Sep Oct Nov Dec
2001: Jan Feb Mar Apr May Jun Jul Aug Sep Oct Nov Dec
2000: Jan Feb Mar Apr May Jun Jul Aug Sep Oct Nov Dec
1999: Jan Feb Mar Apr May Jun Jul Aug Sep Oct Nov Dec
1998: Jan Feb Mar Apr May Jun Jul Aug Sep Oct Nov Dec
1997: Jan Feb Mar Apr May Jun Jul Aug Sep Oct Nov Dec
1996: Jan Feb Mar Apr May Jun Jul Aug Sep Oct Nov Dec
1995: Jan Feb Mar Apr May Jun Jul Aug Sep Oct Nov Dec
1994: Jan Feb Mar Apr May Jun Jul Aug Sep Oct Nov Dec
1993: Jan Feb Mar Apr May Jun Jul Aug Sep Oct Nov Dec
1992: Jan Feb Mar Apr May Jun Jul Aug Sep Oct Nov Dec
1991: Jan Feb Mar Apr May Jun Jul Aug Sep Oct Nov Dec
1990: Jan Feb Mar Apr May Jun Jul Aug Sep Oct Nov Dec
1989: Jan Feb Mar Apr May Jun Jul Aug Sep Oct Nov Dec
1988: Jan Feb Mar Apr May Jun Jul Aug Sep Oct Nov Dec
1987: Jan Feb Mar Apr May Jun Jul Aug Sep Oct Nov Dec
1986: Jan Feb Mar Apr May Jun Jul Aug Sep Oct Nov Dec

Report for 2006 September
                  MONTHLY CLIMATOLOGICAL SUMMARY FOR 9/2006
                                        HEAT  COOL        
     MEAN                               DEG   DEG       WIND SPEED       DOM MEAN  MEAN
DAY  TEMP  HIGH   TIME     LOW   TIME   DAYS  DAYS RAIN AVG  HI  TIME    DIR BAROM HUM
---------------------------------------------------------------------------------------
1    55.3  78.1 12:53pm   46.0  9:53pm   0.0  1.7  0.08  18  35  00:00    SE  29.2 69.5
2      47  53.1  3:53pm   46.0 12:53am  14.9  0.0  0.00   7  13  00:00    SE  29.3 81.6
3    54.5  72.0  3:53pm   41.0  6:53am   1.7  0.0  0.00   5   9  00:00    SW  29.0 51.2
4    56.7  73.0  3:53pm   45.0  6:53am   0.1  0.0  0.00   9  17  00:00     S  29.0 52.1
5    60.7  78.1  2:53pm   46.4  6:53am   0.0  4.4  0.00   8  15  00:00    SE  28.9 48.0
6    63.1  80.1  2:53pm   52.0  4:53am   0.0  6.6  0.00   8  15  00:00    SW  28.8 42.9
7    59.4  77.0  1:53pm   50.0  6:53am   0.0  3.2  0.01  16  31  00:00     S  28.9 47.2
8    53.3  59.0  1:53pm   51.1  4:53am   8.8  0.0  0.09   6  13  00:00    SW  28.8 68.0
9    55.4  69.1  2:53pm   50.0  6:21am   2.7  0.0  0.00   6  12  00:00   SSW  29.1 73.5
10   53.5  73.0  2:53pm   45.0  5:53am   1.7  0.0  0.05  11  21  00:00   SSE  29.2 73.5
11   55.7  73.0 12:53pm   46.0  4:53am   0.6  0.0  0.28  16  31  00:00   ESE  29.3 69.4
12   57.1  73.9  4:53pm   46.4  6:53am   0.0  0.5  0.01   6  10  00:00     S  29.0 54.0
13   64.2  82.9  1:53pm   48.0  4:53am   0.0  8.6  0.00   9  16  00:00   SSE  28.7 38.9
14   65.7  81.0 12:53pm   55.9  6:53am   0.0  8.4  0.00  16  31  00:00   SSW  28.5 37.0
15   64.2  79.0  2:53pm   61.0  5:53am   0.0  6.6  0.00  15  29  00:00    SW  28.4 32.3
16   54.3  66.9 11:53am   45.0 10:53pm   4.4  0.0  0.00  17  32  00:00     W  28.6 43.4
17   45.7  59.0  1:53pm   33.1  5:53am  12.6  0.0  0.00  14  27  00:00   WNW  28.8 31.6
18   47.6  61.0  1:53pm   34.0  5:53am  10.7  0.0  0.00   7  14  00:00    SE  28.9 35.2
19   55.6  75.0  2:53pm   39.0  3:53am   0.0  0.3  0.00  10  18  00:00     S  28.8 35.3
20   57.8  73.9 11:53am   45.0  5:53am   0.0  0.9  0.04  16  30  00:00   SSW  28.5 33.7
21   48.9  60.1  2:53pm   46.4  2:30am  10.5  0.0  0.67  13  25  00:00    NW  28.5 69.7
22   42.8  48.9 12:53am   39.9 10:53pm  19.1  0.0  0.10   7  14  00:00     S  28.7 65.2
23   41.3  50.0 12:53pm   36.0  2:53am  19.3  0.0  0.00  17  32  00:00     S  28.9 66.5
24   45.6  62.1  3:53pm   33.1  4:53am  11.1  0.0  0.00   6  10  00:00    SE  29.1 55.2
25     50  66.0  3:53pm   39.0  4:53am   7.0  0.0  0.00   6  12  00:00    SE  29.0 46.8
26   55.6  73.0  4:53pm   41.0  6:53am   0.7  0.0  0.00   6  12  00:00    SW  28.8 33.1
27     51  69.1  2:53pm   42.1  6:53am   4.9  0.0  0.00  12  22  00:00    SE  28.9 45.0
28   53.7  75.9  3:53pm   37.0  3:53am   0.2  0.0  0.00   5   9  00:00   SSE  28.9 48.2
29   60.5  81.0  3:53pm   45.0  5:53am   0.0  5.8  0.00   8  15  00:00     S  28.7 28.6
30   60.5  80.1  3:53pm   45.0  3:53am   0.0  5.3  0.00   7  13  00:00     S  28.4 29.6