NOAA-Style Climate Reports

Select a Year or Month report
2018: Jan Feb Mar Apr May Jun Jul Aug Sep Oct Nov Dec
2017: Jan Feb Mar Apr May Jun Jul Aug Sep Oct Nov Dec
2016: Jan Feb Mar Apr May Jun Jul Aug Sep Oct Nov Dec
2015: Jan Feb Mar Apr May Jun Jul Aug Sep Oct Nov Dec
2014: Jan Feb Mar Apr May Jun Jul Aug Sep Oct Nov Dec
2013: Jan Feb Mar Apr May Jun Jul Aug Sep Oct Nov Dec
2012: Jan Feb Mar Apr May Jun Jul Aug Sep Oct Nov Dec
2011: Jan Feb Mar Apr May Jun Jul Aug Sep Oct Nov Dec
2010: Jan Feb Mar Apr May Jun Jul Aug Sep Oct Nov Dec
2009: Jan Feb Mar Apr May Jun Jul Aug Sep Oct Nov Dec
2008: Jan Feb Mar Apr May Jun Jul Aug Sep Oct Nov Dec
2007: Jan Feb Mar Apr May Jun Jul Aug Sep Oct Nov Dec
2006: Jan Feb Mar Apr May Jun Jul Aug Sep Oct Nov Dec
2005: Jan Feb Mar Apr May Jun Jul Aug Sep Oct Nov Dec
2004: Jan Feb Mar Apr May Jun Jul Aug Sep Oct Nov Dec
2003: Jan Feb Mar Apr May Jun Jul Aug Sep Oct Nov Dec
2002: Jan Feb Mar Apr May Jun Jul Aug Sep Oct Nov Dec
2001: Jan Feb Mar Apr May Jun Jul Aug Sep Oct Nov Dec
2000: Jan Feb Mar Apr May Jun Jul Aug Sep Oct Nov Dec
1999: Jan Feb Mar Apr May Jun Jul Aug Sep Oct Nov Dec
1998: Jan Feb Mar Apr May Jun Jul Aug Sep Oct Nov Dec
1997: Jan Feb Mar Apr May Jun Jul Aug Sep Oct Nov Dec
1996: Jan Feb Mar Apr May Jun Jul Aug Sep Oct Nov Dec
1995: Jan Feb Mar Apr May Jun Jul Aug Sep Oct Nov Dec
1994: Jan Feb Mar Apr May Jun Jul Aug Sep Oct Nov Dec
1993: Jan Feb Mar Apr May Jun Jul Aug Sep Oct Nov Dec
1992: Jan Feb Mar Apr May Jun Jul Aug Sep Oct Nov Dec
1991: Jan Feb Mar Apr May Jun Jul Aug Sep Oct Nov Dec
1990: Jan Feb Mar Apr May Jun Jul Aug Sep Oct Nov Dec
1989: Jan Feb Mar Apr May Jun Jul Aug Sep Oct Nov Dec
1988: Jan Feb Mar Apr May Jun Jul Aug Sep Oct Nov Dec
1987: Jan Feb Mar Apr May Jun Jul Aug Sep Oct Nov Dec
1986: Jan Feb Mar Apr May Jun Jul Aug Sep Oct Nov Dec

Report for 2006 October
                  MONTHLY CLIMATOLOGICAL SUMMARY FOR 10/2006
                                        HEAT  COOL        
     MEAN                               DEG   DEG       WIND SPEED       DOM MEAN  MEAN
DAY  TEMP  HIGH   TIME     LOW   TIME   DAYS  DAYS RAIN AVG  HI  TIME    DIR BAROM HUM
---------------------------------------------------------------------------------------
1      64  80.1 12:53pm   52.0  4:53am   0.0  7.1  0.00   9  17  00:00   WSW  28.7 20.4
2    63.1  78.1 12:53pm   52.0  4:53am   0.0  5.6  0.00  10  18  00:00   WSW  28.7 23.0
3    55.8  73.0 12:53pm   46.0 10:53pm   0.6  0.0  0.05  20  40  00:00    SW  28.9 49.7
4    50.6  64.0  2:53pm   42.1  5:53am   7.7  0.0  0.00   7  13  00:00   WSW  29.1 66.4
5    58.1  78.1  1:53pm   46.9  4:53am   0.0  3.1  0.00   8  15  00:00   WSW  28.9 53.4
6    63.5  78.1  2:53pm   55.9  3:53am   0.0  5.8  0.00  16  31  00:00   SSW  28.7 39.6
7    64.7  78.1 12:53pm   57.0 11:53pm   0.0  6.4  0.00  13  25  00:00   SSW  28.7 32.1
8    45.8  57.0 12:53am   42.1 11:53pm  13.6  0.0  0.00   7  13  00:00    SE  29.3 74.1
9    38.3  42.8  1:31am   37.0 10:53pm  24.4  0.0  0.33   7  14  00:00     E  29.4 90.2
10   38.5  51.1  4:53pm   35.1  5:53am  20.2  0.0  0.05   5   9  00:00   WSW  29.2 81.7
11   47.7  64.9  2:53pm   37.0  3:53am   8.7  0.0  0.00  17  32  00:00   WSW  28.7 48.4
12   42.2  61.0  3:53pm   33.1  6:53am  13.4  0.0  0.00   6  10  00:00    SE  28.9 66.2
13   47.1  66.0  3:53pm   34.0  3:53am   8.4  0.0  0.00   6  12  00:00   SSW  28.7 53.1
14   48.6  64.9  1:53pm   37.0  4:53am   8.2  0.0  0.00   5   8  00:00    SW  28.7 54.5
15   51.3  66.0  2:53pm   41.0  6:53am   6.3  0.0  0.00   7  14  00:00   SSW  28.5 55.6
16   51.1  64.9 12:53pm   43.0  5:53am   7.0  0.0  0.00   7  13  00:00   SSE  28.3 46.5
17   32.2  48.0  2:53am   26.1 10:53pm  24.9  0.0  0.12   8  15  00:00   ESE  29.0 85.6
18   27.4  39.9  4:53pm   23.0  3:12am  31.3  0.0  0.00   6  12  00:00     S  29.1 75.6
19   38.6  53.1  2:53pm   27.0  2:53am  19.1  0.0  0.00   7  14  00:00    SW  28.8 47.3
20   45.7  64.0  1:53pm   36.0 11:53pm  10.1  0.0  0.07  16  31  00:00     S  28.7 50.6
21   31.2  43.0  3:53pm   26.6  8:08am  27.9  0.0  0.10  12  23  00:00     S  29.3 80.4
22   33.5  48.9  3:53pm   26.6  8:19am  23.8  0.0  0.00   7  13  00:00    SW  29.2 62.3
23   48.3  70.0  3:53pm   30.9 12:53am   5.8  0.0  0.00   6  12  00:00     S  28.9 34.9
24     47  62.6  4:41pm   37.0 12:53am  10.2  0.0  0.00   9  16  00:00   SSW  28.8 36.6
25   48.5  64.0  1:53pm   37.0  1:53am   8.7  0.0  0.00  12  23  00:00    SW  28.6 42.2
26   32.4  37.4 12:48am   26.1 11:53pm  30.1  0.0  1.55  18  36  00:00   NNW  29.3 86.6
27   35.4  50.0  2:53pm   25.0 12:53am  22.3  0.0  0.00   6  12  00:00   SSW  29.1 56.1
28     48  66.0  2:53pm   39.9 12:53am   8.0  0.0  0.00   7  14  00:00    SW  28.9 30.0
29   49.9  64.9 12:53pm   42.1 10:53pm   7.6  0.0  0.00   8  15  00:00   SSW  28.6 31.0
30   42.1  63.0 11:53am   24.1 11:53pm  12.4  0.0  0.00  16  30  00:00   SSE  28.6 40.4
31   26.6  37.9  3:53pm   21.2  4:28am  32.7  0.0  0.00   5   9  00:00   SSW  29.0 67.0