NOAA-Style Climate Reports

Select a Year or Month report
2018: Jan Feb Mar Apr May Jun Jul Aug Sep Oct Nov Dec
2017: Jan Feb Mar Apr May Jun Jul Aug Sep Oct Nov Dec
2016: Jan Feb Mar Apr May Jun Jul Aug Sep Oct Nov Dec
2015: Jan Feb Mar Apr May Jun Jul Aug Sep Oct Nov Dec
2014: Jan Feb Mar Apr May Jun Jul Aug Sep Oct Nov Dec
2013: Jan Feb Mar Apr May Jun Jul Aug Sep Oct Nov Dec
2012: Jan Feb Mar Apr May Jun Jul Aug Sep Oct Nov Dec
2011: Jan Feb Mar Apr May Jun Jul Aug Sep Oct Nov Dec
2010: Jan Feb Mar Apr May Jun Jul Aug Sep Oct Nov Dec
2009: Jan Feb Mar Apr May Jun Jul Aug Sep Oct Nov Dec
2008: Jan Feb Mar Apr May Jun Jul Aug Sep Oct Nov Dec
2007: Jan Feb Mar Apr May Jun Jul Aug Sep Oct Nov Dec
2006: Jan Feb Mar Apr May Jun Jul Aug Sep Oct Nov Dec
2005: Jan Feb Mar Apr May Jun Jul Aug Sep Oct Nov Dec
2004: Jan Feb Mar Apr May Jun Jul Aug Sep Oct Nov Dec
2003: Jan Feb Mar Apr May Jun Jul Aug Sep Oct Nov Dec
2002: Jan Feb Mar Apr May Jun Jul Aug Sep Oct Nov Dec
2001: Jan Feb Mar Apr May Jun Jul Aug Sep Oct Nov Dec
2000: Jan Feb Mar Apr May Jun Jul Aug Sep Oct Nov Dec
1999: Jan Feb Mar Apr May Jun Jul Aug Sep Oct Nov Dec
1998: Jan Feb Mar Apr May Jun Jul Aug Sep Oct Nov Dec
1997: Jan Feb Mar Apr May Jun Jul Aug Sep Oct Nov Dec
1996: Jan Feb Mar Apr May Jun Jul Aug Sep Oct Nov Dec
1995: Jan Feb Mar Apr May Jun Jul Aug Sep Oct Nov Dec
1994: Jan Feb Mar Apr May Jun Jul Aug Sep Oct Nov Dec
1993: Jan Feb Mar Apr May Jun Jul Aug Sep Oct Nov Dec
1992: Jan Feb Mar Apr May Jun Jul Aug Sep Oct Nov Dec
1991: Jan Feb Mar Apr May Jun Jul Aug Sep Oct Nov Dec
1990: Jan Feb Mar Apr May Jun Jul Aug Sep Oct Nov Dec
1989: Jan Feb Mar Apr May Jun Jul Aug Sep Oct Nov Dec
1988: Jan Feb Mar Apr May Jun Jul Aug Sep Oct Nov Dec
1987: Jan Feb Mar Apr May Jun Jul Aug Sep Oct Nov Dec
1986: Jan Feb Mar Apr May Jun Jul Aug Sep Oct Nov Dec

Report for 2006 December
                  MONTHLY CLIMATOLOGICAL SUMMARY FOR 12/2006
                                        HEAT  COOL        
     MEAN                               DEG   DEG       WIND SPEED       DOM MEAN  MEAN
DAY  TEMP  HIGH   TIME     LOW   TIME   DAYS  DAYS RAIN AVG  HI  TIME    DIR BAROM HUM
---------------------------------------------------------------------------------------
1    24.3  33.1 12:53pm   18.0 11:53pm  36.3  0.0  0.00   8  15  00:00   SSW  29.0 66.7
2    14.8  21.9 12:53pm    3.0 11:53pm  46.6  0.0  0.12   6  10  00:00    SE  29.7 78.8
3    18.1  32.0  2:53pm    1.9 12:53am  39.9  0.0  0.00   7  14  00:00   SSE  29.4 57.0
4    34.1  48.0  1:53pm   19.9  4:53am  23.9  0.0  0.00   7  13  00:00     S  29.1 40.3
5    39.9  52.0 12:53pm   27.0 11:53pm  19.0  0.0  0.00  11  21  00:00   SSW  28.9 32.6
6    30.8  46.9  1:53pm   21.9  3:53am  26.1  0.0  0.00   5  10  00:00   SSE  29.1 57.7
7    28.7  43.0  2:53pm   21.0  5:53am  29.1  0.0  0.00   7  13  00:00   SSE  29.3 67.4
8    39.1  57.0 12:53pm   28.0  1:53am  16.9  0.0  0.00   6  12  00:00   SSE  29.0 42.3
9    38.9  57.9  1:53pm   27.0  6:53am  16.6  0.0  0.00   6  10  00:00    SW  28.7 34.8
10   37.3  51.1 11:53am   28.9  3:53am  20.8  0.0  0.00  10  18  00:00   SSW  28.7 42.9
11   34.9  45.0  1:53pm   27.0 11:53pm  25.0  0.0  0.00  12  23  00:00     W  28.8 56.9
12   35.7  48.9 10:53am   27.0 12:53am  22.7  0.0  0.00  10  20  00:00   WSW  28.8 39.4
13   42.7  55.0  1:53pm   30.9  5:53am  16.1  0.0  0.00  16  31  00:00   WSW  28.8 32.8
14   46.2  57.9 11:53am   39.0  7:53pm  12.9  0.0  0.00  18  36  00:00     S  28.8 36.1
15   49.2  62.1  1:53pm   42.1  3:53am   9.3  0.0  0.00  16  31  00:00    SW  28.5 25.6
16   36.1  48.9  2:53am   28.9  9:53pm  22.5  0.0  0.00  13  24  00:00    SE  28.6 38.8
17   25.9  30.9 11:53am   24.1  5:53pm  36.6  0.0  0.00   7  14  00:00   SSW  28.9 59.3
18   23.7  33.1 12:53pm   19.9  6:53am  36.6  0.0  0.00   5   9  00:00     W  29.2 68.5
19   28.2  43.0  1:53pm   21.9 12:53am  29.4  0.0  0.00  10  20  00:00     S  29.0 67.4
20   22.7  27.0  2:53am   19.9 11:53pm  40.1  0.0  0.84  20  39  00:00   NNW  29.0 86.5
21   22.2  28.9  2:53pm   18.0  8:53pm  39.4  0.0  0.27  16  30  00:00     W  29.0 82.4
22   24.2  34.0 11:53am   16.0  7:53am  35.9  0.0  0.00   8  15  00:00     S  28.9 51.5
23   21.1  33.1  1:53pm   12.9  4:53am  37.9  0.0  0.00   8  15  00:00   SSE  29.1 65.3
24   26.6  37.9  8:53am   10.9 11:53pm  32.7  0.0  0.02  16  31  00:00   WNW  29.5 68.7
25   28.7  45.0  2:53pm    8.1  1:53am  28.1  0.0  0.01  16  30  00:00   WSW  29.1 50.3
26   35.8  45.0  3:53pm   30.0  4:53am  24.6  0.0  0.00   8  15  00:00   SSE  28.8 50.4
27   37.9  46.0  2:53pm   34.0  8:53pm  23.0  0.0  0.00   9  16  00:00   SSE  28.4 47.0
28   27.9  35.1 12:53am   23.0  5:53am  33.5  0.0  0.90   9  16  00:00   WSW  29.1 84.3
29   19.4  21.9 12:53am   19.0  7:53pm  44.3  0.0  0.07   9  17  00:00     N  29.7 90.1
30   17.7  27.0  1:53pm   10.9 11:53pm  42.6  0.0  0.00   5   9  00:00   WSW  29.2 76.0
31   19.5  30.9 11:53am   14.0  6:53am  39.8  0.0  0.00   8  15  00:00     S  29.1 52.5