NOAA-Style Climate Reports

Select a Year or Month report
2018: Jan Feb Mar Apr May Jun Jul Aug Sep Oct Nov Dec
2017: Jan Feb Mar Apr May Jun Jul Aug Sep Oct Nov Dec
2016: Jan Feb Mar Apr May Jun Jul Aug Sep Oct Nov Dec
2015: Jan Feb Mar Apr May Jun Jul Aug Sep Oct Nov Dec
2014: Jan Feb Mar Apr May Jun Jul Aug Sep Oct Nov Dec
2013: Jan Feb Mar Apr May Jun Jul Aug Sep Oct Nov Dec
2012: Jan Feb Mar Apr May Jun Jul Aug Sep Oct Nov Dec
2011: Jan Feb Mar Apr May Jun Jul Aug Sep Oct Nov Dec
2010: Jan Feb Mar Apr May Jun Jul Aug Sep Oct Nov Dec
2009: Jan Feb Mar Apr May Jun Jul Aug Sep Oct Nov Dec
2008: Jan Feb Mar Apr May Jun Jul Aug Sep Oct Nov Dec
2007: Jan Feb Mar Apr May Jun Jul Aug Sep Oct Nov Dec
2006: Jan Feb Mar Apr May Jun Jul Aug Sep Oct Nov Dec
2005: Jan Feb Mar Apr May Jun Jul Aug Sep Oct Nov Dec
2004: Jan Feb Mar Apr May Jun Jul Aug Sep Oct Nov Dec
2003: Jan Feb Mar Apr May Jun Jul Aug Sep Oct Nov Dec
2002: Jan Feb Mar Apr May Jun Jul Aug Sep Oct Nov Dec
2001: Jan Feb Mar Apr May Jun Jul Aug Sep Oct Nov Dec
2000: Jan Feb Mar Apr May Jun Jul Aug Sep Oct Nov Dec
1999: Jan Feb Mar Apr May Jun Jul Aug Sep Oct Nov Dec
1998: Jan Feb Mar Apr May Jun Jul Aug Sep Oct Nov Dec
1997: Jan Feb Mar Apr May Jun Jul Aug Sep Oct Nov Dec
1996: Jan Feb Mar Apr May Jun Jul Aug Sep Oct Nov Dec
1995: Jan Feb Mar Apr May Jun Jul Aug Sep Oct Nov Dec
1994: Jan Feb Mar Apr May Jun Jul Aug Sep Oct Nov Dec
1993: Jan Feb Mar Apr May Jun Jul Aug Sep Oct Nov Dec
1992: Jan Feb Mar Apr May Jun Jul Aug Sep Oct Nov Dec
1991: Jan Feb Mar Apr May Jun Jul Aug Sep Oct Nov Dec
1990: Jan Feb Mar Apr May Jun Jul Aug Sep Oct Nov Dec
1989: Jan Feb Mar Apr May Jun Jul Aug Sep Oct Nov Dec
1988: Jan Feb Mar Apr May Jun Jul Aug Sep Oct Nov Dec
1987: Jan Feb Mar Apr May Jun Jul Aug Sep Oct Nov Dec
1986: Jan Feb Mar Apr May Jun Jul Aug Sep Oct Nov Dec

Report for 2007 January
                  MONTHLY CLIMATOLOGICAL SUMMARY FOR 1/2007
                                        HEAT  COOL        
     MEAN                               DEG   DEG       WIND SPEED       DOM MEAN  MEAN
DAY  TEMP  HIGH   TIME     LOW   TIME   DAYS  DAYS RAIN AVG  HI  TIME    DIR BAROM HUM
---------------------------------------------------------------------------------------
1    23.1  34.0  1:53pm   15.1 11:53pm  36.4  0.0  0.00   6  10  00:00   SSW  29.1 59.2
2    26.6  39.9  1:53pm   14.0  1:53am  31.7  0.0  0.00   5   9  00:00     S  29.0 48.8
3    38.3  46.9  1:53pm   27.0  1:53am  22.4  0.0  0.00   9  17  00:00    SW  28.7 47.0
4      39  48.9 12:53pm   30.0 10:53pm  21.0  0.0  0.00  12  22  00:00   SSW  28.4 50.0
5    22.7  28.9 12:53am   12.9  8:53pm  39.2  0.0  0.25   9  16  00:00     S  29.1 86.6
6    22.8  35.1  1:53pm   12.0 12:53am  36.0  0.0  0.00  20  38  00:00   WSW  28.9 46.5
7    25.3  39.0 11:53pm   19.0  6:53am  32.8  0.0  0.00  22  44  00:00     W  29.0 38.2
8    35.4  46.4  5:38am   26.1 11:53pm  24.1  0.0  0.00  23  45  00:00     S  29.1 46.9
9    26.2  41.0  1:53pm   16.0  5:53am  31.4  0.0  0.00   7  14  00:00    SW  29.4 71.3
10   42.5  57.0  3:53pm   34.0  2:53am  15.2  0.0  0.00  13  24  00:00    SW  28.6 27.7
11   23.4  43.0 12:53am   17.1  8:53pm  31.8  0.0  0.00  13  24  00:00    SE  28.6 72.8
12   -0.1   5.0  1:53am   -4.0 11:53pm  62.5  0.0  0.05   6  12  00:00    NE  29.4 74.6
13   -0.3  12.0 11:53pm   -8.0  6:53am  59.1  0.0  0.02   3   6  00:00   ESE  29.2 75.0
14    7.9  12.9 12:53am    0.0 10:53pm  54.6  0.0  0.05   5  10  00:00    SE  29.5 82.3
15    7.9  19.9  3:53pm   -4.0  3:53am  51.1  0.0  0.00   6  10  00:00   SSW  29.3 60.5
16   18.1  30.9  1:53pm    8.1  1:53am  40.5  0.0  0.00   7  13  00:00   SSE  29.2 51.1
17   23.4  41.0  2:53pm   12.0  5:53am  32.8  0.0  0.00   7  14  00:00   WSW  28.8 37.8
18   15.4  23.0  1:53am    6.1  9:53pm  45.8  0.0  0.00   6  12  00:00   SSE  29.1 49.0
19   18.1  30.9 12:53pm    5.0  2:53am  40.5  0.0  0.00   6  10  00:00   SSW  29.1 48.0
20   23.2  30.9  1:53pm   12.9 12:53am  37.9  0.0  0.00   7  14  00:00     W  28.9 59.5
21   20.6  25.0  9:53am   12.0 11:53pm  42.2  0.0  0.43  16  30  00:00     W  29.2 86.4
22   19.7  32.0  1:53pm    8.1  1:53am  39.1  0.0  0.00   6  10  00:00     S  29.0 59.8
23     27  37.9 11:53am   19.9 12:53am  32.5  0.0  0.00   7  13  00:00     S  29.1 57.8
24   28.4  39.9 12:53pm   18.0 12:53am  30.8  0.0  0.00   6  10  00:00   SSE  29.2 59.3
25     33  46.9  2:53pm   25.0  6:53am  25.0  0.0  0.00   5   9  00:00   SSE  29.0 48.9
26   29.3  42.8 11:53am   21.0  6:53am  28.9  0.0  0.00   8  15  00:00   ESE  28.8 49.3
27   16.3  23.0  3:53am    5.0  9:53pm  45.3  0.0  0.05   8  15  00:00   SSW  29.2 78.6
28   24.9  42.8  3:02pm    6.1 12:53am  31.1  0.0  0.00   7  14  00:00     S  29.1 42.5
29   18.8  28.0  1:53pm   10.0  3:53am  41.6  0.0  0.00   9  16  00:00   SSE  29.0 53.8
30   14.4  25.0 12:53pm    8.1 11:53pm  45.3  0.0  0.00   7  14  00:00   SSE  28.9 65.8
31   13.7  19.4  9:09am    8.1 12:53am  48.4  0.0  0.00   6  12  00:00    SW  28.9 76.6