NOAA-Style Climate Reports

Select a Year or Month report
2018: Jan Feb Mar Apr May Jun Jul Aug Sep Oct Nov Dec
2017: Jan Feb Mar Apr May Jun Jul Aug Sep Oct Nov Dec
2016: Jan Feb Mar Apr May Jun Jul Aug Sep Oct Nov Dec
2015: Jan Feb Mar Apr May Jun Jul Aug Sep Oct Nov Dec
2014: Jan Feb Mar Apr May Jun Jul Aug Sep Oct Nov Dec
2013: Jan Feb Mar Apr May Jun Jul Aug Sep Oct Nov Dec
2012: Jan Feb Mar Apr May Jun Jul Aug Sep Oct Nov Dec
2011: Jan Feb Mar Apr May Jun Jul Aug Sep Oct Nov Dec
2010: Jan Feb Mar Apr May Jun Jul Aug Sep Oct Nov Dec
2009: Jan Feb Mar Apr May Jun Jul Aug Sep Oct Nov Dec
2008: Jan Feb Mar Apr May Jun Jul Aug Sep Oct Nov Dec
2007: Jan Feb Mar Apr May Jun Jul Aug Sep Oct Nov Dec
2006: Jan Feb Mar Apr May Jun Jul Aug Sep Oct Nov Dec
2005: Jan Feb Mar Apr May Jun Jul Aug Sep Oct Nov Dec
2004: Jan Feb Mar Apr May Jun Jul Aug Sep Oct Nov Dec
2003: Jan Feb Mar Apr May Jun Jul Aug Sep Oct Nov Dec
2002: Jan Feb Mar Apr May Jun Jul Aug Sep Oct Nov Dec
2001: Jan Feb Mar Apr May Jun Jul Aug Sep Oct Nov Dec
2000: Jan Feb Mar Apr May Jun Jul Aug Sep Oct Nov Dec
1999: Jan Feb Mar Apr May Jun Jul Aug Sep Oct Nov Dec
1998: Jan Feb Mar Apr May Jun Jul Aug Sep Oct Nov Dec
1997: Jan Feb Mar Apr May Jun Jul Aug Sep Oct Nov Dec
1996: Jan Feb Mar Apr May Jun Jul Aug Sep Oct Nov Dec
1995: Jan Feb Mar Apr May Jun Jul Aug Sep Oct Nov Dec
1994: Jan Feb Mar Apr May Jun Jul Aug Sep Oct Nov Dec
1993: Jan Feb Mar Apr May Jun Jul Aug Sep Oct Nov Dec
1992: Jan Feb Mar Apr May Jun Jul Aug Sep Oct Nov Dec
1991: Jan Feb Mar Apr May Jun Jul Aug Sep Oct Nov Dec
1990: Jan Feb Mar Apr May Jun Jul Aug Sep Oct Nov Dec
1989: Jan Feb Mar Apr May Jun Jul Aug Sep Oct Nov Dec
1988: Jan Feb Mar Apr May Jun Jul Aug Sep Oct Nov Dec
1987: Jan Feb Mar Apr May Jun Jul Aug Sep Oct Nov Dec
1986: Jan Feb Mar Apr May Jun Jul Aug Sep Oct Nov Dec

Report for 2007 February
                  MONTHLY CLIMATOLOGICAL SUMMARY FOR 2/2007
                                        HEAT  COOL        
     MEAN                               DEG   DEG       WIND SPEED       DOM MEAN  MEAN
DAY  TEMP  HIGH   TIME     LOW   TIME   DAYS  DAYS RAIN AVG  HI  TIME    DIR BAROM HUM
---------------------------------------------------------------------------------------
1     9.4  17.1 12:53pm   -4.0 11:53pm  51.7  0.0  0.23   9  17  00:00   ENE  29.1 74.4
2    11.1  25.0  8:53pm   -9.9  4:53am  46.9  0.0  0.00  17  33  00:00   WSW  28.8 49.6
3    25.8  41.0  1:53pm   12.9 10:53pm  31.6  0.0  0.00  18  35  00:00   WNW  28.8 45.0
4    29.9  46.9 12:53pm   18.0  2:53am  26.6  0.0  0.00   6  10  00:00   SSE  29.0 46.4
5    38.8  53.1  2:53pm   27.0  6:53am  19.0  0.0  0.00   7  13  00:00     S  29.0 46.5
6    42.7  55.0  1:53pm   33.1 11:53pm  16.1  0.0  0.00   7  14  00:00    SW  28.9 48.9
7    36.4  51.1  1:53pm   28.0  3:53am  21.2  0.0  0.00   5   9  00:00     S  28.8 59.2
8    32.3  45.0  1:53pm   23.0  3:53am  26.3  0.0  0.00   5   9  00:00     N  28.9 69.5
9    30.4  41.0  1:53pm   26.1  7:53am  29.3  0.0  0.00   5   9  00:00   SSW  28.9 69.8
10   34.7  48.9 12:53pm   25.0  6:53am  23.2  0.0  0.00   9  16  00:00     S  28.8 57.6
11   40.7  54.0 12:53pm   33.1  1:53am  17.6  0.0  0.00   7  13  00:00     S  28.5 53.5
12   30.6  43.0 10:53am   19.4 11:16pm  28.2  0.0  0.00  15  29  00:00     E  29.2 80.3
13   15.4  19.0 12:53am   12.0 11:53pm  47.8  0.0  0.03   6  10  00:00   ENE  29.2 83.6
14   14.5  23.0  1:53pm    5.0  4:50am  46.2  0.0  0.03   7  13  00:00     S  29.4 83.0
15   18.4  32.0 10:53pm    6.1  5:53am  39.8  0.0  0.02   7  13  00:00   SSW  29.1 67.4
16   32.6  46.0 11:53am   26.6  7:57pm  25.7  0.0  0.00  26  52  00:00   WNW  29.3 66.0
17   28.7  37.0  4:53pm   19.9  5:53am  32.1  0.0  0.00   8  15  00:00     S  29.1 55.6
18   38.6  52.0  1:53pm   28.0  4:53am  19.7  0.0  0.00  12  23  00:00     S  28.7 38.3
19   37.2  51.1  2:53pm   28.4 10:47pm  20.8  0.0  0.00  11  21  00:00   WSW  28.5 58.2
20   38.2  52.0 12:53pm   27.0  2:53am  19.9  0.0  0.00  13  24  00:00     W  28.6 46.0
21   41.1  57.0  2:53pm   30.9  6:53am  15.9  0.0  0.00   9  16  00:00    SE  28.7 41.4
22   38.2  51.1  1:53pm   28.9  3:53am  20.3  0.0  0.00   8  15  00:00     S  28.8 54.2
23   44.9  55.9  1:53pm   37.0 11:53pm  14.6  0.0  0.00  22  43  00:00    SW  28.3 28.9
24   30.1  39.9  3:53pm   21.0 11:53pm  30.0  0.0  0.12  16  31  00:00    SW  28.8 65.2
25   29.5  42.1 12:53pm   19.0  3:53am  29.2  0.0  0.00   7  14  00:00    SE  28.5 48.4
26   34.2  48.0  1:53pm   24.1  4:53am  23.9  0.0  0.00  12  22  00:00     S  28.5 44.2
27   35.7  51.8  2:33pm   26.1  3:53am  21.2  0.0  0.00  13  24  00:00     S  28.5 56.4
28     24  32.0  2:11am   19.9 11:53pm  37.0  0.0  0.11  12  22  00:00   SSE  28.7 79.6