NOAA-Style Climate Reports

Select a Year or Month report
2018: Jan Feb Mar Apr May Jun Jul Aug Sep Oct Nov Dec
2017: Jan Feb Mar Apr May Jun Jul Aug Sep Oct Nov Dec
2016: Jan Feb Mar Apr May Jun Jul Aug Sep Oct Nov Dec
2015: Jan Feb Mar Apr May Jun Jul Aug Sep Oct Nov Dec
2014: Jan Feb Mar Apr May Jun Jul Aug Sep Oct Nov Dec
2013: Jan Feb Mar Apr May Jun Jul Aug Sep Oct Nov Dec
2012: Jan Feb Mar Apr May Jun Jul Aug Sep Oct Nov Dec
2011: Jan Feb Mar Apr May Jun Jul Aug Sep Oct Nov Dec
2010: Jan Feb Mar Apr May Jun Jul Aug Sep Oct Nov Dec
2009: Jan Feb Mar Apr May Jun Jul Aug Sep Oct Nov Dec
2008: Jan Feb Mar Apr May Jun Jul Aug Sep Oct Nov Dec
2007: Jan Feb Mar Apr May Jun Jul Aug Sep Oct Nov Dec
2006: Jan Feb Mar Apr May Jun Jul Aug Sep Oct Nov Dec
2005: Jan Feb Mar Apr May Jun Jul Aug Sep Oct Nov Dec
2004: Jan Feb Mar Apr May Jun Jul Aug Sep Oct Nov Dec
2003: Jan Feb Mar Apr May Jun Jul Aug Sep Oct Nov Dec
2002: Jan Feb Mar Apr May Jun Jul Aug Sep Oct Nov Dec
2001: Jan Feb Mar Apr May Jun Jul Aug Sep Oct Nov Dec
2000: Jan Feb Mar Apr May Jun Jul Aug Sep Oct Nov Dec
1999: Jan Feb Mar Apr May Jun Jul Aug Sep Oct Nov Dec
1998: Jan Feb Mar Apr May Jun Jul Aug Sep Oct Nov Dec
1997: Jan Feb Mar Apr May Jun Jul Aug Sep Oct Nov Dec
1996: Jan Feb Mar Apr May Jun Jul Aug Sep Oct Nov Dec
1995: Jan Feb Mar Apr May Jun Jul Aug Sep Oct Nov Dec
1994: Jan Feb Mar Apr May Jun Jul Aug Sep Oct Nov Dec
1993: Jan Feb Mar Apr May Jun Jul Aug Sep Oct Nov Dec
1992: Jan Feb Mar Apr May Jun Jul Aug Sep Oct Nov Dec
1991: Jan Feb Mar Apr May Jun Jul Aug Sep Oct Nov Dec
1990: Jan Feb Mar Apr May Jun Jul Aug Sep Oct Nov Dec
1989: Jan Feb Mar Apr May Jun Jul Aug Sep Oct Nov Dec
1988: Jan Feb Mar Apr May Jun Jul Aug Sep Oct Nov Dec
1987: Jan Feb Mar Apr May Jun Jul Aug Sep Oct Nov Dec
1986: Jan Feb Mar Apr May Jun Jul Aug Sep Oct Nov Dec

Report for 2007 March
                  MONTHLY CLIMATOLOGICAL SUMMARY FOR 3/2007
                                        HEAT  COOL        
     MEAN                               DEG   DEG       WIND SPEED       DOM MEAN  MEAN
DAY  TEMP  HIGH   TIME     LOW   TIME   DAYS  DAYS RAIN AVG  HI  TIME    DIR BAROM HUM
---------------------------------------------------------------------------------------
1    21.2  30.2 11:09am   15.1  1:53am  39.3  0.0  0.00  19  37  00:00   WNW  28.7 44.2
2    20.1  26.1  2:53pm   15.1 12:53am  41.9  0.0  0.00  12  23  00:00    NW  29.0 54.9
3    22.7  33.1  1:53pm   12.9  5:53am  37.1  0.0  0.00   8  15  00:00   SSW  29.2 42.4
4    34.4  48.9  2:53pm   21.0 12:53am  23.3  0.0  0.00   9  17  00:00     S  29.0 44.0
5    42.2  59.0  2:53pm   32.0 12:53am  14.4  0.0  0.00   8  15  00:00   SSE  29.1 44.1
6    42.6  57.0  1:53pm   34.0  5:53am  15.2  0.0  0.00   7  13  00:00   SSE  28.9 41.3
7    45.7  57.9 12:53pm   39.9 12:53am  13.2  0.0  0.00   9  17  00:00     S  28.9 43.0
8    44.2  60.1  2:53pm   34.0  5:53am  12.8  0.0  0.00  17  33  00:00   WSW  28.7 41.6
9    44.1  62.1  2:53pm   30.0  3:53am  11.9  0.0  0.00  11  22  00:00   SSW  28.7 38.8
10   41.4  53.1  2:53pm   36.0  2:53am  17.7  0.0  0.32  12  23  00:00    SW  29.0 60.0
11   41.7  54.0  4:53pm   36.0  7:58am  17.4  0.0  0.00   5   8  00:00   WSW  29.3 61.4
12   50.5  69.1  3:53pm   37.9  2:53am   5.2  0.0  0.00   8  15  00:00    SW  28.9 36.8
13     54  71.1  2:53pm   39.0  6:53am   2.4  0.0  0.00  10  20  00:00    SW  28.7 31.0
14   50.9  68.0  2:53pm   45.0  3:53am   5.5  0.0  0.00   9  17  00:00   SSW  28.7 42.1
15   35.7  53.1 12:53am   30.2  9:26am  20.6  0.0  0.00  15  29  00:00    SE  29.2 68.3
16   47.2  66.9  3:53pm   30.0  4:53am   7.9  0.0  0.00  14  28  00:00   WSW  29.0 40.3
17   53.9  71.1  3:53pm   37.9  6:53am   2.5  0.0  0.00   7  13  00:00   SSW  28.8 25.8
18   55.3  71.1  1:53pm   41.0  3:53am   1.8  0.0  0.00   6  13  00:00    SE  28.6 24.1
19   49.8  64.0  2:53pm   39.0  7:53am   8.1  0.0  0.00  16  31  00:00    SW  28.8 43.2
20     52  69.1 12:53pm   41.0  5:53am   4.4  0.0  0.00  11  21  00:00     S  28.6 37.4
21   53.3  66.0 11:53am   45.0  6:53am   5.3  0.0  0.00  12  23  00:00    SE  28.6 29.8
22     50  66.9  3:53pm   37.9  3:53am   6.5  0.0  0.00   9  16  00:00   WSW  28.8 48.0
23   48.2  63.0 12:53pm   39.9  4:53am   9.4  0.0  0.01  15  29  00:00   SSW  28.8 62.8
24   38.8  42.1 12:53am   37.0  8:53pm  24.5  0.0  0.76   9  17  00:00   NNW  28.9 90.0
25   51.4  64.9  2:53pm   39.0 12:53am   6.8  0.0  0.00   7  13  00:00    SW  28.7 45.3
26   49.6  62.1  2:53pm   37.9  5:53am   9.1  0.0  0.00  13  24  00:00   SSE  28.8 44.9
27   49.6  61.0  2:53pm   43.0  5:53am   9.7  0.0  0.00  22  43  00:00     S  28.6 63.4
28   46.9  60.1  1:53pm   30.9 10:53pm  11.5  0.0  0.00  22  44  00:00   SSW-357.3 38.4
29   26.6  30.0 12:53am   24.8 10:51pm  36.7  0.0  0.26  15  29  00:00   NNE-824.1 85.9
30   29.7  45.0  2:53pm   18.0  6:53am  27.6  0.0  0.00  12  23  00:00     S  29.2 70.3
31   40.5  54.0  1:53pm   26.1  4:53am  17.7  0.0  0.00  19  37  00:00    NW  28.7 47.8