NOAA-Style Climate Reports

Select a Year or Month report
2018: Jan Feb Mar Apr May Jun Jul Aug Sep Oct Nov Dec
2017: Jan Feb Mar Apr May Jun Jul Aug Sep Oct Nov Dec
2016: Jan Feb Mar Apr May Jun Jul Aug Sep Oct Nov Dec
2015: Jan Feb Mar Apr May Jun Jul Aug Sep Oct Nov Dec
2014: Jan Feb Mar Apr May Jun Jul Aug Sep Oct Nov Dec
2013: Jan Feb Mar Apr May Jun Jul Aug Sep Oct Nov Dec
2012: Jan Feb Mar Apr May Jun Jul Aug Sep Oct Nov Dec
2011: Jan Feb Mar Apr May Jun Jul Aug Sep Oct Nov Dec
2010: Jan Feb Mar Apr May Jun Jul Aug Sep Oct Nov Dec
2009: Jan Feb Mar Apr May Jun Jul Aug Sep Oct Nov Dec
2008: Jan Feb Mar Apr May Jun Jul Aug Sep Oct Nov Dec
2007: Jan Feb Mar Apr May Jun Jul Aug Sep Oct Nov Dec
2006: Jan Feb Mar Apr May Jun Jul Aug Sep Oct Nov Dec
2005: Jan Feb Mar Apr May Jun Jul Aug Sep Oct Nov Dec
2004: Jan Feb Mar Apr May Jun Jul Aug Sep Oct Nov Dec
2003: Jan Feb Mar Apr May Jun Jul Aug Sep Oct Nov Dec
2002: Jan Feb Mar Apr May Jun Jul Aug Sep Oct Nov Dec
2001: Jan Feb Mar Apr May Jun Jul Aug Sep Oct Nov Dec
2000: Jan Feb Mar Apr May Jun Jul Aug Sep Oct Nov Dec
1999: Jan Feb Mar Apr May Jun Jul Aug Sep Oct Nov Dec
1998: Jan Feb Mar Apr May Jun Jul Aug Sep Oct Nov Dec
1997: Jan Feb Mar Apr May Jun Jul Aug Sep Oct Nov Dec
1996: Jan Feb Mar Apr May Jun Jul Aug Sep Oct Nov Dec
1995: Jan Feb Mar Apr May Jun Jul Aug Sep Oct Nov Dec
1994: Jan Feb Mar Apr May Jun Jul Aug Sep Oct Nov Dec
1993: Jan Feb Mar Apr May Jun Jul Aug Sep Oct Nov Dec
1992: Jan Feb Mar Apr May Jun Jul Aug Sep Oct Nov Dec
1991: Jan Feb Mar Apr May Jun Jul Aug Sep Oct Nov Dec
1990: Jan Feb Mar Apr May Jun Jul Aug Sep Oct Nov Dec
1989: Jan Feb Mar Apr May Jun Jul Aug Sep Oct Nov Dec
1988: Jan Feb Mar Apr May Jun Jul Aug Sep Oct Nov Dec
1987: Jan Feb Mar Apr May Jun Jul Aug Sep Oct Nov Dec
1986: Jan Feb Mar Apr May Jun Jul Aug Sep Oct Nov Dec

Report for 2007 April
                  MONTHLY CLIMATOLOGICAL SUMMARY FOR 4/2007
                                        HEAT  COOL        
     MEAN                               DEG   DEG       WIND SPEED       DOM MEAN  MEAN
DAY  TEMP  HIGH   TIME     LOW   TIME   DAYS  DAYS RAIN AVG  HI  TIME    DIR BAROM HUM
---------------------------------------------------------------------------------------
1    49.2  64.0  2:53pm   37.0  1:53am   8.4  0.0  0.00   9  17  00:00   WSW  28.6 38.5
2    51.7  72.0  3:53pm   35.1  6:53am   3.1  0.0  0.00  15  29  00:00    SW  28.5 41.0
3    42.2  57.9  3:53pm   32.0  5:53am  14.9  0.0  0.00  13  24  00:00     S  28.9 50.1
4    40.8  60.1  3:53pm   27.0  6:53am  14.5  0.0  0.00   7  14  00:00   WSW  29.0 55.1
5    41.7  61.0 12:53pm   35.1 10:53pm  13.6  0.0  0.00  18  35  00:00    SE  29.0 59.3
6    26.4  37.0 12:53am   23.0 10:53am  33.3  0.0  0.06  11  21  00:00   ENE  29.4 86.3
7    23.8  28.0 12:53pm   21.9  8:53pm  39.1  0.0  0.02   7  13  00:00   WSW  29.3 86.3
8    28.2  39.9  5:53pm   23.0 12:53am  30.9  0.0  0.11   5   9  00:00   ESE  29.2 84.8
9    46.8  64.0  4:53pm   30.0  2:53am   9.6  0.0  0.01   6  10  00:00    NW  28.4 55.6
10   39.7  48.9 12:53am   33.1 11:53pm  20.7  0.0  0.10  22  43  00:00   WNW  28.5 42.9
11   36.4  46.4  2:26pm   28.9  2:53am  23.6  0.0  0.00  21  41  00:00   WNW  28.7 26.4
12   31.6  36.0 10:53am   26.1  3:53am  31.2  0.0  0.04  13  25  00:00   SSE  28.9 71.0
13   31.4  37.9  5:53pm   27.0 11:53pm  30.3  0.0  0.04   9  16  00:00   ESE  29.1 81.4
14   41.8  60.1  3:53pm   25.0  4:53am  14.0  0.0  0.00   7  13  00:00    SW  28.8 41.3
15   51.8  68.0 12:53pm   37.0  4:53am   5.1  0.0  0.00  19  38  00:00     S  28.6 35.7
16   46.6  54.0  2:53pm   41.0  6:53am  14.7  0.0  0.31  14  27  00:00    SW  28.8 57.9
17   41.9  54.0  4:53pm   32.0 11:53am  17.0  0.0  0.12  10  18  00:00     S  29.2 84.6
18     51  64.9  2:53pm   39.9  5:53am   7.0  0.0  0.00  24  46  00:00     S  28.5 55.4
19     49  60.1  5:53pm   42.1  7:53am  10.4  0.0  0.00  22  44  00:00   SSW  28.5 21.4
20   52.1  69.1  3:53pm   36.0  6:53am   4.4  0.0  0.00  16  30  00:00   SSW  28.5 31.3
21   49.4  60.1 11:53am   39.0  4:53am  10.2  0.0  0.01  17  33  00:00     S  28.5 36.5
22   48.7  61.0  3:53pm   39.0  3:53am  10.1  0.0  0.01  15  29  00:00   SSE  28.7 47.7
23   47.3  59.0  4:53pm   39.0  6:53am  11.8  0.0  0.04  14  28  00:00    SW  28.7 68.4
24   48.9  41.0 12:26am   38.0  5:55pm  11.0  0.0  2.62  18  36  00:00   NNW  29.1 91.2
25   49.0  46.0  5:53pm   38.0  9:53am  11.9  0.0  0.10   6  12  00:00   SSW  29.1 71.5
26   47.2  64.0  1:53pm   32.0  3:53am   9.4  0.0  0.02  15  29  00:00   WSW  28.8 53.6
27   48.6  61.0  3:53pm   41.0  6:53am  10.2  0.0  0.00  11  21  00:00    SE  29.0 61.4
28   57.3  73.9  3:53pm   43.0  5:53am   0.0  0.6  0.00  12  22  00:00     S  28.9 41.8
29   61.9  78.1  2:53pm   48.0  6:53am   0.0  5.0  0.00  17  32  00:00   SSW  28.8 36.8
30   61.9  77.0 12:53pm   48.9  6:53am   0.0  4.5  0.00  14  27  00:00   SSE  28.6 36.8