NOAA-Style Climate Reports

Select a Year or Month report
2018: Jan Feb Mar Apr May Jun Jul Aug Sep Oct Nov Dec
2017: Jan Feb Mar Apr May Jun Jul Aug Sep Oct Nov Dec
2016: Jan Feb Mar Apr May Jun Jul Aug Sep Oct Nov Dec
2015: Jan Feb Mar Apr May Jun Jul Aug Sep Oct Nov Dec
2014: Jan Feb Mar Apr May Jun Jul Aug Sep Oct Nov Dec
2013: Jan Feb Mar Apr May Jun Jul Aug Sep Oct Nov Dec
2012: Jan Feb Mar Apr May Jun Jul Aug Sep Oct Nov Dec
2011: Jan Feb Mar Apr May Jun Jul Aug Sep Oct Nov Dec
2010: Jan Feb Mar Apr May Jun Jul Aug Sep Oct Nov Dec
2009: Jan Feb Mar Apr May Jun Jul Aug Sep Oct Nov Dec
2008: Jan Feb Mar Apr May Jun Jul Aug Sep Oct Nov Dec
2007: Jan Feb Mar Apr May Jun Jul Aug Sep Oct Nov Dec
2006: Jan Feb Mar Apr May Jun Jul Aug Sep Oct Nov Dec
2005: Jan Feb Mar Apr May Jun Jul Aug Sep Oct Nov Dec
2004: Jan Feb Mar Apr May Jun Jul Aug Sep Oct Nov Dec
2003: Jan Feb Mar Apr May Jun Jul Aug Sep Oct Nov Dec
2002: Jan Feb Mar Apr May Jun Jul Aug Sep Oct Nov Dec
2001: Jan Feb Mar Apr May Jun Jul Aug Sep Oct Nov Dec
2000: Jan Feb Mar Apr May Jun Jul Aug Sep Oct Nov Dec
1999: Jan Feb Mar Apr May Jun Jul Aug Sep Oct Nov Dec
1998: Jan Feb Mar Apr May Jun Jul Aug Sep Oct Nov Dec
1997: Jan Feb Mar Apr May Jun Jul Aug Sep Oct Nov Dec
1996: Jan Feb Mar Apr May Jun Jul Aug Sep Oct Nov Dec
1995: Jan Feb Mar Apr May Jun Jul Aug Sep Oct Nov Dec
1994: Jan Feb Mar Apr May Jun Jul Aug Sep Oct Nov Dec
1993: Jan Feb Mar Apr May Jun Jul Aug Sep Oct Nov Dec
1992: Jan Feb Mar Apr May Jun Jul Aug Sep Oct Nov Dec
1991: Jan Feb Mar Apr May Jun Jul Aug Sep Oct Nov Dec
1990: Jan Feb Mar Apr May Jun Jul Aug Sep Oct Nov Dec
1989: Jan Feb Mar Apr May Jun Jul Aug Sep Oct Nov Dec
1988: Jan Feb Mar Apr May Jun Jul Aug Sep Oct Nov Dec
1987: Jan Feb Mar Apr May Jun Jul Aug Sep Oct Nov Dec
1986: Jan Feb Mar Apr May Jun Jul Aug Sep Oct Nov Dec

Report for 2007 May
                  MONTHLY CLIMATOLOGICAL SUMMARY FOR 5/2007
                                        HEAT  COOL        
     MEAN                               DEG   DEG       WIND SPEED       DOM MEAN  MEAN
DAY  TEMP  HIGH   TIME     LOW   TIME   DAYS  DAYS RAIN AVG  HI  TIME    DIR BAROM HUM
---------------------------------------------------------------------------------------
1    53.4  66.0  1:53pm   46.0  3:53am   5.3  0.0  0.18  10  18  00:00    SW  28.8 65.8
2    53.4  64.9  3:53pm   48.0  4:53am   5.8  0.0  0.00  18  36  00:00   SSW  28.6 64.4
3    56.9  71.6 12:45pm   48.0 11:53pm   0.7  0.0  0.00  21  41  00:00     S  28.3 50.0
4    44.5  55.0 12:53pm   42.1  4:53am  15.2  0.0  0.26  14  27  00:00     S  28.7 63.4
5    42.5  54.0 12:53pm   35.6 11:56pm  16.7  0.0  0.24  16  30  00:00   WSW  28.5 73.8
6      41  54.0 12:53pm   34.0  1:53am  17.5  0.0  0.06  14  27  00:00   SSW  28.9 71.6
7    41.3  53.1  1:53pm   35.1  5:53am  17.8  0.0  0.14   6  10  00:00    SW  29.1 69.9
8    49.5  64.0  3:53pm   39.0  1:53am   8.2  0.0  0.00   6  12  00:00     S  28.9 44.8
9    54.8  70.0  2:53pm   41.0  4:53am   2.6  0.0  0.00  18  35  00:00     S  28.7 39.8
10   59.7  73.9  3:53pm   50.0  3:53am   0.0  1.8  0.00   7  13  00:00   SSE  28.9 39.0
11     63  80.1  2:53pm   48.9  5:53am   0.0  6.6  0.00  13  25  00:00   SSW  28.9 35.0
12   64.4  79.0 11:53am   55.9  6:53am   0.0  6.7  0.00  20  40  00:00   SSW  28.9 33.0
13     65  82.9 11:53am   53.1 12:53am   0.0  9.0  0.00  18  35  00:00   WSW  28.8 32.0
14   55.2  68.0  2:53pm   46.4 10:30pm   3.4  0.0  0.86  28  54  00:00   SSE  29.1 63.6
15   47.7  59.0  3:53pm   42.1  5:53am  11.6  0.0  0.07  10  18  00:00   SSE  29.2 77.1
16   52.9  69.1  2:53pm   42.1  4:53am   4.0  0.0  0.00   8  15  00:00    SW  28.8 62.2
17   56.7  70.0 11:53am   46.0  5:53am   1.6  0.0  0.00  16  31  00:00   SSW  29.0 50.1
18   58.7  77.0  2:53pm   44.1  4:53am   0.0  2.9  0.00   9  16  00:00   SSE  28.8 43.0
19   62.3  75.9  2:53pm   51.1 12:53am   0.0  4.1  0.00  14  28  00:00     W  29.0 40.6
20   60.4  75.0 11:53am   52.0  4:53am   0.0  2.7  0.00  19  37  00:00    SW  28.7 43.5
21   59.8  75.9 12:53pm   50.0  2:53am   0.0  2.9  0.00  21  41  00:00     S  28.4 43.0
22   46.7  60.1 10:53am   42.1 10:53pm  11.6  0.0  1.10  14  27  00:00   SSE  28.9 75.7
23   42.6  55.0 11:53am   37.4  9:51pm  16.2  0.0  0.77  14  28  00:00   WSW  29.2 79.3
24   47.5  62.1  4:53pm   35.1  5:53am  10.2  0.0  0.01  18  36  00:00   SSW  28.9 59.6
25   56.7  73.9  5:53pm   44.1  5:53am   0.0  0.3  0.00  18  35  00:00    SE  28.8 45.8
26   57.1  72.0  3:53pm   43.0  5:53am   0.4  0.0  0.00  13  24  00:00   WSW  28.9 52.3
27   63.3  78.1  3:53pm   50.0  5:53am   0.0  5.7  0.00  14  28  00:00   SSW  28.7 43.7
28   65.1  80.1  2:53pm   55.0  5:53am   0.0  7.6  0.00  16  31  00:00    SW  28.5 39.5
29   52.1  66.9 11:53am   46.0 10:53pm   5.5  0.0  0.41  14  27  00:00   SSW  29.1 72.9
30   50.1  64.0  3:53pm   39.9  3:53am   7.9  0.0  0.00  11  21  00:00   SSW  29.0 63.1
31   55.6  71.1  1:53pm   46.0  4:53am   1.6  0.0  0.00  13  25  00:00     S  28.7 45.7