NOAA-Style Climate Reports

Select a Year or Month report
2018: Jan Feb Mar Apr May Jun Jul Aug Sep Oct Nov Dec
2017: Jan Feb Mar Apr May Jun Jul Aug Sep Oct Nov Dec
2016: Jan Feb Mar Apr May Jun Jul Aug Sep Oct Nov Dec
2015: Jan Feb Mar Apr May Jun Jul Aug Sep Oct Nov Dec
2014: Jan Feb Mar Apr May Jun Jul Aug Sep Oct Nov Dec
2013: Jan Feb Mar Apr May Jun Jul Aug Sep Oct Nov Dec
2012: Jan Feb Mar Apr May Jun Jul Aug Sep Oct Nov Dec
2011: Jan Feb Mar Apr May Jun Jul Aug Sep Oct Nov Dec
2010: Jan Feb Mar Apr May Jun Jul Aug Sep Oct Nov Dec
2009: Jan Feb Mar Apr May Jun Jul Aug Sep Oct Nov Dec
2008: Jan Feb Mar Apr May Jun Jul Aug Sep Oct Nov Dec
2007: Jan Feb Mar Apr May Jun Jul Aug Sep Oct Nov Dec
2006: Jan Feb Mar Apr May Jun Jul Aug Sep Oct Nov Dec
2005: Jan Feb Mar Apr May Jun Jul Aug Sep Oct Nov Dec
2004: Jan Feb Mar Apr May Jun Jul Aug Sep Oct Nov Dec
2003: Jan Feb Mar Apr May Jun Jul Aug Sep Oct Nov Dec
2002: Jan Feb Mar Apr May Jun Jul Aug Sep Oct Nov Dec
2001: Jan Feb Mar Apr May Jun Jul Aug Sep Oct Nov Dec
2000: Jan Feb Mar Apr May Jun Jul Aug Sep Oct Nov Dec
1999: Jan Feb Mar Apr May Jun Jul Aug Sep Oct Nov Dec
1998: Jan Feb Mar Apr May Jun Jul Aug Sep Oct Nov Dec
1997: Jan Feb Mar Apr May Jun Jul Aug Sep Oct Nov Dec
1996: Jan Feb Mar Apr May Jun Jul Aug Sep Oct Nov Dec
1995: Jan Feb Mar Apr May Jun Jul Aug Sep Oct Nov Dec
1994: Jan Feb Mar Apr May Jun Jul Aug Sep Oct Nov Dec
1993: Jan Feb Mar Apr May Jun Jul Aug Sep Oct Nov Dec
1992: Jan Feb Mar Apr May Jun Jul Aug Sep Oct Nov Dec
1991: Jan Feb Mar Apr May Jun Jul Aug Sep Oct Nov Dec
1990: Jan Feb Mar Apr May Jun Jul Aug Sep Oct Nov Dec
1989: Jan Feb Mar Apr May Jun Jul Aug Sep Oct Nov Dec
1988: Jan Feb Mar Apr May Jun Jul Aug Sep Oct Nov Dec
1987: Jan Feb Mar Apr May Jun Jul Aug Sep Oct Nov Dec
1986: Jan Feb Mar Apr May Jun Jul Aug Sep Oct Nov Dec

Report for 2007 June
                  MONTHLY CLIMATOLOGICAL SUMMARY FOR 6/2007
                                        HEAT  COOL        
     MEAN                               DEG   DEG       WIND SPEED       DOM MEAN  MEAN
DAY  TEMP  HIGH   TIME     LOW   TIME   DAYS  DAYS RAIN AVG  HI  TIME    DIR BAROM HUM
---------------------------------------------------------------------------------------
1    51.4  63.0 12:53pm   43.0  2:53am   7.8  0.0  0.00   9  17  00:00   ESE  28.7 58.6
2    56.2  69.1  4:53pm   46.0  5:53am   2.3  0.0  0.05  10  20  00:00    SE  28.9 58.7
3    57.2  70.0  2:53pm   48.0  4:53am   1.4  0.0  0.00  16  31  00:00   WSW  28.9 57.0
4    59.5  75.0  1:53pm   48.0  2:53am   0.0  2.3  0.00  10  20  00:00   WSW  28.8 46.9
5    64.3  80.1  1:53pm   50.0  5:53am   0.0  7.2  0.00  16  30  00:00   SSW  28.7 46.9
6    63.8  78.1 12:53pm   53.1 11:53pm   0.0  6.0  0.00  26  52  00:00   WSW  28.1 24.9
7    49.3  62.1 11:53am   37.9 11:53pm   9.3  0.0  0.00  16  31  00:00   SSW  28.4 38.2
8    52.3  71.1  4:53pm   36.0  3:53am   3.3  0.0  0.00  12  23  00:00   SSE  28.8 46.9
9    61.8  80.1  3:53pm   45.0  5:53am   0.0  6.0  0.00  12  22  00:00     E  28.8 40.2
10   66.6  84.9  2:53pm   51.1  4:53am   0.0 10.8  0.00  12  22  00:00   SSW  28.6 32.5
11   70.3  88.0  1:53pm   55.9  5:53am   0.0 14.2  0.00  22  44  00:00     S  28.7 29.0
12   57.4  68.0  1:53am   53.6  5:36pm   2.3  0.0  1.20  15  29  00:00     W  28.9 74.9
13   57.6  70.0  2:53pm   52.0 10:53pm   1.2  0.0  0.00  15  29  00:00     S  29.0 62.9
14     61  77.0  3:53pm   48.9  4:53am   0.0  4.0  0.00   7  13  00:00     S  28.7 49.0
15   66.4  82.9  1:53pm   53.1  5:53am   0.0  9.7  0.00  13  24  00:00     S  28.7 48.8
16   68.9  84.9 11:53am   57.9  4:53am   0.0 11.9  0.00  21  40  00:00     S  28.7 45.4
17   72.4  90.0 12:53pm   57.0  4:53am   0.0 16.2  0.00  16  31  00:00   SSW  28.4 34.2
18   62.7  77.0  4:53pm   51.1  5:53am   0.0  4.9  0.00  12  23  00:00   ESE  28.7 38.8
19   67.8  84.9  2:53pm   51.1  5:53am   0.0 11.4  0.00   6  12  00:00     S  28.8 34.6
20   75.1  91.0  2:53pm   64.9  3:53am   0.0 18.1  0.00  10  20  00:00   SSW  28.7 29.1
21   74.2  90.0 11:53am   63.0  3:53am   0.0 17.1  0.00  17  33  00:00   SSW  28.9 24.5
22   66.9  86.0  3:53pm   55.9  5:53am   0.0 11.5  0.00  14  27  00:00     W  28.8 42.6
23   69.5  88.0  2:53pm   52.0  4:53am   0.0 13.8  0.00   9  16  00:00     S  28.7 36.3
24   77.1  93.9 12:53pm   63.0  4:53am   0.0 20.5  0.00  24  46  00:00   SSW  28.7 25.1
25   77.4  95.0  2:53pm   66.0  2:53am   0.0 21.2  0.00  20  39  00:00   SSE  28.7 22.5
26   65.5  73.0 12:53am   63.0  5:53am   0.0  4.3  0.00  13  25  00:00   SSW  28.8 52.8
27   63.9  78.1  1:53pm   55.0  4:53am   0.0  6.0  0.00   9  17  00:00   WSW  29.0 64.0
28   65.9  82.0  1:53pm   57.0  3:53am   0.0  9.0  0.00  14  27  00:00   WSW  28.8 51.8
29   68.9  86.0  2:53pm   57.9  5:53am   0.0 12.5  0.00  12  23  00:00     S  28.7 47.8
30   73.8  93.0  2:53pm   55.9  5:53am   0.0 18.4  0.00  15  29  00:00     S  28.7 32.8