NOAA-Style Climate Reports

Select a Year or Month report
2018: Jan Feb Mar Apr May Jun Jul Aug Sep Oct Nov Dec
2017: Jan Feb Mar Apr May Jun Jul Aug Sep Oct Nov Dec
2016: Jan Feb Mar Apr May Jun Jul Aug Sep Oct Nov Dec
2015: Jan Feb Mar Apr May Jun Jul Aug Sep Oct Nov Dec
2014: Jan Feb Mar Apr May Jun Jul Aug Sep Oct Nov Dec
2013: Jan Feb Mar Apr May Jun Jul Aug Sep Oct Nov Dec
2012: Jan Feb Mar Apr May Jun Jul Aug Sep Oct Nov Dec
2011: Jan Feb Mar Apr May Jun Jul Aug Sep Oct Nov Dec
2010: Jan Feb Mar Apr May Jun Jul Aug Sep Oct Nov Dec
2009: Jan Feb Mar Apr May Jun Jul Aug Sep Oct Nov Dec
2008: Jan Feb Mar Apr May Jun Jul Aug Sep Oct Nov Dec
2007: Jan Feb Mar Apr May Jun Jul Aug Sep Oct Nov Dec
2006: Jan Feb Mar Apr May Jun Jul Aug Sep Oct Nov Dec
2005: Jan Feb Mar Apr May Jun Jul Aug Sep Oct Nov Dec
2004: Jan Feb Mar Apr May Jun Jul Aug Sep Oct Nov Dec
2003: Jan Feb Mar Apr May Jun Jul Aug Sep Oct Nov Dec
2002: Jan Feb Mar Apr May Jun Jul Aug Sep Oct Nov Dec
2001: Jan Feb Mar Apr May Jun Jul Aug Sep Oct Nov Dec
2000: Jan Feb Mar Apr May Jun Jul Aug Sep Oct Nov Dec
1999: Jan Feb Mar Apr May Jun Jul Aug Sep Oct Nov Dec
1998: Jan Feb Mar Apr May Jun Jul Aug Sep Oct Nov Dec
1997: Jan Feb Mar Apr May Jun Jul Aug Sep Oct Nov Dec
1996: Jan Feb Mar Apr May Jun Jul Aug Sep Oct Nov Dec
1995: Jan Feb Mar Apr May Jun Jul Aug Sep Oct Nov Dec
1994: Jan Feb Mar Apr May Jun Jul Aug Sep Oct Nov Dec
1993: Jan Feb Mar Apr May Jun Jul Aug Sep Oct Nov Dec
1992: Jan Feb Mar Apr May Jun Jul Aug Sep Oct Nov Dec
1991: Jan Feb Mar Apr May Jun Jul Aug Sep Oct Nov Dec
1990: Jan Feb Mar Apr May Jun Jul Aug Sep Oct Nov Dec
1989: Jan Feb Mar Apr May Jun Jul Aug Sep Oct Nov Dec
1988: Jan Feb Mar Apr May Jun Jul Aug Sep Oct Nov Dec
1987: Jan Feb Mar Apr May Jun Jul Aug Sep Oct Nov Dec
1986: Jan Feb Mar Apr May Jun Jul Aug Sep Oct Nov Dec

Report for 2007 July
                  MONTHLY CLIMATOLOGICAL SUMMARY FOR 7/2007
                                        HEAT  COOL        
     MEAN                               DEG   DEG       WIND SPEED       DOM MEAN  MEAN
DAY  TEMP  HIGH   TIME     LOW   TIME   DAYS  DAYS RAIN AVG  HI  TIME    DIR BAROM HUM
---------------------------------------------------------------------------------------
1    74.4  93.0  1:53pm   60.1  5:53am   0.0 18.7  0.00  17  33  00:00     S  28.8 39.0
2    75.9  95.0  1:53pm   63.0  3:53am   0.0 20.5  0.00  17  32  00:00   SSW  28.7 38.0
3    74.3  93.0 12:53pm   64.0  5:53am   0.0 18.7  0.00  24  47  00:00   ESE  28.9 36.3
4      68  84.0  2:53pm   57.9  5:53am   0.0 11.0  0.00   9  16  00:00   SSW  29.0 47.3
5    69.6  84.9  1:53pm   61.0  1:53am   0.0 12.3  0.00  13  25  00:00    SW  29.0 40.5
6    72.1  88.0  2:53pm   61.0  1:53am   0.0 15.1  0.00  14  28  00:00     S  28.8 28.7
7    75.1  93.0  2:53pm   60.1  4:53am   0.0 19.1  0.00  14  27  00:00   SSW  28.7 27.2
8      70  84.9  2:53pm   63.0  5:53am   0.0 12.5  0.03  20  38  00:00     S  28.8 38.2
9    69.9  89.1  4:53pm   54.0  5:53am   0.0 14.5  0.00  13  25  00:00   SSW  28.7 43.0
10   66.4  78.1  4:53pm   59.0  7:53am   0.0  7.3  0.00  22  44  00:00   WSW  28.9 54.8
11   63.8  79.0  2:53pm   57.9  4:53am   0.0  6.4  0.00   7  14  00:00   WNW  28.6 60.5
12   66.5  81.0 11:53am   57.9 11:53pm   0.0  8.8  0.00  12  22  00:00   SSW  29.1 53.9
13   68.3  84.9  3:53pm   55.0  1:53am   0.0 11.6  0.00   6  10  00:00   SSW  28.9 41.0
14   71.3  86.0  2:53pm   62.1  5:53am   0.0 13.7  0.00  20  38  00:00   WSW  28.9 33.3
15   72.7  91.9  3:53pm   59.0  4:53am   0.0 17.3  0.00  12  22  00:00    SW  28.7 30.7
16   75.5  93.9  2:53pm   60.1  5:53am   0.0 19.7  0.00   9  16  00:00    SW  28.7 26.2
17     75  96.1  1:53pm   64.9  5:53am   0.0 20.6  0.00  18  36  00:00    SW  28.6 29.2
18   76.5  91.9  1:53pm   69.1  3:53am   0.0 19.2  0.00  18  36  00:00   SSW  28.7 30.5
19   67.7  81.0  3:53pm   64.4 11:33am   0.0  9.4  0.06  10  18  00:00    SW  28.8 61.3
20   72.1  87.1  3:53pm   64.0  3:53am   0.0 14.6  0.00  13  24  00:00   SSW  28.8 44.6
21   73.9  93.0  2:53pm   63.0  5:53am   0.0 18.5  1.26  21  41  00:00    SW  29.0 47.5
22     75  91.9  3:53pm   61.0  5:53am   0.0 18.5  0.00  10  18  00:00     S  28.8 36.6
23   74.3  90.0  3:53pm   63.0  4:53am   0.0 17.2  0.00   9  17  00:00   SSE  28.8 38.6
24   75.2  91.0  3:53pm   64.9  5:53am   0.0 18.1  0.00  13  25  00:00    SW  28.7 35.9
25   73.9  93.0  3:53pm   66.0  3:53am   0.0 18.5  0.83  14  28  00:00    SW  28.8 43.0
26   68.1  82.0  3:53pm   63.0  3:53am   0.0 10.1  0.45  17  33  00:00   SSW  29.0 56.8
27   65.4  79.0  2:53pm   63.0  5:53am   0.0  7.2  0.26  12  24  00:00   SSW  29.0 73.2
28   64.2  78.1  2:53pm   61.0  5:53am   0.0  6.2  0.26  13  24  00:00     W  28.9 73.2
29   66.8  80.1  2:53pm   59.0  3:53am   0.0  8.5  0.00   6  10  00:00   WSW  28.8 58.6
30   69.3  84.9  4:53pm   59.0  5:53am   0.0 12.1  0.00  14  27  00:00    SW  28.9 52.6
31   71.8  88.0  2:53pm   61.0  4:53am   0.0 14.9  0.00  13  25  00:00    SE  28.7 42.5