NOAA-Style Climate Reports

Select a Year or Month report
2018: Jan Feb Mar Apr May Jun Jul Aug Sep Oct Nov Dec
2017: Jan Feb Mar Apr May Jun Jul Aug Sep Oct Nov Dec
2016: Jan Feb Mar Apr May Jun Jul Aug Sep Oct Nov Dec
2015: Jan Feb Mar Apr May Jun Jul Aug Sep Oct Nov Dec
2014: Jan Feb Mar Apr May Jun Jul Aug Sep Oct Nov Dec
2013: Jan Feb Mar Apr May Jun Jul Aug Sep Oct Nov Dec
2012: Jan Feb Mar Apr May Jun Jul Aug Sep Oct Nov Dec
2011: Jan Feb Mar Apr May Jun Jul Aug Sep Oct Nov Dec
2010: Jan Feb Mar Apr May Jun Jul Aug Sep Oct Nov Dec
2009: Jan Feb Mar Apr May Jun Jul Aug Sep Oct Nov Dec
2008: Jan Feb Mar Apr May Jun Jul Aug Sep Oct Nov Dec
2007: Jan Feb Mar Apr May Jun Jul Aug Sep Oct Nov Dec
2006: Jan Feb Mar Apr May Jun Jul Aug Sep Oct Nov Dec
2005: Jan Feb Mar Apr May Jun Jul Aug Sep Oct Nov Dec
2004: Jan Feb Mar Apr May Jun Jul Aug Sep Oct Nov Dec
2003: Jan Feb Mar Apr May Jun Jul Aug Sep Oct Nov Dec
2002: Jan Feb Mar Apr May Jun Jul Aug Sep Oct Nov Dec
2001: Jan Feb Mar Apr May Jun Jul Aug Sep Oct Nov Dec
2000: Jan Feb Mar Apr May Jun Jul Aug Sep Oct Nov Dec
1999: Jan Feb Mar Apr May Jun Jul Aug Sep Oct Nov Dec
1998: Jan Feb Mar Apr May Jun Jul Aug Sep Oct Nov Dec
1997: Jan Feb Mar Apr May Jun Jul Aug Sep Oct Nov Dec
1996: Jan Feb Mar Apr May Jun Jul Aug Sep Oct Nov Dec
1995: Jan Feb Mar Apr May Jun Jul Aug Sep Oct Nov Dec
1994: Jan Feb Mar Apr May Jun Jul Aug Sep Oct Nov Dec
1993: Jan Feb Mar Apr May Jun Jul Aug Sep Oct Nov Dec
1992: Jan Feb Mar Apr May Jun Jul Aug Sep Oct Nov Dec
1991: Jan Feb Mar Apr May Jun Jul Aug Sep Oct Nov Dec
1990: Jan Feb Mar Apr May Jun Jul Aug Sep Oct Nov Dec
1989: Jan Feb Mar Apr May Jun Jul Aug Sep Oct Nov Dec
1988: Jan Feb Mar Apr May Jun Jul Aug Sep Oct Nov Dec
1987: Jan Feb Mar Apr May Jun Jul Aug Sep Oct Nov Dec
1986: Jan Feb Mar Apr May Jun Jul Aug Sep Oct Nov Dec

Report for 2007 August
                  MONTHLY CLIMATOLOGICAL SUMMARY FOR 8/2007
                                        HEAT  COOL        
     MEAN                               DEG   DEG       WIND SPEED       DOM MEAN  MEAN
DAY  TEMP  HIGH   TIME     LOW   TIME   DAYS  DAYS RAIN AVG  HI  TIME    DIR BAROM HUM
---------------------------------------------------------------------------------------
1    67.8  86.0  1:53pm   60.1  9:53pm   0.0 11.9  1.91  16  31  00:00    SW  29.1 61.9
2    68.9  80.6  5:27pm   61.0  5:53am   0.0  9.8  0.00  13  24  00:00     S  28.9 61.5
3    69.3  86.0 12:53pm   64.0  4:53am   0.0 12.7  0.12  14  28  00:00   SSW  29.0 66.6
4    68.9  86.0  2:53pm   63.0  5:53am   0.0 12.5  0.05  14  27  00:00   WSW  28.7 60.5
5    67.8  87.1  3:53pm   61.0  5:53am   0.0 12.5  2.85  16  31  00:00   SSW  29.1 67.8
6    64.7  79.0  1:53pm   60.1 11:53pm   0.0  6.9  0.53   7  13  00:00    SW  28.9 72.7
7    63.8  75.9 12:53pm   59.0 12:53am   0.0  4.9  0.06  13  25  00:00    SW  28.8 69.4
8    70.9  86.0  2:53pm   60.1  4:53am   0.0 13.5  0.00   9  18  00:00    SW  28.7 39.1
9    73.4  89.1  3:53pm   62.1  5:53am   0.0 16.3  0.00  14  28  00:00   SSW  28.7 35.0
10   74.5  88.0 12:53pm   64.0  3:53am   0.0 16.3  0.00  15  29  00:00    SE  28.9 37.8
11   73.4  88.0  2:53pm   64.0  3:53am   0.0 15.7  0.00  12  22  00:00    SE  28.8 32.3
12   74.6  91.9  3:53pm   64.0  6:53am   0.0 18.3  0.00  11  21  00:00    SW  28.8 38.1
13   76.4  93.9  2:53pm   66.0  6:53am   0.0 20.2  0.00  13  24  00:00   SSW  28.9 33.9
14   72.1  90.0  1:53pm   64.9  9:53pm   0.0 16.1  0.05  15  29  00:00    SW  29.0 48.8
15   66.7  82.4  1:30pm   61.0  5:53am   0.0  9.6  0.02  11  21  00:00   SSE  28.8 63.2
16   68.1  82.9  3:53pm   57.9  4:53am   0.0 10.5  0.00   7  14  00:00   SSW  28.8 54.6
17   67.7  86.0 12:53pm   62.1  7:53pm   0.0 11.9  0.38  13  24  00:00   SSW  29.0 54.2
18   68.3  84.9 12:53pm   57.9  5:53am   0.0 11.6  0.01  18  35  00:00   SSW  28.8 53.4
19   70.7  88.0  1:53pm   60.1  3:53am   0.0 14.4  0.01  18  35  00:00     S  28.8 49.3
20   74.4  90.0  2:53pm   62.1  4:53am   0.0 17.2  0.00   8  15  00:00   WSW  28.6 31.8
21   74.5  93.0  4:53pm   60.1  6:53am   0.0 18.8  0.00  10  18  00:00     S  28.6 29.1
22   66.1  81.0  2:53pm   62.1  5:53am   0.0  8.6  0.92  24  46  00:00   SSW  29.0 54.2
23     60  70.0 11:53am   57.0  9:53pm   0.0  0.0  0.04  16  31  00:00   ESE  29.0 73.5
24     62  80.1  3:53pm   53.1  2:53am   0.0  6.1  0.51  20  39  00:00   WSW  28.9 60.9
25   68.7  88.0  2:53pm   53.1  5:53am   0.0 13.4  0.00   9  16  00:00    NW  28.7 48.1
26     73  90.0 11:53am   60.1  4:53am   0.0 16.5  0.00  16  31  00:00    SW  28.8 32.4
27   69.7  86.0 12:53pm   62.1  4:53am   0.0 12.9  0.02  14  28  00:00    SW  28.7 43.5
28   66.7  81.0  2:53pm   57.0  5:53am   0.0  8.9  0.00   8  16  00:00   SSW  28.8 53.1
29   63.7  78.1 12:53pm   55.9  6:53am   0.0  5.9  0.00  13  25  00:00   SSW  29.0 62.5
30   67.1  84.0  3:53pm   55.9  2:53am   0.0 10.6  0.00   9  16  00:00   SSW  28.9 53.6
31   70.8  90.0  3:53pm   59.0  4:53am   0.0 15.4  0.00  12  23  00:00     S  28.9 39.5