NOAA-Style Climate Reports

Select a Year or Month report
2018: Jan Feb Mar Apr May Jun Jul Aug Sep Oct Nov Dec
2017: Jan Feb Mar Apr May Jun Jul Aug Sep Oct Nov Dec
2016: Jan Feb Mar Apr May Jun Jul Aug Sep Oct Nov Dec
2015: Jan Feb Mar Apr May Jun Jul Aug Sep Oct Nov Dec
2014: Jan Feb Mar Apr May Jun Jul Aug Sep Oct Nov Dec
2013: Jan Feb Mar Apr May Jun Jul Aug Sep Oct Nov Dec
2012: Jan Feb Mar Apr May Jun Jul Aug Sep Oct Nov Dec
2011: Jan Feb Mar Apr May Jun Jul Aug Sep Oct Nov Dec
2010: Jan Feb Mar Apr May Jun Jul Aug Sep Oct Nov Dec
2009: Jan Feb Mar Apr May Jun Jul Aug Sep Oct Nov Dec
2008: Jan Feb Mar Apr May Jun Jul Aug Sep Oct Nov Dec
2007: Jan Feb Mar Apr May Jun Jul Aug Sep Oct Nov Dec
2006: Jan Feb Mar Apr May Jun Jul Aug Sep Oct Nov Dec
2005: Jan Feb Mar Apr May Jun Jul Aug Sep Oct Nov Dec
2004: Jan Feb Mar Apr May Jun Jul Aug Sep Oct Nov Dec
2003: Jan Feb Mar Apr May Jun Jul Aug Sep Oct Nov Dec
2002: Jan Feb Mar Apr May Jun Jul Aug Sep Oct Nov Dec
2001: Jan Feb Mar Apr May Jun Jul Aug Sep Oct Nov Dec
2000: Jan Feb Mar Apr May Jun Jul Aug Sep Oct Nov Dec
1999: Jan Feb Mar Apr May Jun Jul Aug Sep Oct Nov Dec
1998: Jan Feb Mar Apr May Jun Jul Aug Sep Oct Nov Dec
1997: Jan Feb Mar Apr May Jun Jul Aug Sep Oct Nov Dec
1996: Jan Feb Mar Apr May Jun Jul Aug Sep Oct Nov Dec
1995: Jan Feb Mar Apr May Jun Jul Aug Sep Oct Nov Dec
1994: Jan Feb Mar Apr May Jun Jul Aug Sep Oct Nov Dec
1993: Jan Feb Mar Apr May Jun Jul Aug Sep Oct Nov Dec
1992: Jan Feb Mar Apr May Jun Jul Aug Sep Oct Nov Dec
1991: Jan Feb Mar Apr May Jun Jul Aug Sep Oct Nov Dec
1990: Jan Feb Mar Apr May Jun Jul Aug Sep Oct Nov Dec
1989: Jan Feb Mar Apr May Jun Jul Aug Sep Oct Nov Dec
1988: Jan Feb Mar Apr May Jun Jul Aug Sep Oct Nov Dec
1987: Jan Feb Mar Apr May Jun Jul Aug Sep Oct Nov Dec
1986: Jan Feb Mar Apr May Jun Jul Aug Sep Oct Nov Dec

Report for 2007 September
                  MONTHLY CLIMATOLOGICAL SUMMARY FOR 9/2007
                                        HEAT  COOL        
     MEAN                               DEG   DEG       WIND SPEED       DOM MEAN  MEAN
DAY  TEMP  HIGH   TIME     LOW   TIME   DAYS  DAYS RAIN AVG  HI  TIME    DIR BAROM HUM
---------------------------------------------------------------------------------------
1    69.3  84.0 11:53am   59.0  6:53am   0.0 11.7  0.00   8  15  00:00   WSW  28.8 39.9
2    69.2  86.0 12:53pm   57.9  6:53am   0.0 12.6  0.16  18  36  00:00     S  29.0 43.8
3    68.8  88.0  4:53pm   55.9  4:53am   0.0 13.4  0.00  13  25  00:00   SSW  28.8 43.8
4    68.7  86.0  4:53pm   57.0  4:53am   0.0 12.4  0.00   6  12  00:00     W  28.6 39.1
5    66.1  84.0  1:53pm   59.0  5:53am   0.0 10.1  0.46  17  33  00:00    SW  28.7 53.6
6    64.7  80.1  3:53pm   54.0  5:53am   0.0  7.4  0.00  12  23  00:00    SE  28.7 53.3
7    62.6  77.0  3:53pm   52.0  4:53am   0.0  4.8  0.00  18  35  00:00   SSE  28.8 44.8
8    64.2  82.0  3:53pm   55.0  5:53am   0.0  8.1  0.00  17  32  00:00    SE  28.8 41.0
9    52.5  69.1  1:53pm   46.4  8:12am   4.2  0.0  0.04  14  28  00:00   WSW  29.1 68.8
10   47.8  55.4  5:00pm   45.0 11:53pm  13.4  0.0  0.10  13  25  00:00   SSE  29.6 86.4
11   58.4  78.1  3:53pm   41.0  5:53am   0.0  3.3  0.00   8  15  00:00     S  28.9 44.8
12   65.9  82.0  2:53pm   53.1  2:53am   0.0  9.0  0.00   6  12  00:00     S  28.8 30.9
13   58.4  73.0  3:53pm   50.0 11:53pm   0.0  0.7  0.00  17  32  00:00    SE  28.8 44.1
14   53.8  69.1  3:53pm   48.0  5:53am   3.5  0.0  0.00   7  13  00:00    NE  28.9 59.4
15   64.4  86.0  3:53pm   50.0  6:53am   0.0 10.2  0.00   8  16  00:00   SSE  28.8 41.9
16   67.6  87.1  1:53pm   57.0  6:53am   0.0 12.4  0.19  17  33  00:00   WSW  28.9 41.2
17   57.5  66.9  3:53pm   55.0 11:53pm   2.8  0.0  0.23   9  16  00:00   SSW  28.7 65.9
18   59.8  75.0  4:53pm   46.0  5:53am   0.0  2.4  0.00   7  13  00:00    SW  28.7 33.5
19   61.8  80.1  2:53pm   46.0  5:53am   0.0  6.0  0.00  19  37  00:00     S  28.7 34.2
20   67.2  84.0  1:53pm   52.0  2:53am   0.0 10.6  0.00  15  29  00:00   SSW  28.6 30.7
21   67.2  84.0  1:53pm   57.0  5:53am   0.0 10.6  0.00  16  31  00:00     S  28.7 28.0
22   67.5  82.9  2:53pm   55.9  3:53am   0.0 10.2  0.00  18  36  00:00   SSE  28.6 35.6
23     64  78.1 12:53pm   55.0 11:53pm   0.0  6.1  0.00  12  24  00:00     S  28.5 45.9
24     48  55.4 11:45am   44.1 10:53pm  13.3  0.0  0.03  13  24  00:00    NE  29.0 75.7
25   49.1  68.0  3:53pm   37.9  4:53am   6.4  0.0  0.02  10  20  00:00   SSE  29.2 63.5
26   53.1  72.0  3:53pm   37.0  6:53am   2.4  0.0  0.00   6  10  00:00     S  28.8 39.2
27   55.1  72.0  3:53pm   41.0  3:53am   1.4  0.0  0.00  16  31  00:00   SSE  28.9 29.8
28   62.8  77.0 12:53pm   54.0  4:53am   0.0  4.9  0.00  17  33  00:00     S  28.6 29.0
29   63.3  78.1 11:53am   53.1  5:53am   0.0  5.7  0.00  24  48  00:00   SSW  28.5 33.7
30   53.9  70.0  2:53pm   45.0  7:53am   3.0  0.0  0.04  13  25  00:00    SW  28.8 33.9