NOAA-Style Climate Reports

Select a Year or Month report
2018: Jan Feb Mar Apr May Jun Jul Aug Sep Oct Nov Dec
2017: Jan Feb Mar Apr May Jun Jul Aug Sep Oct Nov Dec
2016: Jan Feb Mar Apr May Jun Jul Aug Sep Oct Nov Dec
2015: Jan Feb Mar Apr May Jun Jul Aug Sep Oct Nov Dec
2014: Jan Feb Mar Apr May Jun Jul Aug Sep Oct Nov Dec
2013: Jan Feb Mar Apr May Jun Jul Aug Sep Oct Nov Dec
2012: Jan Feb Mar Apr May Jun Jul Aug Sep Oct Nov Dec
2011: Jan Feb Mar Apr May Jun Jul Aug Sep Oct Nov Dec
2010: Jan Feb Mar Apr May Jun Jul Aug Sep Oct Nov Dec
2009: Jan Feb Mar Apr May Jun Jul Aug Sep Oct Nov Dec
2008: Jan Feb Mar Apr May Jun Jul Aug Sep Oct Nov Dec
2007: Jan Feb Mar Apr May Jun Jul Aug Sep Oct Nov Dec
2006: Jan Feb Mar Apr May Jun Jul Aug Sep Oct Nov Dec
2005: Jan Feb Mar Apr May Jun Jul Aug Sep Oct Nov Dec
2004: Jan Feb Mar Apr May Jun Jul Aug Sep Oct Nov Dec
2003: Jan Feb Mar Apr May Jun Jul Aug Sep Oct Nov Dec
2002: Jan Feb Mar Apr May Jun Jul Aug Sep Oct Nov Dec
2001: Jan Feb Mar Apr May Jun Jul Aug Sep Oct Nov Dec
2000: Jan Feb Mar Apr May Jun Jul Aug Sep Oct Nov Dec
1999: Jan Feb Mar Apr May Jun Jul Aug Sep Oct Nov Dec
1998: Jan Feb Mar Apr May Jun Jul Aug Sep Oct Nov Dec
1997: Jan Feb Mar Apr May Jun Jul Aug Sep Oct Nov Dec
1996: Jan Feb Mar Apr May Jun Jul Aug Sep Oct Nov Dec
1995: Jan Feb Mar Apr May Jun Jul Aug Sep Oct Nov Dec
1994: Jan Feb Mar Apr May Jun Jul Aug Sep Oct Nov Dec
1993: Jan Feb Mar Apr May Jun Jul Aug Sep Oct Nov Dec
1992: Jan Feb Mar Apr May Jun Jul Aug Sep Oct Nov Dec
1991: Jan Feb Mar Apr May Jun Jul Aug Sep Oct Nov Dec
1990: Jan Feb Mar Apr May Jun Jul Aug Sep Oct Nov Dec
1989: Jan Feb Mar Apr May Jun Jul Aug Sep Oct Nov Dec
1988: Jan Feb Mar Apr May Jun Jul Aug Sep Oct Nov Dec
1987: Jan Feb Mar Apr May Jun Jul Aug Sep Oct Nov Dec
1986: Jan Feb Mar Apr May Jun Jul Aug Sep Oct Nov Dec

Report for 2007 October
                  MONTHLY CLIMATOLOGICAL SUMMARY FOR 10/2007
                                        HEAT  COOL        
     MEAN                               DEG   DEG       WIND SPEED       DOM MEAN  MEAN
DAY  TEMP  HIGH   TIME     LOW   TIME   DAYS  DAYS RAIN AVG  HI  TIME    DIR BAROM HUM
---------------------------------------------------------------------------------------
1    60.1  73.9  4:53pm   46.0  5:53am   0.0  2.0  0.00  10  20  00:00    SW  28.7 21.5
2    57.1  72.0  4:53pm   48.9  5:53am   0.4  0.0  0.00  14  28  00:00     W  28.8 30.3
3    62.2  82.9  3:53pm   43.0  3:53am   0.0  7.6  0.00  14  28  00:00    SW  28.7 20.4
4    65.2  82.4  4:04pm   53.1  5:53am   0.0  8.8  0.00  15  29  00:00    SW  28.5 18.1
5    65.5  80.1  1:53pm   51.1  3:53am   0.0  7.8  0.00  19  37  00:00     S  28.4 29.0
6    65.3  82.0  1:53pm   46.9 11:53pm   0.0  8.7  0.00  23  45  00:00     S  28.4 26.7
7    41.6  55.0  1:53pm   35.1 11:53pm  16.7  0.0  0.03  17  32  00:00     S  28.9 65.3
8    49.8  73.0  4:53pm   30.0  4:53am   3.6  0.0  0.00   7  14  00:00     S  29.0 38.8
9      55  75.0  3:53pm   41.0  6:53am   0.0  0.0  0.00   6  10  00:00    SW  29.0 29.6
10     58  79.0  3:53pm   43.0  6:53am   0.0  3.5  0.00   9  16  00:00    SE  28.8 28.1
11   59.3  75.9  2:53pm   46.9  4:53am   0.0  2.6  0.00  12  23  00:00   ESE  28.7 37.6
12   52.4  69.1  2:53pm   44.1  4:53am   4.2  0.0  0.00   5   9  00:00   SSE  28.7 59.6
13   48.7  59.0 12:53pm   44.1  8:53pm  11.1  0.0  0.44  13  25  00:00   WSW  28.9 81.1
14   38.1  44.1 12:53am   37.0  7:53am  23.9  0.0  0.41   9  16  00:00   NNW  28.7 90.3
15   43.6  57.9  4:53pm   37.0 12:53am  14.2  0.0  0.04   5   9  00:00   SSW  28.8 64.1
16   48.4  68.0  2:53pm   34.0  5:53am   6.8  0.0  0.00   6  10  00:00     S  28.5 48.2
17   47.7  57.9 11:53am   44.1  3:53am  12.2  0.0  0.00  14  28  00:00    NW  28.2 41.0
18   44.4  54.0 12:53pm   39.0 11:53pm  15.8  0.0  0.00  17  33  00:00    NW  28.6 27.3
19   53.6  72.0  4:53pm   39.9  2:53am   2.2  0.0  0.00   9  18  00:00     S  28.6 32.4
20   54.9  78.1  1:53pm   37.0 10:53pm   0.0  1.5  0.15  22  43  00:00   SSE  28.5 36.9
21   31.8  37.0  1:53am   28.9 11:53pm  30.6  0.0  1.34  17  32  00:00    SW  29.3 87.9
22   31.2  42.1  3:53pm   21.9  5:53am  28.3  0.0  0.00   7  13  00:00    SW  29.2 53.8
23     45  64.0  4:53pm   34.0 12:53am  10.5  0.0  0.00   6  12  00:00   SSW  29.2 52.5
24   51.9  73.9  2:53pm   37.9  5:53am   2.1  0.0  0.00   5   9  00:00     S  29.1 40.7
25   55.1  75.9  3:53pm   41.0  3:53am   0.0  0.5  0.00   4   7  00:00   SSE  28.8 31.8
26   44.2  54.0  1:53pm   39.0 10:53pm  15.9  0.0  0.00   6  12  00:00   ESE  29.0 53.5
27   40.4  52.0  3:53pm   36.0 10:53pm  18.8  0.0  0.00   6  13  00:00    SE  29.3 65.8
28   48.8  70.0  2:53pm   35.1  4:53am   5.6  0.0  0.00   6  10  00:00   ESE  29.2 46.6
29     53  73.0  1:53pm   41.0  1:53am   2.0  0.0  0.00   7  14  00:00   SSE  29.0 33.3
30   56.5  73.0  1:53pm   42.1 11:53pm   0.2  0.0  0.00  14  27  00:00   SSE  28.8 30.3
31   36.5  46.0  4:53pm   33.1  5:53am  23.7  0.0  0.00  10  18  00:00   SSE  29.3 70.9