NOAA-Style Climate Reports

Select a Year or Month report
2018: Jan Feb Mar Apr May Jun Jul Aug Sep Oct Nov Dec
2017: Jan Feb Mar Apr May Jun Jul Aug Sep Oct Nov Dec
2016: Jan Feb Mar Apr May Jun Jul Aug Sep Oct Nov Dec
2015: Jan Feb Mar Apr May Jun Jul Aug Sep Oct Nov Dec
2014: Jan Feb Mar Apr May Jun Jul Aug Sep Oct Nov Dec
2013: Jan Feb Mar Apr May Jun Jul Aug Sep Oct Nov Dec
2012: Jan Feb Mar Apr May Jun Jul Aug Sep Oct Nov Dec
2011: Jan Feb Mar Apr May Jun Jul Aug Sep Oct Nov Dec
2010: Jan Feb Mar Apr May Jun Jul Aug Sep Oct Nov Dec
2009: Jan Feb Mar Apr May Jun Jul Aug Sep Oct Nov Dec
2008: Jan Feb Mar Apr May Jun Jul Aug Sep Oct Nov Dec
2007: Jan Feb Mar Apr May Jun Jul Aug Sep Oct Nov Dec
2006: Jan Feb Mar Apr May Jun Jul Aug Sep Oct Nov Dec
2005: Jan Feb Mar Apr May Jun Jul Aug Sep Oct Nov Dec
2004: Jan Feb Mar Apr May Jun Jul Aug Sep Oct Nov Dec
2003: Jan Feb Mar Apr May Jun Jul Aug Sep Oct Nov Dec
2002: Jan Feb Mar Apr May Jun Jul Aug Sep Oct Nov Dec
2001: Jan Feb Mar Apr May Jun Jul Aug Sep Oct Nov Dec
2000: Jan Feb Mar Apr May Jun Jul Aug Sep Oct Nov Dec
1999: Jan Feb Mar Apr May Jun Jul Aug Sep Oct Nov Dec
1998: Jan Feb Mar Apr May Jun Jul Aug Sep Oct Nov Dec
1997: Jan Feb Mar Apr May Jun Jul Aug Sep Oct Nov Dec
1996: Jan Feb Mar Apr May Jun Jul Aug Sep Oct Nov Dec
1995: Jan Feb Mar Apr May Jun Jul Aug Sep Oct Nov Dec
1994: Jan Feb Mar Apr May Jun Jul Aug Sep Oct Nov Dec
1993: Jan Feb Mar Apr May Jun Jul Aug Sep Oct Nov Dec
1992: Jan Feb Mar Apr May Jun Jul Aug Sep Oct Nov Dec
1991: Jan Feb Mar Apr May Jun Jul Aug Sep Oct Nov Dec
1990: Jan Feb Mar Apr May Jun Jul Aug Sep Oct Nov Dec
1989: Jan Feb Mar Apr May Jun Jul Aug Sep Oct Nov Dec
1988: Jan Feb Mar Apr May Jun Jul Aug Sep Oct Nov Dec
1987: Jan Feb Mar Apr May Jun Jul Aug Sep Oct Nov Dec
1986: Jan Feb Mar Apr May Jun Jul Aug Sep Oct Nov Dec

Report for 2007 November
                  MONTHLY CLIMATOLOGICAL SUMMARY FOR 11/2007
                                        HEAT  COOL        
     MEAN                               DEG   DEG       WIND SPEED       DOM MEAN  MEAN
DAY  TEMP  HIGH   TIME     LOW   TIME   DAYS  DAYS RAIN AVG  HI  TIME    DIR BAROM HUM
---------------------------------------------------------------------------------------
1    44.2  64.0  2:53pm   30.0  4:53am  10.9  0.0  0.00   6  12  00:00   SSW  28.9 46.0
2    37.6  48.0 12:53am   32.0  7:53am  22.2  0.0  0.00  12  23  00:00   SSE  29.1 42.9
3    45.6  64.9  2:53pm   32.0  1:53am   9.7  0.0  0.00   5   9  00:00     S  29.0 28.5
4      53  73.0  2:53pm   39.0 12:53am   2.0  0.0  0.00  11  21  00:00   WSW  28.9 19.9
5    38.7  46.9  1:53am   30.0 11:53pm  22.2  0.0  0.00   6  12  00:00   SSE  29.1 48.4
6      37  57.0  2:53pm   26.1  3:53am  18.0  0.0  0.00   5   8  00:00     S  29.1 58.2
7    51.7  71.1  1:53pm   35.1 12:53am   3.6  0.0  0.00  13  25  00:00   WSW  28.8 18.5
8    51.1  71.1  1:53pm   39.9 10:53pm   3.9  0.0  0.00   6  12  00:00    SW  28.8 18.6
9    48.6  68.0 12:53pm   35.1  6:53am   6.7  0.0  0.00   4   7  00:00    SE  28.8 23.6
10   53.7  69.1 12:53pm   43.0 12:53am   3.6  0.0  0.00  10  20  00:00    SW  28.6 25.5
11   51.9  68.0  1:53pm   42.1 11:53pm   5.0  0.0  0.00  11  21  00:00    SW  28.6 31.5
12   40.9  48.9  2:53pm   37.0  1:53am  20.1  0.0  0.00   9  16  00:00    SW  29.0 64.7
13   53.5  69.1 11:53am   37.9 11:53pm   3.7  0.0  0.00  13  25  00:00   WSW  28.7 29.3
14   30.8  37.9  2:53pm   24.1 11:53pm  30.6  0.0  0.00   6  10  00:00    SE  29.2 54.4
15   42.3  66.9  1:53pm   21.0  2:53am  10.4  0.0  0.00   7  14  00:00     S  29.0 31.2
16   52.8  69.1 12:53pm   43.0  9:53pm   4.0  0.0  0.00  10  20  00:00    SW  28.6 25.0
17   46.5  60.1  1:53pm   41.0 10:53pm  11.7  0.0  0.00   6  12  00:00   SSE  28.8 37.3
18   52.1  68.0  1:53pm   39.9  2:53am   4.9  0.0  0.00  11  21  00:00     S  28.8 28.9
19     59  75.0  1:53pm   50.0 10:53pm   0.0  2.0  0.00  20  38  00:00    SW  28.6 15.3
20   36.2  55.9  2:53am   27.0 11:53pm  18.9  0.0  0.00   8  15  00:00   ESE  28.8 52.2
21   21.6  25.0 12:53pm   18.0 10:53pm  41.7  0.0  0.08   6  12  00:00     E  29.4 80.1
22   20.3  30.9  1:53pm   12.0  2:53am  39.4  0.0  0.00   5   9  00:00   WNW  29.6 80.5
23   19.5  21.9  1:53pm   10.9 11:53pm  44.3  0.0  0.00   7  14  00:00     W  29.4 84.1
24   24.4  39.0  2:53pm   10.0 12:53am  33.3  0.0  0.01   6  12  00:00    SW  29.0 49.7
25   35.4  57.0 12:53pm   26.1  3:53am  18.8  0.0  0.00  12  23  00:00    SW  28.8 39.0
26   31.7  42.1  2:53pm   25.0  4:53am  28.1  0.0  0.00   6  12  00:00   WSW  29.0 49.8
27   41.8  62.1  1:53pm   30.0  1:53am  13.0  0.0  0.00  17  32  00:00     S  28.7 25.3
28     27  35.1 12:53am   21.0  7:53pm  33.9  0.0  0.05  20  38  00:00    SE  29.3 66.0
29     30  48.0  1:53pm   16.0  4:53am  26.0  0.0  0.00   8  15  00:00   SSE  28.9 41.0
30   22.5  32.0  1:53pm   16.0  6:53am  37.7  0.0  0.00   5   9  00:00   WNW  28.8 59.9